('a0956786-fab3-44a6-ba3d-7b1a595052e4','Auth:52'),
('a0956786-fac7-46c4-9a71-0c87064b85bc','App\\Models\\Admin:11'),
('a0956786-fac7-46c4-9a71-0c87064b85bc','Auth:52'),
('a0956786-faf7-4a3f-ad97-5a116f039885','Auth:52'),
('a0956786-fb05-467a-b724-33c7a84c594f','App\\Models\\Admin:11'),
('a0956786-fb05-467a-b724-33c7a84c594f','Auth:52'),
('a0956786-fb48-4189-8cf9-96d0dc65039c','App\\Models\\Advert:206'),
('a0956786-fb48-4189-8cf9-96d0dc65039c','Auth:52'),
('a0956786-fb8b-473a-93e5-817c8a8a94a8','Auth:52'),
('a0956786-fba3-49bb-9b01-5eb4e89d1fd3','App\\Models\\Advert:206'),
('a0956786-fba3-49bb-9b01-5eb4e89d1fd3','Auth:52'),
('a0956786-fbd3-4680-95fc-eb53b2af0cc5','Auth:52'),
('a0956786-fbea-497d-9eaa-33eab9b795de','App\\Models\\Advert:206'),
('a0956786-fbea-497d-9eaa-33eab9b795de','Auth:52'),
('a0956786-fc17-4030-a26b-f4824f998e0c','Auth:52'),
('a0956786-fc34-411c-858d-ca2b5ab1fff3','App\\Models\\Advert:206'),
('a0956786-fc34-411c-858d-ca2b5ab1fff3','Auth:52'),
('a0956786-fc63-4b55-a46f-2fab02d56f65','Auth:52'),
('a0956786-fd1f-446c-b50b-bbe159fbe149','Auth:52'),
('a0956786-fd3d-4978-80be-72499293992a','Auth:52'),
('a0956789-86ef-4d05-ab47-f6e8f29aff54','App\\Models\\Admin'),
('a0956789-875c-47cb-b623-3f3de65ec75c','App\\Models\\Device'),
('a0956789-9b2a-4040-8d69-af223d9641e8','fcm.googleapis.com'),
('a0956789-da3d-4cef-9a02-e6c095ef1be8','fcm.googleapis.com'),
('a0956789-ff01-46cc-aa1c-587721e7f812','fcm.googleapis.com'),
('a095678a-02e4-4ead-bff2-1e1bf76c741f','App\\Models\\Admin'),
('a095678a-05d0-4b5f-af54-8c5a6383b861','App\\Models\\Admin'),
('a095678a-08ab-4d45-975f-0cc73a4c6420','App\\Models\\Admin'),
('a095678a-0bc7-4ca7-a20a-0d2cd2f1054f','App\\Models\\Admin'),
('a095678a-0e97-4035-a3d1-8c541609cec0','App\\Models\\Admin'),
('a095678a-1166-45a0-b4bc-51fa0fb4cf9a','App\\Models\\Admin'),
('a095678a-1482-460e-87cb-99e361b50265','App\\Models\\Admin'),
('a095678a-17a4-44ea-92d5-b0deed3885a5','App\\Models\\Admin'),
('a095678a-1abe-4b11-b714-8cc80d95a77d','App\\Models\\Admin'),
('a095678a-1dbe-4d74-b3e4-5161b832c71d','App\\Models\\Admin'),
('a095679d-7947-41aa-b982-8c0d90a30bc0','App\\Models\\Admin'),
('a095679d-7a11-4406-b152-7f146446bd8a','App\\Models\\Device'),
('a095679d-7cd3-4a37-9347-a414f5c4a693','App\\Models\\Package'),
('a095679d-7da3-4459-8907-8db6f4fbc774','App\\Models\\Advert'),
('a095679d-8168-4884-a9d5-2fe70df6d4f9','App\\Models\\User'),
('a095679d-81f0-46dc-9910-f60e7390a97f','App\\Models\\FinancialTransaction'),
('a095679d-9961-4642-891f-8f564d20bb6e','App\\Models\\Notification'),
('a095689d-30a5-4a9c-9971-ef4ff6aa570d','App\\Models\\Admin'),
('a095689d-3178-4fee-83de-cf87381db59f','App\\Models\\Device'),
('a095689d-3a69-41d1-9110-95620883171a','App\\Models\\Notification'),
('a09568b3-cd51-41cd-b742-2ca267fe57c3','Laravel\\Sanctum\\PersonalAccessToken'),
('a09568b3-ced1-4953-83e8-f2440b2ea4ce','App\\Models\\User'),
('a09568b3-cf03-456d-93df-5eba2ed6c52b','Laravel\\Sanctum\\PersonalAccessToken:427'),
('a09568b3-cfa3-4033-a4f0-05ec11732b00','Laravel\\Sanctum\\PersonalAccessToken:427'),
('a09568b3-d063-4b01-be76-f56771c3942a','Auth:52'),
('a09568b3-d0ab-47b0-92bc-92e2a064d095','Auth:52'),
('a09568b3-d0c0-47f0-99bb-a89ed0f546a3','App\\Models\\Advert'),
('a09568b3-d0c0-47f0-99bb-a89ed0f546a3','Auth:52'),
('a09568b3-d267-4136-9b03-21f605a13ab5','Auth:52'),
('a09568b3-d27c-404b-ba2a-3bc1b80d271a','App\\Models\\Make'),
('a09568b3-d27c-404b-ba2a-3bc1b80d271a','Auth:52'),
('a09568b3-d2e5-4420-bee3-a0a7ec827bef','Auth:52'),
('a09568b3-d2f8-48fc-91dc-d5bd94b9ee35','App\\Models\\Model'),
('a09568b3-d2f8-48fc-91dc-d5bd94b9ee35','Auth:52'),
('a09568b3-d3b5-4982-a1eb-a3a6a3c5c117','Auth:52'),
('a09568b3-d3c7-42ab-baa2-651c660c873a','App\\Models\\AdvertAttachment'),
('a09568b3-d3c7-42ab-baa2-651c660c873a','Auth:52'),
('a09568b3-d42e-4335-907b-2a3be7afefad','Auth:52'),
('a09568b3-d48c-43f1-ba92-ea3c6b49daec','Auth:52'),
('a09568b3-d4e9-4135-9450-46036a6f4329','Auth:52'),
('a09568b3-d4fb-4f0e-a464-e48ff479daac','App\\Models\\CarOrigin'),
('a09568b3-d4fb-4f0e-a464-e48ff479daac','Auth:52'),
('a09568b3-d548-4f3b-b52c-48df867901cc','Auth:52'),
('a09568b3-d559-40cd-aabf-58002d05a55c','App\\Models\\CarYear'),
('a09568b3-d559-40cd-aabf-58002d05a55c','Auth:52'),
('a09568b3-d5bf-454f-a188-af4d32ce18fe','Auth:52'),
('a09568b3-d5d2-4f27-a6fe-53325bd3f631','App\\Models\\CarColor'),
('a09568b3-d5d2-4f27-a6fe-53325bd3f631','Auth:52'),
('a09568b3-d5ff-4944-8db7-af294371c123','Auth:52'),
('a09568b3-d654-442c-bb52-02d6519cd633','Auth:52'),
('a09568b3-d667-4a04-a711-dc20a6860a7f','App\\Models\\Country'),
('a09568b3-d667-4a04-a711-dc20a6860a7f','Auth:52'),
('a09568b3-d6b4-43fa-aebf-fcb6d09d0e85','Auth:52'),
('a09568b3-d6c5-4590-93ab-500a106a2781','App\\Models\\City'),
('a09568b3-d6c5-4590-93ab-500a106a2781','Auth:52'),
('a09568b3-d714-4a9b-8d99-f199f39f1e1e','Auth:52'),
('a09568b3-d74b-4505-9278-16a7225b449f','Auth:52'),
('a09568b3-d784-4fcb-b5e2-3bbf93e12c96','Auth:52'),
('a09568b3-d7ca-4204-ba8e-cac267e59a2d','Auth:52'),
('a09568b3-d80b-4918-bffc-6e9bfe13960a','Auth:52'),
('a09568b3-d844-4d77-8429-0d8144f6f585','Auth:52'),
('a09568b3-d874-4e3c-b19d-244c8788622f','Auth:52'),
('a09568b3-d8a9-412a-afd8-ba330eb02542','Auth:52'),
('a09568b3-d8e3-40a0-b275-7a91d204d343','Auth:52'),
('a09568b3-d915-465a-9422-ed0154a3ca28','Auth:52'),
('a09568b3-d948-4d0f-bc52-b3be3e6ae67a','Auth:52'),
('a09568b3-d97e-4187-9aa2-9e382735abc2','Auth:52'),
('a09568b3-d9be-4edd-858e-6600117e7fed','Auth:52'),
('a09568b3-d9f3-4f83-b2ab-d753f233b68d','Auth:52'),
('a09568b3-da37-4546-94a7-c611e39c0127','Auth:52'),
('a09568b3-da85-4f2d-bcb7-34eb897f80e9','Auth:52'),
('a09568b3-dac4-4110-89cb-b3144b5ba285','Auth:52'),
('a09568b3-dafd-4662-bca9-5c3ba3101f0b','Auth:52'),
('a09568b3-db2c-4f7e-beab-b19fe855d40c','Auth:52'),
('a09568b3-db61-40cc-a0b9-cec76b38e63d','Auth:52'),
('a09568b3-db99-45a2-92c7-f6a8be1c5695','Auth:52'),
('a09568b3-dbc9-4583-957a-da30e50bfbac','Auth:52'),
('a09568b3-dbfd-43c1-8bde-e24b7fcfd29c','Auth:52'),
('a09568b3-dc32-4ec4-ab52-90640411889c','Auth:52'),
('a09568b3-dc72-4d2e-bdab-df1d95f5b55b','Auth:52'),
('a09568b3-dca8-4bcd-962f-e1ff28b69872','Auth:52'),
('a09568b3-dce2-4d2e-9d3e-95c7c5cfb1e5','Auth:52'),
('a09568b3-dd37-4876-9736-11ad420a1050','Auth:52'),
('a09568b3-dd92-4f5c-bf78-6cf90b0b20d3','Auth:52'),
('a09568b3-dde3-445f-ae60-ffbf5bccf3f3','Auth:52'),
('a09568b3-de2d-4712-883e-250d1b1c0bbe','Auth:52'),
('a09568b3-de7a-4a57-bfcd-5c0175d2e8e0','Auth:52'),
('a09568b3-decf-4607-8d16-f60c408be1e8','Auth:52'),
('a09568b3-df10-43bd-aa77-eb24c356c2d7','Auth:52'),
('a09568b3-df56-4587-9ce6-227d9cd3c7ce','Auth:52'),
('a09568b3-df9f-494f-96e1-467c1abcb73a','Auth:52'),
('a09568b3-dff9-4fe3-bced-e0a88bac58e5','Auth:52'),
('a09568b3-e042-417f-af4a-fa4bdd63e513','Auth:52'),
('a09568b3-e098-4d81-bd7b-d31a883b879f','Auth:52'),
('a09568b3-e107-485a-894d-543e2efcd706','Auth:52'),
('a09568b3-e165-40da-a10d-bfcbe6739ed3','Auth:52'),
('a09568b3-e1b0-4401-b96f-c53808ad0846','Auth:52'),
('a09568b3-e1f1-47c9-9e22-4948697b8bc3','Auth:52'),
('a09568b3-e238-4652-a417-0d40b2028f51','Auth:52'),
('a09568b3-e287-48f5-8e5e-a15a03fa6ae5','Auth:52'),
('a09568b3-e2c4-452c-ac39-58d5e9657329','Auth:52'),
('a09568b3-e309-4d82-a243-eda58a8228d7','Auth:52'),
('a09568b3-e350-4466-b7df-aa6d9bc3fe03','Auth:52'),
('a09568b3-e3a2-4c17-8258-7c9f2dda5d66','Auth:52'),
('a09568b3-e3e7-4ec4-af61-eac81bb0bb73','Auth:52'),
('a09568b3-e42d-4e1f-9067-a8a4373f160b','Auth:52'),
('a09568b3-e484-4bfd-99ed-8e177e430030','Auth:52'),
('a09568b3-e4df-4a66-8a99-e73cddeff788','Auth:52'),
('a09568b3-e52d-49e3-98fe-b024b93b536f','Auth:52'),
('a09568b3-e56c-4b64-84a1-a42a412046d2','Auth:52'),
('a09568b3-e5b1-40bd-a136-a4b94b4fa347','Auth:52'),
('a09568b3-e608-439b-a74b-ca2986743e03','Auth:52'),
('a09568b3-e64c-490e-847b-cdc71c74c406','Auth:52'),
('a09568b3-e695-436a-ad39-d13ab98a1a5e','Auth:52'),
('a09568b3-e6df-461c-8dfa-ef0815e53ada','Auth:52'),
('a09568b3-e73b-47c8-b1e6-442fda217d10','Auth:52'),
('a09568b3-e786-45dc-83f4-90dfc06f168c','Auth:52'),
('a09568b3-e7d4-4ff5-8dce-16c1d8150ff5','Auth:52'),
('a09568b3-e844-46d6-85cb-0a714751846c','Auth:52'),
('a09568b3-e8a3-4a6f-9c1e-009fbb1b97ab','Auth:52'),
('a09568b3-e8f2-48e2-b341-2d73f3245531','Auth:52'),
('a09568b3-e934-4686-80b3-906a92b1eac5','Auth:52'),
('a09568b3-e97c-4cd8-9081-485681fe46f8','Auth:52'),
('a09568b3-e9ce-4c39-a3b6-a22186ed4e91','Auth:52'),
('a09568b3-ea0d-4877-9677-04b2bdb6fab7','Auth:52'),
('a09568b3-ea55-429d-91fc-5b9e6de97eae','Auth:52'),
('a09568b3-ea9e-4dca-a1df-4ced8caa8496','Auth:52'),
('a09568b3-eb00-42e4-a942-a6556a998960','Auth:52'),
('a09568b3-eb4d-4cf6-bdbd-34ddac34d193','Auth:52'),
('a09568b3-eb98-4eca-a6bd-fd2bed113a73','Auth:52'),
('a09568b3-ec02-4222-b142-90e2b8d53a42','Auth:52'),
('a09568b3-ec5c-44a5-83f5-9028b1999153','Auth:52'),
('a09568b3-eca5-401b-9828-77e7e7048f00','Auth:52'),
('a09568b3-ece3-42ef-8e7f-1bead4429b8d','Auth:52'),
('a09568b3-ed25-4b82-a4bb-5846898be184','Auth:52'),
('a09568b3-ed71-4be9-ab31-46cbb6cb283b','Auth:52'),
('a09568b3-edb0-41d7-9262-8c0deebb6196','Auth:52'),
('a09568b3-edf1-4a70-a359-9a01bc4cd236','Auth:52'),
('a09568b3-ee33-48b8-afe0-150bde51a481','Auth:52'),
('a09568b3-ee89-4cfc-a445-84cbe38d2354','Auth:52'),
('a09568b3-eecb-4d14-8125-5717f89ec1f6','Auth:52'),
('a09568b3-ef13-48b1-a802-c8bfeacbe19f','Auth:52'),
('a09568b3-ef79-4fb5-983d-e9e27f4a131d','Auth:52'),
('a09568b3-efd4-4a0c-9aa2-f918fd85b5c0','Auth:52'),
('a09568b3-f019-463e-90d0-e579c2b00857','Auth:52'),
('a09568b3-f056-444b-af11-c7d820dfd297','Auth:52'),
('a09568b3-f09b-40a3-b574-7fc98cd71f57','Auth:52'),
('a09568b3-f0e8-4171-afad-38e1fc5e8734','Auth:52'),
('a09568b3-f126-47c4-8149-08ff917773f3','Auth:52'),
('a09568b3-f16b-44d7-b3a5-dd0ae737c608','Auth:52'),
('a09568b3-f1b2-4b6e-95b2-5f3a7cdd211e','Auth:52'),
('a09568b3-f210-403f-9fac-4018b988708d','Auth:52'),
('a09568b3-f256-440c-806c-27405b16c62f','Auth:52'),
('a09568b3-f2a1-4e68-8515-474c0c95a60e','Auth:52'),
('a09568b3-f320-4d00-a4d8-66ef4729c2d7','Auth:52'),
('a09568b3-f37f-4964-bbcb-c12ef504e487','Auth:52'),
('a09568b3-f3c9-49f4-9dc5-7151c3845e0c','Auth:52'),
('a09568b3-f40b-4d4e-81b8-d10fb8e741d4','Auth:52'),
('a09568b3-f44f-41a2-b23c-91d7d42737dc','Auth:52'),
('a09568b3-f4ad-46cb-9bdd-01eb63d24552','Auth:52'),
('a09568b3-f4fd-4ecf-a95a-e33719ab5d8d','Auth:52'),
('a09568b3-f54d-4fc9-834e-7314fc833b6c','Auth:52'),
('a09568b3-f598-4485-8450-5940d8a19883','Auth:52'),
('a09568b3-f5f2-417f-97ca-073f0a747dde','Auth:52'),
('a09568b3-f6ca-4772-a680-c2efa9e42283','Auth:52'),
('a09568b3-fb3d-47db-a624-5e7bc3c97038','Auth:52'),
('a09568b3-fbc4-45c6-bb3a-8e4919fd73d2','Auth:52'),
('a09568b3-fc4b-4c4c-8bf0-2b505b0c6e87','Auth:52'),
('a09568b3-fcd1-4198-9382-61c23b349bda','Auth:52'),
('a09568b3-fd41-40ab-8f3e-8dd452c807c7','Auth:52'),
('a09568b3-fdaf-4ae7-bdfc-9f3bbf965e18','Auth:52'),
('a09568b3-fe17-4600-ba55-9e5452ca198a','Auth:52'),
('a09568b3-fe81-4b80-80d0-9a5eb276ee59','Auth:52'),
('a09568b3-fef5-4f5f-a4bf-1a4b63eb11cc','Auth:52'),
('a09568b3-ff5b-4990-971c-e80948344b62','Auth:52'),
('a09568b3-ffc3-40e1-86df-0da540dd71e7','Auth:52'),
('a09568bb-4398-45f1-b8c2-0c54c3c8c6e7','Laravel\\Sanctum\\PersonalAccessToken'),
('a09568bb-45ce-4315-acdf-ac6dedcbabe7','App\\Models\\User'),
('a09568bb-45ff-4688-8769-3b525f542d26','Laravel\\Sanctum\\PersonalAccessToken:427'),
('a09568bb-469a-4d28-acf2-56c7118d3328','Laravel\\Sanctum\\PersonalAccessToken:427'),
('a09568bb-4901-4f58-8248-e85ccb94dfeb','Auth:52'),
('a09568bb-4a54-4b57-a8e8-1760c569bc01','Auth:52'),
('a09568bb-4a86-40f6-be77-67dc5644bca3','Auth:52'),
('a09568bb-88e4-438b-a749-835c2a3584a1','Laravel\\Sanctum\\PersonalAccessToken'),
('a09568bb-89a6-41b5-8334-102644703d77','App\\Models\\User'),
('a09568bb-8a3d-4063-8c28-0c30689a0401','Laravel\\Sanctum\\PersonalAccessToken:427'),
('a09568bb-8ad5-46ae-ac07-af58c80a3ed9','Auth:52'),
('a09568bb-8aea-4c3d-a485-b139e512c5b1','App\\Models\\Banner'),
('a09568bb-8aea-4c3d-a485-b139e512c5b1','Auth:52'),
('a09568bb-8b7d-42f3-9d9b-c47f39b871df','Auth:52'),
('a09568bb-8b90-4385-bf19-3213ba0c4c4c','App\\Models\\JobApplication'),
('a09568bb-8b90-4385-bf19-3213ba0c4c4c','Auth:52'),
('a09568bb-8c04-4957-96e0-4cdc1a4e6b0c','Auth:52'),
('a09568bb-8c16-434b-a9b7-9d2baff2e422','App\\Models\\Category'),
('a09568bb-8c16-434b-a9b7-9d2baff2e422','Auth:52'),
('a09568bb-8ca4-4ae4-b269-c97c89298ba0','Auth:52'),
('a09568bb-8cf7-4090-b69e-62f6bc037cb2','Auth:52'),
('a09568bb-8e6e-46a5-860d-5f3d57b52485','Auth:52'),
('a09568bb-8e80-4041-9333-b4b453ff7407','App\\Models\\Country'),
('a09568bb-8e80-4041-9333-b4b453ff7407','Auth:52'),
('a09568bb-8ebe-43bb-864b-606365f82f0c','Auth:52'),
('a09568bb-8ece-474c-b31e-e612ada81786','App\\Models\\City'),
('a09568bb-8ece-474c-b31e-e612ada81786','Auth:52'),
('a09568bb-8f19-4d73-b609-4e6c8bbe147e','Auth:52'),
('a09568bb-8f2b-40d6-9fa0-4744d16ff9b4','App\\Models\\Advert'),
('a09568bb-8f2b-40d6-9fa0-4744d16ff9b4','Auth:52'),
('a09568bb-8f63-4d36-8b17-5e50cf68dbab','Auth:52'),
('a09568bb-8f90-403c-8ea5-50825299c070','Auth:52'),
('a09568bb-8fd0-4b1f-bf58-a8d2a49c9962','Auth:52'),
('a09568bb-900f-4d53-a0c1-5bb40605c057','Auth:52'),
('a09568bb-9039-47c0-8a22-d45dcf00af8e','Auth:52'),
('a09568bb-9078-4e82-9585-af71e210e52b','Auth:52'),
('a09568bb-90bb-47c4-be39-f986d601bc7d','Auth:52'),
('a09568bb-90ed-4008-bb13-93a2649cbaac','Auth:52'),
('a09568bb-9117-4566-b841-5decaa092a02','Auth:52'),
('a09568bb-9151-4b9c-9b90-bad4bb4555ca','Auth:52'),
('a09568bb-9183-4bd7-906f-8eef5bbd31a4','Auth:52'),
('a09568bb-91ad-4633-91b7-c8c543f86d96','Auth:52'),
('a09568bb-91e8-4f28-97c9-43c566c67aa0','Auth:52'),
('a09568bb-9220-4fe1-a75a-e06916f11d78','Auth:52'),
('a09568bb-9258-45ab-b3ee-f1e35379a42e','Auth:52'),
('a09568bb-9299-45e9-8d06-954ee4bc104c','Auth:52'),
('a09568bb-92d4-4d0f-bcff-f13194ab9db2','Auth:52'),
('a09568bb-930d-4db6-8275-29c47c80b05c','Auth:52'),
('a09568bb-933e-4e07-bed7-2e6b507da8d3','Auth:52'),
('a09568bb-9363-4774-9f63-28f79ced0c96','Auth:52'),
('a09568bd-8c5c-45a4-9f02-5e05813d1353','App\\Models\\Advert'),
('a09568bd-8efe-4dc0-975a-606fde904954','App\\Models\\AdvertAttachment'),
('a09568bd-8fb5-4e0f-892a-74c106196f4b','App\\Models\\Make'),
('a09568bd-9033-4c8a-ada1-68964deef49f','App\\Models\\Model'),
('a09568bd-90ab-4b5b-b774-49888e6cc85e','App\\Models\\Country'),
('a09568bd-9111-417b-a44a-a99bf690a162','App\\Models\\City'),
('a09568bd-91e3-4a68-bcfb-707ee7578da9','App\\Models\\User'),
('a09568bd-a06d-4318-b31b-e7ca0de3bf6e','App\\Models\\CarYear'),
('a09568c0-89b2-4160-8115-19b22dd460f0','Laravel\\Sanctum\\PersonalAccessToken'),
('a09568c0-8add-4152-a5f0-a1cbe8c15687','App\\Models\\User'),
('a09568c0-8b77-4ea0-9d4f-bcbcc03f0dca','Laravel\\Sanctum\\PersonalAccessToken:427'),
('a09568c0-8be3-4b18-8aff-e2d1bd1575e0','Laravel\\Sanctum\\PersonalAccessToken:427'),
('a09568c0-8c96-48af-8641-6d361a28e813','Auth:52'),
('a09568c0-8cb0-4dae-8e86-85126f3914e0','App\\Models\\Make'),
('a09568c0-8cb0-4dae-8e86-85126f3914e0','Auth:52'),
('a09568c0-8de6-49fc-ab0f-db6c383097c2','Auth:52'),
('a09568c0-8df9-4056-b65d-07139f6b82e7','App\\Models\\CarOrigin'),
('a09568c0-8df9-4056-b65d-07139f6b82e7','Auth:52'),
('a09568c0-8e3d-49a0-91ce-0c3a83372b0f','Auth:52'),
('a09568c0-8e4d-4c54-9d96-4485e1152756','App\\Models\\CarYear'),
('a09568c0-8e4d-4c54-9d96-4485e1152756','Auth:52'),
('a09568c0-8ee4-4dd5-8dda-2e635a09f8e4','Auth:52'),
('a09568c0-8ef5-4599-b08c-dbb6e5597d3d','App\\Models\\CarColor'),
('a09568c0-8ef5-4599-b08c-dbb6e5597d3d','Auth:52'),
('a09568c0-92ac-40d8-8ac2-5a3e392e90af','Auth:52'),
('a09568c0-92ed-4d0d-b320-056e16f4e7e8','Auth:52'),
('a09568c0-d78c-4ca7-89e2-e17593c23a5f','Laravel\\Sanctum\\PersonalAccessToken'),
('a09568c0-d8db-41c5-a03f-d2aa9c61902e','App\\Models\\User'),
('a09568c0-d97f-464e-82c7-2c680dd3f441','Laravel\\Sanctum\\PersonalAccessToken:427'),
('a09568c0-da0b-403e-8279-d5616347b57f','Auth:52'),
('a09568c0-da1f-44e7-872e-2f672bbd5b26','App\\Models\\Country'),
('a09568c0-da1f-44e7-872e-2f672bbd5b26','Auth:52'),
('a09568c0-db0f-42a0-ba96-49bc5e28b940','Auth:52'),
('a09568c0-db2c-497a-86ff-9f31ad59e366','Auth:52'),
('a0956900-7d70-4598-9ef1-e91e73c6c0fa','App\\Models\\Admin'),
('a0956900-7ee6-42f7-a9fb-066adc388322','App\\Models\\Device'),
('a0956900-8005-4dd6-8e3e-32b6c27add1f','App\\Models\\Notification'),
('a0956900-80c6-4a41-b528-805459a2e7f3','App\\Models\\Notification:df82212f-42b3-41b3-b52c-f97e6d6cf32f'),
('a0956900-8309-422b-845e-3ce2ccdd1f9a','App\\Models\\User'),
('a0956900-8a14-4dc1-a4e9-c5bbc53a915d','App\\Models\\Wallet'),
('a0956901-421d-4915-a091-b9645d820704','slow'),
('a0956d9b-5a10-45b7-9c62-589cfbef31ea','Laravel\\Sanctum\\PersonalAccessToken'),
('a0956d9b-5aeb-4c69-8c70-57d3e5daf2a6','App\\Models\\User'),
('a0956d9b-5bad-4c08-ad8f-39ad7fe7af9e','Laravel\\Sanctum\\PersonalAccessToken:427'),
('a0956d9b-5c33-4acb-8224-aee6adca138e','Laravel\\Sanctum\\PersonalAccessToken:427'),
('a0956d9b-5cb8-482f-bdb7-4605bc455aa3','Auth:52'),
('a0956d9b-5ccd-41ad-a39e-c49936797c34','App\\Models\\Banner'),
('a0956d9b-5ccd-41ad-a39e-c49936797c34','Auth:52'),
('a0956d9b-5d69-44fc-b748-cf185708af49','Auth:52'),
('a0956d9b-5d89-4569-8682-5b75e6d39f66','App\\Models\\JobApplication'),
('a0956d9b-5d89-4569-8682-5b75e6d39f66','Auth:52'),
('a0956d9b-5e32-4606-a1b0-6775a8c3da39','Auth:52'),
('a0956d9b-5e50-4bfa-965a-b9c211f550a4','App\\Models\\Category'),
('a0956d9b-5e50-4bfa-965a-b9c211f550a4','Auth:52'),
('a0956d9b-5f29-43bb-9b6a-1bbc4c3ca001','Auth:52'),
('a0956d9b-5fcd-4984-a516-3bf93f8904fc','Auth:52'),
('a0956d9b-6236-4dd1-9322-12f5b231bb7e','Auth:52'),
('a0956d9b-6253-43f8-8988-c07c9a0403b5','App\\Models\\Country'),
('a0956d9b-6253-43f8-8988-c07c9a0403b5','Auth:52'),
('a0956d9b-62bb-4ba2-accf-78e8b41286a8','Auth:52'),
('a0956d9b-62d5-4229-bd42-82f738193d76','App\\Models\\City'),
('a0956d9b-62d5-4229-bd42-82f738193d76','Auth:52'),
('a0956d9b-6337-47ec-9520-8b04a7c057af','Auth:52'),
('a0956d9b-6354-47b1-975c-ed6e369b34c2','App\\Models\\Advert'),
('a0956d9b-6354-47b1-975c-ed6e369b34c2','Auth:52'),
('a0956d9b-63a6-4fa5-975e-c0e2032cc19c','Auth:52'),
('a0956d9b-63eb-49e8-b5e1-7a3bda1688a5','Auth:52'),
('a0956d9b-6450-4d88-a50b-f92de1f56a24','Auth:52'),
('a0956d9b-6482-42be-b012-d02bef36f201','Laravel\\Sanctum\\PersonalAccessToken'),
('a0956d9b-64ac-4c5b-8adf-7b9f5acc0a78','Auth:52'),
('a0956d9b-64ee-41e7-873e-7728309b05c4','Auth:52'),
('a0956d9b-654f-461f-99f8-44616c8657d6','Auth:52'),
('a0956d9b-65bb-428b-bce7-c531d1dd4ba8','Auth:52'),
('a0956d9b-6602-47fe-88db-37f21e7b13ea','App\\Models\\User'),
('a0956d9b-6610-4780-b37c-f295e9cbc29a','Auth:52'),
('a0956d9b-6628-4cd6-8cc5-4653a78d54b9','Laravel\\Sanctum\\PersonalAccessToken:427'),
('a0956d9b-6662-4f02-b7a5-f67178c32e16','Auth:52'),
('a0956d9b-66c0-4b10-88c4-aae07fac511f','Auth:52'),
('a0956d9b-6701-47dc-894b-a245c6a68688','Auth:52'),
('a0956d9b-6730-47c9-a84b-6ce9d9ce41ea','Auth:52'),
('a0956d9b-6771-4710-a56e-aef7fd2d5276','Auth:52'),
('a0956d9b-67b1-4a0e-ac01-4dfcf5a5a339','Auth:52'),
('a0956d9b-67eb-482b-aef1-0378e5a017b3','Auth:52'),
('a0956d9b-6825-4d55-9682-2b484c021b5a','Auth:52'),
('a0956d9b-6853-4b09-af3a-319f3baf1721','Auth:52'),
('a0956d9b-6860-4435-a9a8-efaef0eac1c5','Auth:52'),
('a0956d9b-689a-4c52-812c-b5085999c89d','Auth:52'),
('a0956d9b-68cb-4a00-9993-df884056f2e5','Auth:52'),
('a0956d9b-68f5-4547-8d05-6041e9752194','Auth:52'),
('a0956d9b-6940-4831-8cd1-50e004b6417e','Auth:52'),
('a0956d9b-6960-495d-a023-6f5b4b2822b9','Auth:52'),
('a0956d9e-9ce5-462d-ab55-98a7bf280405','Laravel\\Sanctum\\PersonalAccessToken'),
('a0956d9e-9e02-48c8-bc66-59985af50a04','App\\Models\\User'),
('a0956d9e-9e21-4417-ae29-d6c6610707c8','Laravel\\Sanctum\\PersonalAccessToken:427'),
('a0956d9e-9e92-42cb-9c9d-440de1777198','Laravel\\Sanctum\\PersonalAccessToken:427'),
('a0956d9e-9ebc-4ef4-8edc-ffe5b9734f7a','Auth:52'),
('a0956d9e-9ed0-4739-b36f-a0f9cb8aacab','Auth:52'),
('a0956d9e-9ee2-4b63-b4c8-524e457eec94','Auth:52'),
('a0956d9e-9ef3-4f05-844c-d7b67ddfa18b','Auth:52'),
('a0956d9e-9f03-4d29-aec5-bc4d9ba0c6a7','Auth:52'),
('a0956d9e-9fb8-456b-9add-8d1193ff4563','Auth:52'),
('a0956d9e-9fda-4666-990b-bb5d04004817','Auth:52'),
('a0956dc5-8d9f-4a4e-8e0e-c117c0fedb6d','Laravel\\Sanctum\\PersonalAccessToken'),
('a0956dc5-8f12-4f88-905b-96de52bef8d0','App\\Models\\User'),
('a0956dc5-8f38-4870-a6c9-693a1c272c7c','Laravel\\Sanctum\\PersonalAccessToken:427'),
('a0956dc5-8fac-4de4-b50b-a5a3438341b8','Laravel\\Sanctum\\PersonalAccessToken:427'),
('a0956dc5-9003-45a1-b0bb-e55f449a2dfa','Auth:52'),
('a0956dc5-95cf-4195-a34b-a8c78fbc4166','Auth:52'),
('a0956dc5-95e7-4f82-a506-4dab04024337','App\\Models\\Banner:95'),
('a0956dc5-95e7-4f82-a506-4dab04024337','Auth:52'),
('a0956dc5-9688-4705-b872-a2a0b8ae9627','Auth:52'),
('a0956dc5-96a8-4b32-acb8-4469d46d28a2','App\\Models\\Admin'),
('a0956dc5-96a8-4b32-acb8-4469d46d28a2','Auth:52'),
('a0956dc5-985a-418f-a281-9ff84e98cdab','Auth:52'),
('a0956dc5-9875-4258-be7d-7baef6d7685c','App\\Models\\Notification:0b6e8120-18e2-465b-bfd1-eb9278a8e679'),
('a0956dc5-9875-4258-be7d-7baef6d7685c','Auth:52'),
('a0956dc5-9895-408c-a75c-65ae280750b9','App\\Models\\Admin:1'),
('a0956dc5-9895-408c-a75c-65ae280750b9','Auth:52'),
('a0956dc5-991a-4b24-86af-829d4fa0dc8a','App\\Models\\Admin:1'),
('a0956dc5-991a-4b24-86af-829d4fa0dc8a','Auth:52'),
('a0956dc5-9973-448b-acb4-f164ce53af31','Auth:52'),
('a0956dc5-9992-4901-afe0-5cdece1a391a','App\\Models\\Admin:1'),
('a0956dc5-9992-4901-afe0-5cdece1a391a','Auth:52'),
('a0956dc5-99f6-462b-93ab-b1133a7ffc79','Auth:52'),
('a0956dc5-9a05-4f32-8cf9-6ced31cfe5a1','App\\Models\\Notification:dde809eb-7fcc-4f57-8bd7-063cd59ee3d0'),
('a0956dc5-9a05-4f32-8cf9-6ced31cfe5a1','Auth:52'),
('a0956dc5-9a13-40cb-97ee-b43711d8d236','App\\Models\\Admin:2'),
('a0956dc5-9a13-40cb-97ee-b43711d8d236','Auth:52'),
('a0956dc5-9a25-4766-94fc-913908e15f46','App\\Models\\Admin:2'),
('a0956dc5-9a25-4766-94fc-913908e15f46','Auth:52'),
('a0956dc5-9a56-40e7-886e-aecf58c87410','Auth:52'),
('a0956dc5-9a65-4964-94dd-5c395adec8be','App\\Models\\Admin:2'),
('a0956dc5-9a65-4964-94dd-5c395adec8be','Auth:52'),
('a0956dc5-9aad-4504-91a9-c4e6f2fbbc3c','Auth:52'),
('a0956dc5-9abb-448d-8640-03ded59aa047','App\\Models\\Notification:8c9d5e48-fc1c-439e-b4a3-b188191a065b'),
('a0956dc5-9abb-448d-8640-03ded59aa047','Auth:52'),
('a0956dc5-9ac7-4238-9a14-cf359a0c1155','App\\Models\\Admin:3'),
('a0956dc5-9ac7-4238-9a14-cf359a0c1155','Auth:52'),
('a0956dc5-9ad9-4d0d-ac2e-a601bbcc5d60','App\\Models\\Admin:3'),
('a0956dc5-9ad9-4d0d-ac2e-a601bbcc5d60','Auth:52'),
('a0956dc5-9b0f-4a62-82d3-deb5e033e0a2','Auth:52'),
('a0956dc5-9b23-445e-9922-618e2475c089','App\\Models\\Admin:3'),
('a0956dc5-9b23-445e-9922-618e2475c089','Auth:52'),
('a0956dc5-9b78-47e2-8502-ba2a017181a4','Auth:52'),
('a0956dc5-9b87-4b00-a0e9-b35d36ff7f81','App\\Models\\Notification:d35e5b36-8209-45f4-8394-166e4a477b44'),
('a0956dc5-9b87-4b00-a0e9-b35d36ff7f81','Auth:52'),
('a0956dc5-9b94-46b6-b1d4-85a916639a8b','App\\Models\\Admin:4'),
('a0956dc5-9b94-46b6-b1d4-85a916639a8b','Auth:52'),
('a0956dc5-9ba5-4c08-ba02-958f99f0d459','App\\Models\\Admin:4'),
('a0956dc5-9ba5-4c08-ba02-958f99f0d459','Auth:52'),
('a0956dc5-9bd3-4410-b2a9-b75bca8f1090','Auth:52'),
('a0956dc5-9be1-4c1b-8dfd-b73a79ee0ce5','App\\Models\\Admin:4'),
('a0956dc5-9be1-4c1b-8dfd-b73a79ee0ce5','Auth:52'),
('a0956dc5-9c2b-40df-8d97-52e2c2d775af','Auth:52'),
('a0956dc5-9c38-4920-b3ea-bbc6206ff8d1','App\\Models\\Notification:48003528-f5c2-4ea3-adf9-fb615f6a59e6'),
('a0956dc5-9c38-4920-b3ea-bbc6206ff8d1','Auth:52'),
('a0956dc5-9c44-40d3-a469-b01fa22b113b','App\\Models\\Admin:5'),
('a0956dc5-9c44-40d3-a469-b01fa22b113b','Auth:52'),
('a0956dc5-9c57-49f9-bda1-e1e99ad1195f','App\\Models\\Admin:5'),
('a0956dc5-9c57-49f9-bda1-e1e99ad1195f','Auth:52'),
('a0956dc5-9c8c-4065-8b96-102c0b340d6a','Auth:52'),
('a0956dc5-9c9a-4816-bf68-ade6dde8b1b4','App\\Models\\Admin:5'),
('a0956dc5-9c9a-4816-bf68-ade6dde8b1b4','Auth:52'),
('a0956dc5-9ce2-4dd1-ae7c-94c5940355e6','Auth:52'),
('a0956dc5-9cef-4bcb-81b8-d59916ccede6','App\\Models\\Notification:743bd106-c12c-4f1b-bd5b-5bdb72d9f3fa'),
('a0956dc5-9cef-4bcb-81b8-d59916ccede6','Auth:52'),
('a0956dc5-9cfc-4b37-8886-1fddf062abb4','App\\Models\\Admin:6'),
('a0956dc5-9cfc-4b37-8886-1fddf062abb4','Auth:52'),
('a0956dc5-9d0e-41c9-bc26-95f077465d9e','App\\Models\\Admin:6'),
('a0956dc5-9d0e-41c9-bc26-95f077465d9e','Auth:52'),
('a0956dc5-9d4f-4fbc-ad5f-03e048c960f4','Auth:52'),
('a0956dc5-9d5d-4703-8de3-e4e67e0701c5','App\\Models\\Admin:6'),
('a0956dc5-9d5d-4703-8de3-e4e67e0701c5','Auth:52'),
('a0956dc5-9da5-4824-8593-2570a55ad1d1','Auth:52'),
('a0956dc5-9db2-4c8b-9722-bbe10e60cdcd','App\\Models\\Notification:c07eefe3-7375-41ae-b8b1-53791e240bf1'),
('a0956dc5-9db2-4c8b-9722-bbe10e60cdcd','Auth:52'),
('a0956dc5-9dbe-4416-8aba-d50e2080ce28','App\\Models\\Admin:7'),
('a0956dc5-9dbe-4416-8aba-d50e2080ce28','Auth:52'),
('a0956dc5-9dcf-4a28-b707-1e49754d2f99','App\\Models\\Admin:7'),
('a0956dc5-9dcf-4a28-b707-1e49754d2f99','Auth:52'),
('a0956dc5-9e07-49e3-8c4b-d3b838f7959c','Auth:52'),
('a0956dc5-9e15-4d75-a001-ce25f74a8bd0','App\\Models\\Admin:7'),
('a0956dc5-9e15-4d75-a001-ce25f74a8bd0','Auth:52'),
('a0956dc5-9e69-4c46-b63f-3210eb9b3dfb','Auth:52'),
('a0956dc5-9e7e-41ea-80d4-6bb7f2fbef30','App\\Models\\Notification:336d92ca-8f72-4569-9f56-f624d65c94b8'),
('a0956dc5-9e7e-41ea-80d4-6bb7f2fbef30','Auth:52'),
('a0956dc5-9e92-40a3-bd65-b2bbad061271','App\\Models\\Admin:8'),
('a0956dc5-9e92-40a3-bd65-b2bbad061271','Auth:52'),
('a0956dc5-9eb1-429a-8252-2b67f4666a03','App\\Models\\Admin:8'),
('a0956dc5-9eb1-429a-8252-2b67f4666a03','Auth:52'),
('a0956dc5-9ef1-439f-9bd0-482b2760a804','Auth:52'),
('a0956dc5-9f07-4ae9-b28b-d9a840082f76','App\\Models\\Admin:8'),
('a0956dc5-9f07-4ae9-b28b-d9a840082f76','Auth:52'),
('a0956dc5-9f66-443d-ade2-22739dfee5ea','Auth:52'),
('a0956dc5-9f7b-4bee-9cdc-2adaa80796f3','App\\Models\\Notification:b397f49f-a929-4913-8d72-98684bd8a4d7'),
('a0956dc5-9f7b-4bee-9cdc-2adaa80796f3','Auth:52'),
('a0956dc5-9f8f-4b6a-8c4f-376137110b57','App\\Models\\Admin:9'),
('a0956dc5-9f8f-4b6a-8c4f-376137110b57','Auth:52'),
('a0956dc5-9fa9-4c3b-aec6-8ba90f44b463','App\\Models\\Admin:9'),
('a0956dc5-9fa9-4c3b-aec6-8ba90f44b463','Auth:52'),
('a0956dc5-9fda-4aaa-9186-4269bf08000c','Auth:52'),
('a0956dc5-9fe8-406f-ac85-4857a4b430e3','App\\Models\\Admin:9'),
('a0956dc5-9fe8-406f-ac85-4857a4b430e3','Auth:52'),
('a0956dc5-a033-4ea6-8a15-2a5c197e873b','Auth:52'),
('a0956dc5-a046-46f6-ba7f-e1823566a739','App\\Models\\Notification:01b4d6f3-1651-46fd-ac47-4f764af4e08c'),
('a0956dc5-a046-46f6-ba7f-e1823566a739','Auth:52'),
('a0956dc5-a058-4c87-8bc3-04d430c4f57e','App\\Models\\Admin:10'),
('a0956dc5-a058-4c87-8bc3-04d430c4f57e','Auth:52'),
('a0956dc5-a06e-45a6-8551-a0a9566bc0a8','App\\Models\\Admin:10'),
('a0956dc5-a06e-45a6-8551-a0a9566bc0a8','Auth:52'),
('a0956dc5-a09e-4f7f-8e1f-73230d843b9d','Auth:52'),
('a0956dc5-a0ab-437c-a2c3-32d3879c9022','App\\Models\\Admin:10'),
('a0956dc5-a0ab-437c-a2c3-32d3879c9022','Auth:52'),
('a0956dc5-a0f2-4c85-8428-16824aa53ed6','Auth:52'),
('a0956dc5-a100-485c-8fbf-1367bd42506b','App\\Models\\Notification:4e4f3672-4cd9-4831-ae6c-17edfd0939aa'),
('a0956dc5-a100-485c-8fbf-1367bd42506b','Auth:52'),
('a0956dc5-a10c-4af1-924d-7154b8179676','App\\Models\\Admin:11'),
('a0956dc5-a10c-4af1-924d-7154b8179676','Auth:52'),
('a0956dc5-a11d-4a56-935f-fe75a907efc4','App\\Models\\Admin:11'),
('a0956dc5-a11d-4a56-935f-fe75a907efc4','Auth:52'),
('a0956dc5-a14a-4fbb-bd52-d62527c773be','Auth:52'),
('a0956dc5-a158-49e3-95a7-214ffd598e9a','App\\Models\\Admin:11'),
('a0956dc5-a158-49e3-95a7-214ffd598e9a','Auth:52'),
('a0956dc5-a1d2-48c2-a9b5-a23bb0adf9d4','Auth:52'),
('a0956dc5-a1e5-4f2f-be86-5efa53f27de1','App\\Models\\Banner'),
('a0956dc5-a1e5-4f2f-be86-5efa53f27de1','Auth:52'),
('a0956dc5-a2a0-4abd-8f5c-5b61b87109d2','Auth:52'),
('a0956dc5-a2b4-455d-9798-5a68f7a24db7','Auth:52'),
('a0956dc5-a31f-4669-8573-db1cd5e0f50c','Auth:52'),
('a0956dc5-a33f-42ed-acab-a6936b24708d','Auth:52'),
('a0956dc8-a790-4bb1-b9bc-40db614ab32d','App\\Models\\Admin'),
('a0956dc8-a80d-43af-88c5-697d79240d7b','App\\Models\\Device'),
('a0956dc8-d0bd-4bce-8a0c-c6ab8dd5e2e7','fcm.googleapis.com'),
('a0956dc8-f842-40e0-97be-2571071ebee3','fcm.googleapis.com'),
('a0956dc8-fd0e-4287-9eef-b8cc86fc8197','App\\Models\\Admin'),
('a0956dc9-0139-4661-82e3-0861a76804ed','App\\Models\\Admin'),
('a0956dc9-04c6-4a66-b01d-9885a19420ac','App\\Models\\Admin'),
('a0956dc9-083c-4153-bfff-9fe7450e6313','App\\Models\\Admin'),
('a0956dc9-0bc5-43e9-9a3a-ad1a43c5632e','App\\Models\\Admin'),
('a0956dc9-0f0d-4d03-9142-78b6a89f20b7','App\\Models\\Admin'),
('a0956dc9-11fe-4c1d-ab0b-670d7b11911c','App\\Models\\Admin'),
('a0956dc9-14f7-4263-b5e7-825bd0d47caa','App\\Models\\Admin'),
('a0956dc9-17c6-40b3-ba57-62e3e712412c','App\\Models\\Admin'),
('a0956dc9-1acb-4cc1-9cb1-e0eda66ccb50','App\\Models\\Admin'),
('a0956de8-a325-49fb-aa73-7f3acac08bca','App\\Models\\Admin'),
('a0956de8-a403-497f-9be1-23dc0282c159','App\\Models\\Device'),
('a0956de8-b6d8-4e57-9257-ea7288947f17','App\\Models\\Notification'),
('a0956de9-de6f-4365-bb76-fe6e2a26f68e','App\\Models\\Admin'),
('a0956de9-df5c-4a78-bf93-24ce1916bb5a','App\\Models\\Device'),
('a0956de9-e06f-4291-944c-802402c3e79e','App\\Models\\Banner'),
('a0956de9-e234-469e-82ce-ffe60b567971','App\\Models\\User'),
('a0956e26-53ba-4152-9771-75b4d023b91b','App\\Models\\Admin'),
('a0956e26-5488-4435-8105-8baae3bb5cef','App\\Models\\Device'),
('a0956e26-5526-40a9-b971-6537229144b2','App\\Models\\Banner'),
('a0956e26-65ec-4f21-9390-998bebc77417','App\\Models\\Notification'),
('a0956e2d-9918-479e-a81e-7102b497cab1','App\\Models\\Admin'),
('a0956e2d-99bf-490b-8c22-216302726686','App\\Models\\Device'),
('a0956e2d-9be9-457a-9dd4-1a1e2e5dddfc','App\\Models\\Banner'),
('a0956e2d-9cd7-4f87-be2c-d78b1ab66e37','App\\Models\\User'),
('a0956e2d-9e09-40e7-b523-4c79a9f8eeef','App\\Models\\Notification:0a9ba776-2ada-42dd-a4d8-6225ffcba04d'),
('a0956e2d-9e1d-42d7-8dd1-922e3ba91407','App\\Models\\User:52'),
('a0956e2d-9ec3-4aea-be7b-b56bbe09ea3e','App\\Models\\User:52'),
('a0956e2d-9f3a-4d9d-9241-480c07b419c9','App\\Models\\User:52'),
('a0956e2d-9fda-43c4-aa11-23691b60a8ac','App\\Models\\LogActivity:309'),
('a0956e2d-e02e-46a3-8a07-6979d0ad8f91','App\\Models\\User'),
('a0956e2d-e076-44b3-929e-35b5c30c03be','App\\Models\\Device'),
('a0956e2e-78f1-4906-844d-0129cc36b946','fcm.googleapis.com'),
('a0956e32-b178-43fa-8ada-031f5dd336bc','App\\Models\\Admin'),
('a0956e32-b251-44be-b967-c49e55b90e75','App\\Models\\Device'),
('a0956e32-bdbb-4600-a6e7-18de6c03229f','App\\Models\\Notification'),
('a0956e33-8f89-489e-8845-b773a54d16df','App\\Models\\Admin'),
('a0956e33-9047-4459-a307-06a3e1a3e55c','App\\Models\\Device'),
('a0956e33-911e-430a-a784-0cc9b002a671','App\\Models\\Banner'),
('a0956e33-9258-46ab-a74e-49f5076360b1','App\\Models\\User'),
('a0956e39-0ea9-4442-a774-1b4d98036e5c','App\\Models\\Admin'),
('a0956e39-0f54-4977-bebc-aa97c590ae1b','App\\Models\\Device'),
('a0956e39-0fd7-4eea-ac08-a3f241c493cd','App\\Models\\Banner'),
('a0956e39-199e-48fe-bf52-3648e689e2f1','App\\Models\\Notification'),
('a0956e51-615d-4ac0-83e7-6f1169852f53','App\\Models\\Admin'),
('a0956e51-6226-461f-a6f7-d367eaef3142','App\\Models\\Device'),
('a0956e51-6328-4e0b-bd10-0f880fd72dbe','App\\Models\\User'),
('a0956e51-70c0-4bc2-b16c-955295ceb76e','App\\Models\\Notification'),
('a0956e62-2d31-426e-a5a1-4da9fba9ee92','App\\Models\\Admin'),
('a0956e62-2e0c-4959-aa03-a23cc017e444','App\\Models\\Device'),
('a0956e62-4094-4889-a912-7174c30b5ba0','App\\Models\\Notification'),
('a0956e63-29f8-440e-b447-b7f3d49f58a5','App\\Models\\Admin'),
('a0956e63-2aab-4d76-9395-80be538e7e4a','App\\Models\\Device'),
('a0956e63-2b92-4ac0-ab40-1b5d55225a7b','App\\Models\\Banner'),
('a0956e63-2cf4-464f-af57-bdbc79565a0f','App\\Models\\User'),
('a0956e8a-dcd8-4b4e-8d2d-e795d3e2006e','App\\Models\\Admin'),
('a0956e8a-dda2-4b04-8e9a-35f4eb869ac6','App\\Models\\Device'),
('a0956e8a-f281-435f-a317-be77895219a8','App\\Models\\Notification'),
('a0956e9d-fc4e-42e8-892c-d18eaa022019','App\\Models\\Admin'),
('a0956e9d-fd1e-4e43-b25e-4d661426fcb4','App\\Models\\Device'),
('a0956ea4-ab0a-4d5c-b65a-8d3df5bfe0f0','App\\Models\\Admin'),
('a0956ea4-abef-443a-8419-cfe53717c4d8','App\\Models\\Device'),
('a0956eb7-c8c5-429f-ba50-709708378aa3','App\\Models\\Admin'),
('a0956eb7-c98c-4335-bc38-12060783094b','App\\Models\\Device'),
('a0956ec4-553f-42eb-bc93-d22dc3cb1656','Laravel\\Sanctum\\PersonalAccessToken'),
('a0956ec4-5697-4f8e-80ec-a169e39bf887','App\\Models\\User'),
('a0956ec4-56be-4d80-86f8-f27852737ec8','Laravel\\Sanctum\\PersonalAccessToken:427'),
('a0956ec4-574a-41e0-a902-bff64af2b326','Laravel\\Sanctum\\PersonalAccessToken:427'),
('a0956ec4-5770-4ed2-8591-746fdbc2aabd','Auth:52'),
('a0956ec4-5785-4bd8-9497-c29fb424fab1','Auth:52'),
('a0956ec4-5799-404f-9e21-07c977833d35','Auth:52'),
('a0956ec4-57ae-4855-8354-cfc3ee612d73','Auth:52'),
('a0956ec4-57c0-4578-bf3a-f8c0f3507794','Auth:52'),
('a0956ec4-586d-4089-8d34-0900307d58ef','Auth:52'),
('a0956ec4-589c-4850-8d29-e599deff290c','Auth:52'),
('a0956ed3-2ce7-4b7e-9240-d96b891261e4','App\\Models\\Admin'),
('a0956ed3-2db0-4596-9547-31853e892f0a','App\\Models\\Device'),
('a0956ed5-f69c-42d2-acff-03652c320025','App\\Models\\Admin'),
('a0956ed5-f742-4598-9e3f-7b99f93a618a','App\\Models\\Device'),
('a0956eda-ce0e-4521-b6e0-e9ec407275c2','Laravel\\Sanctum\\PersonalAccessToken'),
('a0956eda-cf8c-404c-a1f0-d413499361c4','App\\Models\\User'),
('a0956eda-cfb1-4da8-a7cc-0d2762aa7acb','Laravel\\Sanctum\\PersonalAccessToken:427'),
('a0956eda-cfca-4625-b3ad-bb67c6482be9','Laravel\\Sanctum\\PersonalAccessToken'),
('a0956eda-d01b-47ee-a9f3-fe7f8f75064a','Laravel\\Sanctum\\PersonalAccessToken:427'),
('a0956eda-d086-4584-a311-bb8d8e4f06a3','App\\Models\\User'),
('a0956eda-d128-4a8d-ab35-78b3bd7e5aa7','Laravel\\Sanctum\\PersonalAccessToken:427'),
('a0956eda-d1bb-4319-94b1-b784d5a81bb5','Auth:52'),
('a0956eda-d1d0-4b2c-a937-d9d0f9c6f6b1','App\\Models\\Banner'),
('a0956eda-d1d0-4b2c-a937-d9d0f9c6f6b1','Auth:52'),
('a0956eda-d211-4663-9dcc-65d626de928f','Auth:52'),
('a0956eda-d247-4b2c-b8d1-6f1a3f8bc21e','Auth:52'),
('a0956eda-d259-4459-958c-62dd199d2687','App\\Models\\JobApplication'),
('a0956eda-d259-4459-958c-62dd199d2687','Auth:52'),
('a0956eda-d2c5-406e-9fc1-60b03891be52','Auth:52'),
('a0956eda-d2d7-432a-8ced-1067fa009006','App\\Models\\Category'),
('a0956eda-d2d7-432a-8ced-1067fa009006','Auth:52'),
('a0956eda-d303-42c5-a36a-8bef89e062bd','Auth:52'),
('a0956eda-d32d-4b88-b1f9-62769c2514ca','Auth:52'),
('a0956eda-d375-467a-b757-78d81de0a705','Auth:52'),
('a0956eda-d401-4404-87e3-dd387fb1c267','Auth:52'),
('a0956eda-d5ac-4dce-a398-b33c17c186ab','Auth:52'),
('a0956eda-d5c0-46c1-8be5-83f29a005ada','App\\Models\\Country'),
('a0956eda-d5c0-46c1-8be5-83f29a005ada','Auth:52'),
('a0956eda-d60c-490c-8ca3-f3bb027a11c1','Auth:52'),
('a0956eda-d61d-48a6-a90f-61bb1a12c85c','App\\Models\\City'),
('a0956eda-d61d-48a6-a90f-61bb1a12c85c','Auth:52'),
('a0956eda-d660-4f06-ab80-01f4e5d6d55e','Auth:52'),
('a0956eda-d671-4e0e-afd9-5ebcc86921fb','App\\Models\\Advert'),
('a0956eda-d671-4e0e-afd9-5ebcc86921fb','Auth:52'),
('a0956eda-d6a9-4515-a653-96349da8b1f1','Auth:52'),
('a0956eda-d6d5-47ce-9428-df2df2701860','Auth:52'),
('a0956eda-d716-44e7-a19c-089d2450638f','Auth:52'),
('a0956eda-d750-4a51-a72b-024877ab08c2','Auth:52'),
('a0956eda-d77d-446c-aaa6-a0d8df471905','Auth:52'),
('a0956eda-d7b8-4276-947a-627e594d93b3','Auth:52'),
('a0956eda-d7fe-441e-adab-0259307d63a1','Auth:52'),
('a0956eda-d831-4baf-b27b-1e726f7fdf95','Auth:52'),
('a0956eda-d85c-4b9f-b450-acce42c22c35','Auth:52'),
('a0956eda-d895-43f4-a088-a212925f758a','Auth:52'),
('a0956eda-d8c7-48d2-bbe5-0ca1d70b7fb0','Auth:52'),
('a0956eda-d8f2-479c-a7bb-36d26cbcb63e','Auth:52'),
('a0956eda-d92c-44b2-8a65-a8cac2fc3878','Auth:52'),
('a0956eda-d965-4f57-9b43-beda860bcf72','Auth:52'),
('a0956eda-d99d-4463-bc72-b9a37d70e8c4','Auth:52'),
('a0956eda-d9d4-44e3-a281-de7915145e7c','Auth:52'),
('a0956eda-da0a-4631-bcd2-dfee1f093f40','Auth:52'),
('a0956eda-da42-40f1-83b9-54255e33ce0a','Auth:52'),
('a0956eda-da73-4366-aa3f-8515f60340c8','Auth:52'),
('a0956eda-da98-4966-9ff2-f21e0129ddcd','Auth:52'),
('a0956edc-b2af-4d2a-b290-be5ffd15d676','Laravel\\Sanctum\\PersonalAccessToken'),
('a0956edc-b47d-4298-8d27-c6847c04303a','App\\Models\\User'),
('a0956edc-b49f-4e16-a42e-e5d7446119ad','Laravel\\Sanctum\\PersonalAccessToken:427'),
('a0956edc-b50c-414e-9978-d6b3d9fba06e','Laravel\\Sanctum\\PersonalAccessToken:427'),
('a0956edc-b537-430b-9215-4cb6b3da489b','Auth:52'),
('a0956edc-b54b-4c80-b606-fa5b6fe7d708','Auth:52'),
('a0956edc-b55e-4b76-b13b-42e44810cc5f','Auth:52'),
('a0956edc-b56f-43fd-acc1-4628d0089018','Auth:52'),
('a0956edc-b580-4b83-adda-140c87c125e7','Auth:52'),
('a0956edc-b626-4fda-83dd-1b3b0929afa4','Auth:52'),
('a0956edc-b644-4f25-b0ea-b7a89bc0a7a1','Auth:52'),
('a0956ee9-b8c8-4094-9491-64a25953aab4','Laravel\\Sanctum\\PersonalAccessToken'),
('a0956ee9-ba46-443f-9368-5766d3b12963','App\\Models\\User'),
('a0956ee9-ba73-4297-807e-9f71301722df','Laravel\\Sanctum\\PersonalAccessToken:427'),
('a0956ee9-bb0c-4c5c-a876-decae083bed4','Laravel\\Sanctum\\PersonalAccessToken:427'),
('a0956ee9-bbee-4f2b-b868-d56647e69c2e','Auth:52'),
('a0956ee9-bce5-4634-a887-b8bb7b3141a5','Auth:52'),
('a0956ee9-bd08-4e4f-9684-a12e36b76c69','Auth:52'),
('a0956eea-2c10-4150-abb5-90004d18588f','Laravel\\Sanctum\\PersonalAccessToken'),
('a0956eea-2cbf-43cb-a2d5-5d4919c859ea','App\\Models\\User'),
('a0956eea-2d67-498f-a023-0883ec9cd32f','Laravel\\Sanctum\\PersonalAccessToken:427'),
('a0956eea-2dcf-4780-b761-b8ecea7daa7d','Laravel\\Sanctum\\PersonalAccessToken:427'),
('a0956eea-2e49-40cd-bd1a-f57684ad4663','Auth:52'),
('a0956eea-2e5f-4ddf-9e1a-48ead1401f80','App\\Models\\Banner'),
('a0956eea-2e5f-4ddf-9e1a-48ead1401f80','Auth:52'),
('a0956eea-2ec7-4395-9528-a8b2eb1b87c0','Auth:52'),
('a0956eea-2ed9-45b5-986a-d172d6826181','App\\Models\\JobApplication'),
('a0956eea-2ed9-45b5-986a-d172d6826181','Auth:52'),
('a0956eea-2f41-49c4-a78e-f1309fc8c882','Auth:52'),
('a0956eea-2f52-40a2-b2c3-cb3a01b2c365','App\\Models\\Category'),
('a0956eea-2f52-40a2-b2c3-cb3a01b2c365','Auth:52'),
('a0956eea-2fd4-4dce-ad05-8fe099b78dc3','Auth:52'),
('a0956eea-3039-42fb-b99c-f53e62c8e800','Auth:52'),
('a0956eea-31da-4782-9054-fc05504ef2cd','Auth:52'),
('a0956eea-31ee-44e8-bffc-a683eb28ca67','App\\Models\\Country'),
('a0956eea-31ee-44e8-bffc-a683eb28ca67','Auth:52'),
('a0956eea-3235-4751-a008-ba9ce4e97325','Auth:52'),
('a0956eea-324e-4f2d-9834-00c80c1be23a','App\\Models\\City'),
('a0956eea-324e-4f2d-9834-00c80c1be23a','Auth:52'),
('a0956eea-3294-4b04-9c6d-0905ac2305a1','Auth:52'),
('a0956eea-32a8-4dbf-b4bd-7c5ba15a9e35','App\\Models\\Advert'),
('a0956eea-32a8-4dbf-b4bd-7c5ba15a9e35','Auth:52'),
('a0956eea-32e2-46fe-ab5f-b8cbdd251821','Auth:52'),
('a0956eea-3312-4c30-ae40-f1258ce8fb08','Auth:52'),
('a0956eea-3353-4447-a91b-422a138837e1','Auth:52'),
('a0956eea-3391-406b-ae22-4ae07474c6c0','Auth:52'),
('a0956eea-33bc-4d67-b19c-11801507586b','Auth:52'),
('a0956eea-33fd-48d7-b0fd-3fc854e7e035','Auth:52'),
('a0956eea-3444-4185-a550-0aec20f35ffc','Auth:52'),
('a0956eea-3479-4452-bc9c-bebbb4529dd8','Auth:52'),
('a0956eea-34ab-4822-b458-09d4cb4ec84f','Auth:52'),
('a0956eea-34ef-48da-857f-5e308c642fed','Auth:52'),
('a0956eea-3524-4800-b7ed-604ac4bd1aff','Auth:52'),
('a0956eea-354f-44a7-8925-52ab76db35f5','Auth:52'),
('a0956eea-358c-476b-9a57-65a9bba9d166','Auth:52'),
('a0956eea-35c9-4781-ab54-ad92495807d3','Auth:52'),
('a0956eea-3604-463b-85db-575157fd92a1','Auth:52'),
('a0956eea-3640-49e1-911f-de8bd8746ca0','Auth:52'),
('a0956eea-3679-40db-a0e1-2e9ea17f609b','Auth:52'),
('a0956eea-36b3-4e1c-bc76-be6e9dc5f80d','Auth:52'),
('a0956eea-36e6-4782-b40f-6b3e48c554d3','Auth:52'),
('a0956eea-370d-4c27-9bad-8a02b070c14e','Auth:52'),
('a0956eea-7796-4b93-bb48-e80d183b3183','Laravel\\Sanctum\\PersonalAccessToken'),
('a0956eea-795b-4e44-aa64-6eab681d4d51','App\\Models\\User'),
('a0956eea-797f-454a-a8c4-6e0970eba6af','Laravel\\Sanctum\\PersonalAccessToken:427'),
('a0956eea-7a42-4a23-adb0-04d353f6bcd1','Auth:52'),
('a0956eea-7b32-424d-b8bb-a83274c968ca','Auth:52'),
('a0956eea-7b57-4a01-ba69-5314ad464fb2','Auth:52'),
('a0956eeb-eb8c-4eb3-9453-cc8e6cf46252','Laravel\\Sanctum\\PersonalAccessToken'),
('a0956eeb-ecc1-46ed-ab99-733cf2c9a2a1','App\\Models\\User'),
('a0956eeb-ece4-43e3-ba09-864efe096ab0','Laravel\\Sanctum\\PersonalAccessToken:427'),
('a0956eeb-ed56-4310-9807-95d572fe9fb4','Laravel\\Sanctum\\PersonalAccessToken:427'),
('a0956eeb-ed7b-4845-95df-fd512715668b','Auth:52'),
('a0956eeb-ed8f-4950-8bfe-f38aa159def5','Auth:52'),
('a0956eeb-eda2-4914-af0c-691bfec71cef','Auth:52'),
('a0956eeb-edb2-4287-b909-5633f98f9333','Auth:52'),
('a0956eeb-edc2-4b00-ae58-6b06ea4c8a1b','Auth:52'),
('a0956eeb-ee62-4883-92ca-757f879f8a88','Auth:52'),
('a0956eeb-ee81-46c2-801c-1decc858f3bd','Auth:52'),
('a0956efe-2e88-406a-b70a-662d7e593582','App\\Models\\Admin'),
('a0956efe-2f55-4ade-ba5a-6f6bc784ed99','App\\Models\\Device'),
('a0956efe-4445-4832-ba56-61bd76cb99c5','App\\Models\\Notification'),
('a0956f10-70ea-4485-aaf4-a472a28ee5fc','App\\Models\\Admin'),
('a0956f10-71ba-459f-9f38-67ad35689948','App\\Models\\Device'),
('a0956f16-5a4a-4267-90e9-1f61950e5bca','App\\Models\\Admin'),
('a0956f16-5b57-40a8-9423-30c194e5ed9c','App\\Models\\Device'),
('a0956f34-7487-4bca-8976-50bf7efa9da6','App\\Models\\Admin'),
('a0956f34-7557-4f90-a84b-21eee0630cf1','App\\Models\\Device'),
('a0956f3e-3f60-46d2-ba4f-eb95c2d9b547','App\\Models\\Admin'),
('a0956f3e-406e-4ebe-9a76-1257c6d933d3','App\\Models\\Device'),
('a0956f41-d714-4c93-9f95-e529cb03fe70','App\\Models\\Admin'),
('a0956f41-d7f6-4444-9524-212b87d1c155','App\\Models\\Device'),
('a0956f44-4064-4057-9eee-50bc2422f3a3','App\\Models\\Admin'),
('a0956f44-4123-43f3-9dc1-69945f32a2af','App\\Models\\Device'),
('a0956f44-562f-4475-9268-a0983ddfd742','App\\Models\\Notification'),
('a0956f5c-dbeb-4d11-9471-431be52d9142','App\\Models\\Admin'),
('a0956f5c-dce0-4f67-8d16-374b05093daf','App\\Models\\Device'),
('a0956f96-a4aa-435f-94b4-b1cf5486ddfb','App\\Models\\Admin'),
('a0956f96-a563-41bf-8929-9816ac88e4c6','App\\Models\\Device'),
('a0956f99-60a7-4c22-937e-c19fbe3154fc','App\\Models\\Admin'),
('a0956f99-6177-4152-8cf0-f8ebe9486b48','App\\Models\\Device'),
('a0956f9d-e031-415f-b0ef-2a4e1fd5ff94','App\\Models\\Admin'),
('a0956f9d-e0f2-4872-b4c8-64cd89ff45ce','App\\Models\\Device'),
('a0956fb6-1a1a-4e87-9066-4a2e6af57309','App\\Models\\Admin'),
('a0956fb6-1acb-4123-be95-0963835e17c8','App\\Models\\Device'),
('a0956fb6-311e-4da2-af5a-461a7ac84c12','App\\Models\\Notification'),
('a0957029-9817-4d63-9453-ed271dc32ebb','App\\Models\\Admin'),
('a0957029-9dbb-4b43-a5d9-b2a0feec1003','App\\Models\\Device'),
('a0957033-4792-4f4e-a551-b6f023e9ad73','App\\Models\\Admin'),
('a0957033-4852-4033-ad53-9ae0a6bef832','App\\Models\\Device'),
('a0957037-3303-4c33-8f8d-389c462fb5cb','App\\Models\\Admin'),
('a0957037-33e5-4a2b-b0b0-d891093cb14e','App\\Models\\Device'),
('a095703a-2bd3-483e-88cc-20ba6e246134','App\\Models\\Admin'),
('a095703a-2cad-4a6a-b6f3-1b413d906680','App\\Models\\Device'),
('a095703d-8978-4474-8c87-cc0f4188ac0a','App\\Models\\Admin'),
('a095703d-8a23-4787-852c-fdaff1123201','App\\Models\\Device'),
('a0957041-60c8-4109-a380-e23d01066970','App\\Models\\Admin'),
('a0957041-6178-4b48-a674-811d0088db20','App\\Models\\Device'),
('a0957044-66cd-421e-8bf8-684e50a725fe','App\\Models\\Admin'),
('a0957044-6792-4417-a040-d97620f72ac4','App\\Models\\Device'),
('a0957048-343e-4bce-aa0b-1c9f713fb3a0','App\\Models\\Admin'),
('a0957048-3515-46df-be8d-5210182ff4e4','App\\Models\\Device'),
('a095704a-e93f-465e-a60f-d4bf1b04d809','App\\Models\\Admin'),
('a095704a-e9e1-46b0-a8e8-2e3137904a26','App\\Models\\Device'),
('a0957050-2f82-4d8a-a4da-7f2ef5c7c62b','App\\Models\\Admin'),
('a0957050-3029-4f13-a14d-76872f2918d5','App\\Models\\Device'),
('a0957053-3623-48ee-a392-ac78b17cbfb9','App\\Models\\Admin'),
('a0957053-36cf-407f-8321-598bea2ee5b8','App\\Models\\Device'),
('a0957054-8991-421f-9fb5-dd6e909f08ce','App\\Models\\Admin'),
('a0957054-8a73-4018-9de1-03ab81cd46aa','App\\Models\\Device'),
('a0957055-afed-4e6e-a216-95e6bc594ffb','App\\Models\\Admin'),
('a0957055-b0a1-4b44-a8a3-3fd076a9e6a5','App\\Models\\Device'),
('a0957064-27c9-4314-9c17-c32a80988c92','App\\Models\\Admin'),
('a0957064-2871-4d44-a32b-c961ef81ca37','App\\Models\\Device'),
('a0957069-2e91-452e-a0cc-3f0765907d2e','App\\Models\\Admin'),
('a0957069-2f83-4be5-8fb9-2dab90190213','App\\Models\\Device'),
('a0957069-45e4-4d38-9c5e-433a88d13f1a','App\\Models\\Notification'),
('a0957077-dd14-4072-86f4-dd7f7713dce4','App\\Models\\Admin'),
('a0957077-ddc0-4259-829b-2d6084af9abe','App\\Models\\Device'),
('a0957077-e967-4ac3-9d95-2a27386c11b0','App\\Models\\Notification'),
('a0957078-d1fa-42f1-9fca-0e2a9196d438','App\\Models\\Admin'),
('a0957078-d2d1-4b5e-97d1-aa8e70d54204','App\\Models\\Device'),
('a0957078-d4a7-445d-8598-67c718c37513','App\\Models\\Page'),
('a095708b-c00a-46e3-8526-8ac1e8842c63','App\\Models\\Admin'),
('a095708b-c117-48ed-8398-d7d31e312992','App\\Models\\Device'),
('a095708b-d7f4-4e76-90a8-dbc1b63d3fee','App\\Models\\Notification'),
('a095709e-2ee2-4281-82ea-77bb9c830279','App\\Models\\Admin'),
('a095709e-2fb5-48e1-90b6-a129c357c114','App\\Models\\Device'),
('a09570a2-22f9-4013-a05e-875c65102484','App\\Models\\Admin'),
('a09570a2-23aa-4383-8369-bcce93d3a26d','App\\Models\\Device'),
('a09570a8-ffa2-4e71-894b-7de4c315ee30','App\\Models\\Admin'),
('a09570a9-006e-44ef-b31b-fc442682fca4','App\\Models\\Device'),
('a09570a9-0fc9-4620-aa25-776a8c861d91','App\\Models\\Notification'),
('a09570a9-dde2-407c-8682-0d8b2f3fd9ee','App\\Models\\Admin'),
('a09570a9-dee3-4e29-9522-6fd6c2d0d75c','App\\Models\\Device'),
('a09570a9-e053-4f5f-aac7-70d6680f8ace','App\\Models\\LogActivity'),
('a09570b0-ea97-4790-a952-a8ca12e82fff','App\\Models\\Admin'),
('a09570b0-ebb4-4cd5-8fea-974b9178dc87','App\\Models\\Device'),
('a09570b0-ff6f-4b70-a7b5-ab8acd19af77','App\\Models\\Notification'),
('a09570d7-2da5-4a17-bf44-2e90e8f2318e','App\\Models\\Admin'),
('a09570d7-2e9f-48cf-8254-9ecb61a3a158','App\\Models\\Device'),
('a09570d7-3a9d-42f8-977a-a44234ef5e1b','App\\Models\\Notification'),
('a09570d8-e9f0-4615-b916-968144b0b65d','App\\Models\\Admin'),
('a09570d8-eaa0-4589-8bf1-33253822a258','App\\Models\\Device'),
('a09570d8-eb85-4bdf-97a4-f8bf32f122ff','App\\Models\\Banner'),
('a09570d8-ecf3-4cb9-8ced-f4a15a87a8a8','App\\Models\\User'),
('a09570f2-f630-4668-a0fe-771efd7e9ed8','App\\Models\\Admin'),
('a09570f2-f70f-4e5b-8148-fa763d5d719f','App\\Models\\Device'),
('a09570f2-f7ef-4f78-bc2f-5760fb5efbb4','App\\Models\\User'),
('a09570f3-0b15-4945-ac01-9c2cc6e727a5','App\\Models\\Notification'),
('a0957101-32b8-4fb0-9a58-f38b333207a9','App\\Models\\Admin'),
('a0957101-3367-48e7-ae3a-1c6bb8791fa8','App\\Models\\Device'),
('a0957101-41b3-4dae-9200-eba7ce0c20ac','App\\Models\\Notification'),
('a0957111-a00b-498d-8f6d-20141441a640','App\\Models\\Admin'),
('a0957111-a0be-4cab-ac6a-2acde13959cf','App\\Models\\Device'),
('a095711e-ca9a-4b28-a305-f04181db5e1f','App\\Models\\Admin'),
('a095711e-cb62-48b2-96bd-369202f5e425','App\\Models\\Device'),
('a095712d-c0d2-4fcb-bc26-eb83be6636c5','App\\Models\\IntroService'),
('a095712d-c16f-40bc-8b55-ad33217a6030','App\\Models\\IntroSlider'),
('a095712d-c1f6-4b1b-bb18-7bb3845be63f','App\\Models\\IntroFqsCategory'),
('a095712d-c287-498a-bea1-a94f01533641','App\\Models\\IntroPartener'),
('a095712d-c313-44b2-af01-6ab805972bb4','App\\Models\\IntroHowWork'),
('a095712d-c399-43dc-8a0a-4b46ae1d21de','App\\Models\\IntroSocial'),
('a095712d-c7e9-45db-9b1c-b76b26e743b5','App\\Models\\IntroFqs'),
('a09571a6-d4b7-4295-95f0-63a0f298d3af','App\\Models\\Admin'),
('a09571a6-d581-4264-9e35-6d93da59d752','App\\Models\\Device'),
('a09571b6-3c2a-476d-bceb-cb2ad1a4605f','App\\Models\\Admin'),
('a09571b6-3cfd-49a3-9171-ce21afd3b21f','App\\Models\\Device'),
('a09571b6-524d-4bad-8812-461e3b68c2ad','App\\Models\\Notification'),
('a09571ee-89df-44fe-a44f-e5285f515072','App\\Models\\Admin'),
('a09571ee-8a9a-46bb-bb4e-69eca8891d69','App\\Models\\Device'),
('a09571f1-4ad2-45eb-9d00-da8a8e7a2081','App\\Models\\Admin'),
('a09571f1-4b91-4f49-8e71-f8230284e80a','App\\Models\\Device'),
('a09571f7-94e4-4d7c-9677-9f4156d9055e','App\\Models\\Admin'),
('a09571f7-95ca-4f3a-befb-2ffcc9ed6a19','App\\Models\\Device'),
('a09571f7-9b48-4be3-9709-e19be55d1251','App\\Models\\Make'),
('a09571f7-9dce-45a0-9f28-08c2c151b9cd','App\\Models\\Model'),
('a09571f7-a66b-42ed-ac6b-9c417ffc1a25','App\\Models\\CarOrigin'),
('a09571f7-a6e0-48e5-a786-65c1e44319a8','App\\Models\\CarYear'),
('a09571f7-a78d-4945-a551-b1ce35ed4741','App\\Models\\CarColor'),
('a09571f7-af78-4486-882d-e0af8770eaa7','App\\Models\\User'),
('a09571f7-b281-4bed-ada4-10f7a82c4f33','App\\Models\\Country'),
('a09571f7-b2df-4859-993e-82967c6375d1','App\\Models\\City'),
('a09571f7-cfba-4ff9-9ce6-430f9d204bcf','App\\Models\\Notification'),
('a09571fc-f41b-4739-a429-1d938593201e','App\\Models\\Admin'),
('a09571fc-f4cd-4176-bae9-786187fb1e39','App\\Models\\Device'),
('a09571fd-035c-4286-9314-80f3802ba472','App\\Models\\Notification'),
('a0957204-7184-4ef0-a304-c12f9617817c','App\\Models\\Admin'),
('a0957204-727d-4731-bcce-d06a54738608','App\\Models\\Device'),
('a0957204-7fdb-46b7-8921-9024049c9c1b','App\\Models\\Notification'),
('a0957205-5978-44bb-a4ec-5fb2285fb931','App\\Models\\Admin'),
('a0957205-5a25-4fe5-81b2-0e031ed626d8','App\\Models\\Device'),
('a0957205-5b72-4b24-b79a-5b5a33c6f3c3','App\\Models\\Image'),
('a0957230-b285-4642-b47b-06a351df838a','App\\Models\\Admin'),
('a0957230-b33d-4ecc-a420-864c07d0c17a','App\\Models\\Device'),
('a0957230-bed8-4b48-84d7-c1759e2fd38a','App\\Models\\Notification'),
('a0957231-9de1-411f-b03f-cd06954a656c','App\\Models\\Admin'),
('a0957231-9eba-4ff2-8ffd-7f681efb6fdf','App\\Models\\Device'),
('a0957231-9fa4-448d-9caf-8890c14e937a','App\\Models\\Banner'),
('a0957231-a0fe-4946-ae6a-f0f01f54d9c7','App\\Models\\User'),
('a0957237-25a2-45d0-a534-2be7792ef4a7','App\\Models\\Admin'),
('a0957237-2665-44ec-a107-a0c504acee37','App\\Models\\Device'),
('a0957237-2708-44e4-9ad5-7a4dbf040954','App\\Models\\Banner'),
('a0957237-2785-4a9f-8041-372dfdce08a8','App\\Models\\Banner:95'),
('a0957237-2880-4ef5-8664-7b19d3bac672','App\\Models\\User'),
('a0957237-2a00-4fb3-95dc-ca6268aac8ee','App\\Models\\Notification:d04dd03b-a778-4a1c-93e2-7f0d2c3d08d2'),
('a0957237-2a1c-4838-a8b3-8bdc5d93a3f7','App\\Models\\User:52'),
('a0957237-2ac1-4135-8a94-4bbd6c80f5bc','App\\Models\\User:52'),
('a0957237-2b21-4590-bb90-2d45eb669ac5','App\\Models\\User:52'),
('a0957239-2e10-4146-a398-2fe1ba87ad16','App\\Models\\Admin'),
('a0957239-2ec8-4a0a-97e3-f9a44f4ca2ab','App\\Models\\Device'),
('a0957239-2f8a-4a0e-baf1-1e0fca2d5534','App\\Models\\Banner'),
('a0957239-30d9-4984-bef1-858089eef1f2','App\\Models\\User'),
('a0957239-9626-4fb9-a1cc-e9b6a613a30b','App\\Models\\User'),
('a0957239-9675-4dc2-b7a6-a741040db0e6','App\\Models\\Device'),
('a095723a-0c87-4765-ac13-c85c899eac7f','fcm.googleapis.com'),
('a095723f-990c-4578-a497-083cc5423dfa','App\\Models\\Admin'),
('a095723f-99d7-4071-8b6c-d8be5ba06222','App\\Models\\Device'),
('a095723f-9a6c-4d2e-9e30-7e18d5c90d4f','App\\Models\\Banner'),
('a095723f-a594-4499-9d4e-46468b84df66','App\\Models\\Notification'),
('a0957250-2be2-4412-9cb5-90167b8f0ffe','App\\Models\\Admin'),
('a0957250-2cba-4fad-b5f5-4a10e6fd4c24','App\\Models\\Device'),
('a0957250-2f5b-4173-baa7-a19164a10a4d','App\\Models\\Banner'),
('a0957250-302b-4001-aac1-8b2c69040439','App\\Models\\Banner:95'),
('a0957250-30ec-42ee-97cb-4cdf88b6a202','App\\Models\\User'),
('a0957250-3207-4ea3-90ae-798419bd0a7f','App\\Models\\Notification:724ea8b2-a6f4-417b-896b-97b29448d730'),
('a0957250-3219-422a-bf4e-3f638fe06b15','App\\Models\\User:52'),
('a0957250-3291-4781-bd3d-74872755c66a','App\\Models\\User:52'),
('a0957250-32e6-4ec3-a9f1-8fd1e8b267e5','App\\Models\\User:52'),
('a0957250-3374-4202-b16d-40cb9f301e01','App\\Models\\LogActivity:310'),
('a0957250-f72a-4146-9508-37fe98437f6d','App\\Models\\User'),
('a0957250-f777-44ea-a4a8-9d1cfddc5db4','App\\Models\\Device'),
('a0957251-64d4-4c4b-8aab-92ee6521b09a','fcm.googleapis.com'),
('a0957255-3252-4598-97be-f78599a79f38','App\\Models\\Admin'),
('a0957255-3319-473c-b27f-2eecd6cf2faf','App\\Models\\Device'),
('a0957255-4704-4db8-aac2-12633ca2847b','App\\Models\\Notification'),
('a0957256-290b-48c2-9bb4-d3e79d6515bb','App\\Models\\Admin'),
('a0957256-29d2-42a8-96ce-8977be63f539','App\\Models\\Device'),
('a0957256-2ab2-4e76-88bd-e76533d488ea','App\\Models\\Banner'),
('a0957256-2c0c-483f-a386-e9a37d06a3f2','App\\Models\\User'),
('a0957262-c557-4e73-a3ab-6a5ec2f210c2','App\\Models\\Admin'),
('a0957262-c633-4982-8cd0-a6b1b39786c1','App\\Models\\Device'),
('a0957262-c6d5-43fe-9f83-7da72dbc580a','App\\Models\\Banner'),
('a0957262-c7dc-4a59-8a96-fd62542a9bfa','App\\Models\\Advert'),
('a0957262-c887-4f83-ae19-2e7143bcda39','App\\Models\\AdvertAttachment'),
('a0957262-c989-4814-a6fb-ae60ddcf7aae','App\\Models\\User'),
('a0957262-ca4a-42d1-8d0f-e69ef455f12f','App\\Models\\Package'),
('a0957262-cab4-4421-9e89-13b7b23d5561','App\\Models\\Make'),
('a0957262-cb19-42ad-96fb-e5ddd8d355dd','App\\Models\\Model'),
('a0957262-f5d6-4f6f-b7eb-5e279174a654','App\\Models\\Banner:94'),
('a0957262-f668-4d5e-830f-c400ea4e9377','App\\Models\\LogActivity:311'),
('a0957264-ffde-42da-b715-4f920dd20b30','App\\Models\\Admin'),
('a0957265-0084-4366-a12f-e3c66f2d9f6f','App\\Models\\Device'),
('a0957265-0146-42cc-8d53-8f5f3a73a2fc','App\\Models\\Banner'),
('a0957265-02c3-4a11-b32d-ce20326e7755','App\\Models\\User'),
('a0957278-1036-439e-bc65-e19aa442efaa','Laravel\\Sanctum\\PersonalAccessToken'),
('a0957278-1291-4ca3-98c5-d9da7ab425ac','App\\Models\\User'),
('a0957278-12c2-4ca8-ad83-4a89e9f48205','Laravel\\Sanctum\\PersonalAccessToken:427'),
('a0957278-136d-42c1-ade3-488de268e57a','Laravel\\Sanctum\\PersonalAccessToken:427'),
('a0957278-144c-49b6-ab82-c8b7e0613672','Auth:52'),
('a0957278-15b7-4a3f-b376-d6669bf7a3ce','Auth:52'),
('a0957278-15ee-4c9b-aa8e-1184651965bd','Auth:52'),
('a0957278-4c0d-40ef-8bbe-a6de08d6d853','Laravel\\Sanctum\\PersonalAccessToken'),
('a0957278-4da0-441e-8feb-d23343d5e9f8','App\\Models\\User'),
('a0957278-4dc4-463f-8070-f7f3833cd0c2','Laravel\\Sanctum\\PersonalAccessToken:427'),
('a0957278-4f6a-475a-9f65-59623aa9ecd0','Auth:52'),
('a0957278-5003-432c-85bd-2083f363302d','Auth:52'),
('a0957278-5069-47cb-ac80-29bbd7eed98f','Auth:52'),
('a0957278-5080-491d-8f63-b89ed058462f','App\\Models\\Notification'),
('a0957278-5080-491d-8f63-b89ed058462f','Auth:52'),
('a0957278-5271-479a-a80a-05e65abb02f8','Auth:52'),
('a0957278-5298-41d8-8ff4-2661b0b8bf3c','Auth:52'),
('a0957278-b3ca-4c02-81a7-860ff8ab51d8','Laravel\\Sanctum\\PersonalAccessToken'),
('a0957278-b5b3-4049-a733-6357e4927f8f','App\\Models\\User'),
('a0957278-b5e1-49b8-a57c-caacb11ebfec','Laravel\\Sanctum\\PersonalAccessToken:427'),
('a0957278-b6f7-402f-a8f3-6a8320604245','Auth:52'),
('a0957278-b77e-4bc7-ba0b-ece1c57238c0','Auth:52'),
('a0957278-b7da-466c-bc41-5aee86ad23ac','Auth:52'),
('a0957278-b7f1-4004-9918-252e37567859','App\\Models\\Notification'),
('a0957278-b7f1-4004-9918-252e37567859','Auth:52'),
('a0957278-b9c4-4522-b4df-bd82019006f3','Auth:52'),
('a0957278-b9eb-4858-ac52-14ed032b800a','Auth:52'),
('a0957288-c8c6-4100-9d51-0feec06b0ebe','Laravel\\Sanctum\\PersonalAccessToken'),
('a0957288-ca19-4dd4-afd7-0f7ef55a635b','App\\Models\\User'),
('a0957288-ca3f-45d4-9309-1c4f8b5595ba','Laravel\\Sanctum\\PersonalAccessToken:427'),
('a0957288-cab5-40f5-b558-9882f159214d','Laravel\\Sanctum\\PersonalAccessToken:427'),
('a0957288-cb66-4d18-aa62-57c8cc8b963d','Auth:52'),
('a0957288-cbac-4c4a-bdec-65d8d811d794','Auth:52'),
('a0957288-cbc2-4a88-9fc3-71e36e4b5c75','App\\Models\\Banner'),
('a0957288-cbc2-4a88-9fc3-71e36e4b5c75','Auth:52'),
('a0957288-cced-45e2-82e1-2cf740865f96','Auth:52'),
('a0957288-cd01-4e51-8faf-9b8ab7ce5883','Auth:52'),
('a0957288-cd63-46ca-9212-72e5fedebaff','Auth:52'),
('a0957288-cd75-4e57-a1a2-3f6b5720053e','Auth:52'),
('a0957288-cda5-43f3-9f54-5580707de965','Auth:52'),
('a0957288-cdc6-47a3-a3b1-38e6db5f33a2','Auth:52'),
('a0957288-d232-4450-b69c-9d3c6571e1ff','Laravel\\Sanctum\\PersonalAccessToken'),
('a0957288-d394-4657-bc67-e1f54a1e08a8','App\\Models\\User'),
('a0957288-d3b9-4a2d-b504-ef85cf012a91','Laravel\\Sanctum\\PersonalAccessToken:427'),
('a0957288-d3f9-4172-83b7-b5457c9c7859','Auth:52'),
('a0957288-d40d-4dba-b146-422585e2ad07','Auth:52'),
('a0957288-d41f-471a-bd94-9016e06a40c0','Auth:52'),
('a0957288-d42f-4ceb-abd3-64fef1a30293','Auth:52'),
('a0957288-d440-4546-bfdd-fa3892ec4b9d','Auth:52'),
('a0957288-d4f5-468d-a339-203aa8e58464','Auth:52'),
('a0957288-d518-468c-a309-7ed9b09a9f01','Auth:52'),
('a0957290-6775-4f39-8929-52501cd18e89','Laravel\\Sanctum\\PersonalAccessToken'),
('a0957290-68b8-4a82-9844-48b0a7f134a0','App\\Models\\User'),
('a0957290-68da-4b54-8d88-cb62dc8f3140','Laravel\\Sanctum\\PersonalAccessToken:427'),
('a0957290-68e6-4cf4-948d-23e1384ca3e5','Laravel\\Sanctum\\PersonalAccessToken'),
('a0957290-6952-429a-a0cb-6b78024c75bb','Laravel\\Sanctum\\PersonalAccessToken:427'),
('a0957290-697a-42be-91d4-b45afc1f1075','Auth:52'),
('a0957290-698f-422a-ba84-c6fcc14ef122','Auth:52'),
('a0957290-69a3-49ea-b845-5c3c30ee94d6','Auth:52'),
('a0957290-69b4-42a7-afbb-2c6e9225fd63','Auth:52'),
('a0957290-69c5-4e99-9004-46dba91f1df6','Auth:52'),
('a0957290-6a15-44f2-ac63-d3aac9e14404','App\\Models\\User'),
('a0957290-6a35-402f-9279-9ac234f05887','Laravel\\Sanctum\\PersonalAccessToken:427'),
('a0957290-6a6c-4b5f-b23f-6497c193e210','Auth:52'),
('a0957290-6a8c-4fd8-9305-38c9a384efa6','Auth:52'),
('a0957290-6a9d-433a-a42d-aa125d099c18','Laravel\\Sanctum\\PersonalAccessToken:427'),
('a0957290-6b36-4db5-9b68-31f69b5e66a0','Auth:52'),
('a0957290-6b74-407d-8db5-f588182a3f39','Auth:52'),
('a0957290-6b86-44f0-bfc9-7af17d74f26e','App\\Models\\Banner'),
('a0957290-6b86-44f0-bfc9-7af17d74f26e','Auth:52'),
('a0957290-6c91-4a3e-94d5-a539c525a64a','Auth:52'),
('a0957290-6ca4-42d2-b3f8-f640d3df617a','Auth:52'),
('a0957290-6d00-4cab-827d-a014666283c6','Auth:52'),
('a0957290-6d13-44bd-8918-28a114f4ee28','Auth:52'),
('a0957290-6d46-4f44-9a0f-aa3400ab069a','Auth:52'),
('a0957290-6d6f-4145-a022-121547ed1dd0','Auth:52'),
('a09572a0-5ec4-45d2-a923-526ae2378886','Laravel\\Sanctum\\PersonalAccessToken'),
('a09572a0-5fd9-4041-a1e5-1ff386b3b71c','Laravel\\Sanctum\\PersonalAccessToken'),
('a09572a0-60a2-4ef3-b7ac-b536af3b78d4','App\\Models\\User'),
('a09572a0-60d3-41f2-a1c3-345e14108b6d','Laravel\\Sanctum\\PersonalAccessToken:427'),
('a09572a0-60fc-4d68-8194-e7af0a06f2fa','App\\Models\\User'),
('a09572a0-611a-4647-ab62-2cf03bac653b','Laravel\\Sanctum\\PersonalAccessToken:427'),
('a09572a0-616e-46c5-9805-588860e67548','Laravel\\Sanctum\\PersonalAccessToken:427'),
('a09572a0-6179-42b4-889c-f29dc47d3b0f','Laravel\\Sanctum\\PersonalAccessToken:427'),
('a09572a0-619d-481a-ae56-eea2490f828e','Auth:52'),
('a09572a0-61b0-4a51-9554-e8fecd8acca1','Auth:52'),
('a09572a0-61c2-451e-ae2d-fb34bb44185a','Auth:52'),
('a09572a0-61d2-4911-bf61-5de68d38dc16','Auth:52'),
('a09572a0-61e2-4004-b519-bfb37799543f','Auth:52'),
('a09572a0-6243-4df5-923f-b0c70e3bb86a','Auth:52'),
('a09572a0-627f-4a00-b1ce-9274b8429fb3','Auth:52'),
('a09572a0-629a-4d87-92a7-8f3621cc7d21','Auth:52'),
('a09572a0-629c-47b9-82cc-862b6c1b8966','Auth:52'),
('a09572a0-62b6-4e11-910f-e305cbee43cf','App\\Models\\Banner'),
('a09572a0-62b6-4e11-910f-e305cbee43cf','Auth:52'),
('a09572a0-6436-4ce3-bbd7-20f70b805249','Auth:52'),
('a09572a0-6455-4e61-a53f-2038c7d69165','Auth:52'),
('a09572a0-64d4-4cc7-b755-99ff8fa9b7bd','Auth:52'),
('a09572a0-64f0-4b7b-8715-e65009582dc8','Auth:52'),
('a09572a0-6534-41de-969f-388d950c1c93','Auth:52'),
('a09572a0-6568-4500-bc4e-be6c576eeb4b','Auth:52'),
('a09572a3-3180-4569-b751-97409e482bbc','Laravel\\Sanctum\\PersonalAccessToken'),
('a09572a3-336c-45f6-8d05-149df3fc4630','App\\Models\\User'),
('a09572a3-33a0-47f9-a08d-6d36c7bbb868','Laravel\\Sanctum\\PersonalAccessToken:427'),
('a09572a3-3446-4a20-a2d5-0a005c555711','Laravel\\Sanctum\\PersonalAccessToken:427'),
('a09572a3-351d-4f8a-8abb-83263c0657c4','Auth:52'),
('a09572a3-3570-47d7-8fbf-4d29108aef48','Auth:52'),
('a09572a3-358d-4682-8e29-128b29142363','App\\Models\\Banner'),
('a09572a3-358d-4682-8e29-128b29142363','Auth:52'),
('a09572a3-3728-4708-bdfb-581ab9a2fae4','Auth:52'),
('a09572a3-374a-4a40-84f6-f8360e4399b1','Auth:52'),
('a09572a3-37ea-46a2-93e5-58f11df0c59c','Auth:52'),
('a09572a3-3822-48ab-ac8d-8d610c3ad3b6','Auth:52'),
('a09572a7-f5ea-4253-aca5-4ea834b000b6','Laravel\\Sanctum\\PersonalAccessToken'),
('a09572a7-f7dc-43a8-a5e1-c9356f818633','App\\Models\\User'),
('a09572a7-f80d-419d-a78e-50dfec230859','Laravel\\Sanctum\\PersonalAccessToken:427'),
('a09572a7-f8b4-425a-926c-1d0167ad0b9d','Laravel\\Sanctum\\PersonalAccessToken:427'),
('a09572a7-f8f2-4323-ac30-12ad410f9c2b','Auth:52'),
('a09572a7-f914-4370-97c7-8dd2130c7a55','Auth:52'),
('a09572a7-f932-4137-b30c-432f75f98fba','Auth:52'),
('a09572a7-f94f-4585-963f-acd364190fba','Auth:52'),
('a09572a7-f96c-442f-b237-6a8458c14249','Auth:52'),
('a09572a7-fa6e-4502-b853-4ca80272cc0c','Auth:52'),
('a09572a7-fa9e-4d0a-852f-8102f75c8d6d','Auth:52'),
('a09572a8-3762-4935-ac03-a06be576a01b','Laravel\\Sanctum\\PersonalAccessToken'),
('a09572a8-392f-4d5d-a36c-46b46c4c5ca3','App\\Models\\User'),
('a09572a8-395e-4358-aa4b-77c6c4100211','Laravel\\Sanctum\\PersonalAccessToken:427'),
('a09572a8-3a4d-4fd8-a95c-510c1790cc16','Auth:52'),
('a09572a8-3aa0-41d2-b5ed-6edc3d67e2ba','Auth:52'),
('a09572a8-3abc-48b1-9421-ad446d65eed3','App\\Models\\Banner'),
('a09572a8-3abc-48b1-9421-ad446d65eed3','Auth:52'),
('a09572a8-3c44-476f-a570-eb4dda929111','Auth:52'),
('a09572a8-3c63-4bf5-8bfd-9001d662bc21','Auth:52'),
('a09572a8-3ce1-4a15-a8e6-b49aea51dc98','Auth:52'),
('a09572a8-3cfd-45c9-9df0-3fe9972af478','Auth:52'),
('a09572a8-3d46-4e2e-b248-06d6b00ef816','Auth:52'),
('a09572a8-3d79-4396-9539-d7b4960bd9b2','Auth:52'),
('a09572ab-8381-4f59-bc38-e0574dfe86ea','Laravel\\Sanctum\\PersonalAccessToken'),
('a09572ab-84c0-4103-b370-04c260a9028c','App\\Models\\User'),
('a09572ab-84e1-4cb0-8480-105af29c6e57','Laravel\\Sanctum\\PersonalAccessToken:427'),
('a09572ab-854f-469e-8557-2f08509da7e7','Laravel\\Sanctum\\PersonalAccessToken:427'),
('a09572ab-85e9-464d-91c1-2e524cf6052d','Auth:52'),
('a09572ab-862f-4e3b-a0f6-fb528eb82726','Auth:52'),
('a09572ab-8645-42c3-b299-01aa4fb79c75','App\\Models\\Banner'),
('a09572ab-8645-42c3-b299-01aa4fb79c75','Auth:52'),
('a09572ab-874a-40c3-a81b-586d47ed83be','Auth:52'),
('a09572ab-875e-4e9a-add9-8291d38241d7','Auth:52'),
('a09572ab-87c5-4a2d-aef9-24720ea4a4cc','Auth:52'),
('a09572ab-87e9-4bd4-ae86-a3e1d2170594','Auth:52'),
('a09572b3-48af-4fc6-ae8b-c6b47fc3d9b9','Laravel\\Sanctum\\PersonalAccessToken'),
('a09572b3-4a0b-440c-a923-80430ae27bb0','App\\Models\\User'),
('a09572b3-4a34-4b92-81cc-0f9182c65bf7','Laravel\\Sanctum\\PersonalAccessToken:427'),
('a09572b3-4ad4-4fdb-823a-b4836104d322','Laravel\\Sanctum\\PersonalAccessToken:427'),
('a09572b3-4c80-4433-ad44-9aea6fc0ed3a','Auth:52'),
('a09572b3-4d0c-4ddc-9196-3de9f8216b5f','Auth:52'),
('a09572b3-4d28-465b-bb53-021ffbc488c3','App\\Models\\Banner'),
('a09572b3-4d28-465b-bb53-021ffbc488c3','Auth:52'),
('a09572b3-4d68-44c2-b4ba-ab2725f1395b','Auth:52'),
('a09572b3-4d7e-431a-999b-87afc5da0f96','Auth:52'),
('a09572b3-4d90-4221-92eb-ce3d22f5d1e4','Auth:52'),
('a09572b3-4da0-4865-8259-8ce1535e2ff6','Auth:52'),
('a09572b3-4db2-4563-882f-f12876cce2a8','Auth:52'),
('a09572b3-4dd0-4013-9439-b0093f32fef5','Auth:52'),
('a09572b3-4de0-4fce-857b-b6a21b468810','Auth:52'),
('a09572b3-4e85-4854-9ce6-1ddf8b2c12f1','Auth:52'),
('a09572b3-4e98-433c-8c49-04cf70d34700','App\\Models\\Wallet'),
('a09572b3-4e98-433c-8c49-04cf70d34700','Auth:52'),
('a09572b3-4ed8-479a-9faa-cdc8c5bdbd53','Auth:52'),
('a09572b3-4f22-4026-b222-30dabfee6882','Auth:52'),
('a09572b3-4f36-42e4-8b7b-8df05c8d043b','App\\Models\\Wallet:63'),
('a09572b3-4f36-42e4-8b7b-8df05c8d043b','Auth:52'),
('a09572b3-4fbc-4cb8-b20e-0ed930f874ce','Auth:52'),
('a09572b3-4fce-4055-be64-8c13d2f79f7c','App\\Models\\WalletTransaction:227'),
('a09572b3-4fce-4055-be64-8c13d2f79f7c','Auth:52'),
('a09572b3-5046-4359-b9b0-cbf578005449','Auth:52'),
('a09572b3-5068-43ef-9874-bf4ab3423115','App\\Models\\Banner:95'),
('a09572b3-5068-43ef-9874-bf4ab3423115','Auth:52'),
('a09572b3-51a9-4c37-94f9-0213ea39345a','Auth:52'),
('a09572b3-51b9-4b82-ab05-875124c216bf','App\\Models\\Notification:f7063f06-a5a3-4857-85b8-b22d31ad9efa'),
('a09572b3-51b9-4b82-ab05-875124c216bf','Auth:52'),
('a09572b3-51cf-4507-8bf8-a652058ffb90','App\\Models\\User:52'),
('a09572b3-51cf-4507-8bf8-a652058ffb90','Auth:52'),
('a09572b3-5234-4c76-be33-dde0f587ac48','App\\Models\\User:52'),
('a09572b3-5234-4c76-be33-dde0f587ac48','Auth:52'),
('a09572b3-5288-4ee7-bab4-f78fa5b44363','Auth:52'),
('a09572b3-529d-4587-8639-4ad71016c79b','App\\Models\\User:52'),
('a09572b3-529d-4587-8639-4ad71016c79b','Auth:52'),
('a09572b3-52c7-446e-8dca-861ba8aee870','App\\Models\\Banner:95'),
('a09572b3-52c7-446e-8dca-861ba8aee870','Auth:52'),
('a09572b3-5313-4d17-a6e5-2744fb67d6f5','Auth:52'),
('a09572b3-5337-4f8f-8d2c-f06c5faf191c','App\\Models\\Banner:95'),
('a09572b3-5337-4f8f-8d2c-f06c5faf191c','Auth:52'),
('a09572b3-53e5-4d79-b1e2-f79b08e33c8e','Auth:52'),
('a09572b3-549c-437f-b6a4-5b72fa8281b0','Auth:52'),
('a09572b3-54be-4e0e-a1a4-4e4d70f7614e','Auth:52'),
('a09572b3-c2a2-4414-95ba-268b9010ba13','Laravel\\Sanctum\\PersonalAccessToken'),
('a09572b3-c3e6-4fff-be65-b531c5c52ab2','App\\Models\\User'),
('a09572b3-c408-453a-9739-1516c72e8397','Laravel\\Sanctum\\PersonalAccessToken:427'),
('a09572b3-c4aa-4117-aaf3-f09c9a80e779','Auth:52'),
('a09572b3-c5a4-43c1-ae29-3508351e969b','Auth:52'),
('a09572b3-c5c6-47a0-9255-e7e85087ca25','Auth:52'),
('a09572b6-2b28-4840-a0ba-8260ce175837','App\\Models\\User'),
('a09572b6-2b9a-4c57-9a43-0896711c26dc','App\\Models\\Wallet'),
('a09572b6-2c72-4af1-8725-3e28bddb7a76','App\\Models\\Device'),
('a09572b6-abec-4c88-8425-ac53bf7e8f59','fcm.googleapis.com'),
('a09572b6-b0cc-4719-94a2-cca88b5fc386','App\\Models\\Banner'),
('a09572b6-b19a-46a1-bf70-ac562f791605','App\\Models\\Banner:95'),
('a09572b6-b207-4b93-8071-bd51723ea7c1','App\\Models\\User'),
('a09572b6-b28c-4f6a-8d30-3d3f0ab0b489','App\\Models\\Notification:724a8246-a5d5-4f28-9115-fde4f0142fd7'),
('a09572b6-b29d-4d2b-80bd-10ca22ca1c8f','App\\Models\\User:52'),
('a09572b6-b2b6-4627-b4b6-9abfc9026efd','App\\Models\\User:52'),
('a09572b6-b30a-4883-bd58-cce96daf9f7d','App\\Models\\User:52'),
('a09572b6-b690-4d48-bfb3-a2f56071fc6c','App\\Models\\User'),
('a09572b6-b700-47c0-95d3-6c927c5a069b','App\\Models\\Device'),
('a09572b7-34e5-466c-9609-816a19aebc4b','fcm.googleapis.com'),
('a09572b7-4f64-42a3-8e0b-c5b056d20668','Laravel\\Sanctum\\PersonalAccessToken'),
('a09572b7-5170-464b-9ee6-5be64a9a6132','App\\Models\\User'),
('a09572b7-519e-4054-b75c-9239b2598e43','Laravel\\Sanctum\\PersonalAccessToken:427'),
('a09572b7-5232-4e94-a431-b9ce94e02401','Laravel\\Sanctum\\PersonalAccessToken:427'),
('a09572b7-5496-4c33-8aa1-80e3529315bb','Auth:52'),
('a09572b7-55cb-45e0-ac85-f2aa6d0fc9a2','Auth:52'),
('a09572b7-55fd-46f2-b56c-31d510717016','Auth:52'),
('a09572b7-d218-4c35-ab5b-6f8b4c0443a5','Laravel\\Sanctum\\PersonalAccessToken'),
('a09572b7-d377-4c6e-9a63-4e72d29572b0','App\\Models\\User'),
('a09572b7-d396-4e6e-ab10-5a797ede9b5f','Laravel\\Sanctum\\PersonalAccessToken:427'),
('a09572b7-d408-403b-ac3b-f66a7106123d','Laravel\\Sanctum\\PersonalAccessToken:427'),
('a09572b7-d4a4-4e4f-9971-7fc2f211fd94','Auth:52'),
('a09572b7-d563-425a-a456-c9d6a3a430b2','Auth:52'),
('a09572b7-d581-459a-90d5-228dcf86fc1c','Auth:52'),
('a09572ba-5115-4da4-964a-4643a7f6d600','Laravel\\Sanctum\\PersonalAccessToken'),
('a09572ba-5265-4d46-a3b0-764ab1c92b7c','App\\Models\\User'),
('a09572ba-5287-4386-b34a-afc42de0fbd0','Laravel\\Sanctum\\PersonalAccessToken:427'),
('a09572ba-52f1-4583-aaff-6d825f056375','Laravel\\Sanctum\\PersonalAccessToken:427'),
('a09572ba-5317-487f-959a-0aeab2ee4cf5','Auth:52'),
('a09572ba-532c-44a2-8a75-36fa577487f9','Auth:52'),
('a09572ba-533d-46dc-acaf-aaa9d63ae4bf','Auth:52'),
('a09572ba-534e-4b0e-ae18-b9fa29f8c1f8','Auth:52'),
('a09572ba-535e-47cd-8fda-cb5aa32031a5','Auth:52'),
('a09572ba-53f4-441e-be9e-7818b8122415','Auth:52'),
('a09572ba-5414-480d-99f7-96f7a8cbf065','Auth:52'),
('a09572ba-9f55-48ed-8111-13a21186ea67','Laravel\\Sanctum\\PersonalAccessToken'),
('a09572ba-a08b-4b65-90f7-c09b77aefa70','App\\Models\\User'),
('a09572ba-a0ad-416f-b07d-0ce1767cf0c9','Laravel\\Sanctum\\PersonalAccessToken:427'),
('a09572ba-a114-4a5f-ac06-62e9671df966','Laravel\\Sanctum\\PersonalAccessToken:427'),
('a09572ba-a1a0-4f9a-9a64-ef430a0df6b6','Auth:52'),
('a09572ba-a1d8-4fea-83a5-2536363ac201','Auth:52'),
('a09572ba-a1ea-409f-a581-bddc59f41c2e','App\\Models\\Banner'),
('a09572ba-a1ea-409f-a581-bddc59f41c2e','Auth:52'),
('a09572ba-a2ef-43e3-882e-8b8d880ec583','Auth:52'),
('a09572ba-a303-4585-a92e-799a5baffe0b','Auth:52'),
('a09572ba-a34d-4b1f-817b-c8e5283e9f27','Auth:52'),
('a09572ba-a35f-4607-b1be-cb2291e4a744','Auth:52'),
('a09572ba-a38c-463e-b9c7-e2456cf837e6','Auth:52'),
('a09572ba-a3ad-4900-a86c-f0d41755f092','Auth:52'),
('a09572d1-7908-4317-997c-4b85f14b36ec','Laravel\\Sanctum\\PersonalAccessToken'),
('a09572d1-7ae0-453a-894c-bdbdcbc80992','App\\Models\\User'),
('a09572d1-7b05-4160-b6f6-fdde95e6b906','Laravel\\Sanctum\\PersonalAccessToken:427'),
('a09572d1-7b81-4b16-b3ad-0983ff27ac75','Laravel\\Sanctum\\PersonalAccessToken:427'),
('a09572d1-7c31-4ea6-88f2-9bdad700c351','Auth:52'),
('a09572d1-7d20-45bd-b39c-59e96bf6330d','Auth:52'),
('a09572d1-7d25-4088-83b7-ba841aaf4e02','Laravel\\Sanctum\\PersonalAccessToken'),
('a09572d1-7d40-49ea-8780-4bf695e5ffb9','Auth:52'),
('a09572d1-7f89-45ec-aa49-01e603f3f8e2','App\\Models\\User'),
('a09572d1-7fc2-4d37-a242-906bf98e06e2','Laravel\\Sanctum\\PersonalAccessToken:427'),
('a09572d1-80be-4b97-8485-d0408336719a','Auth:52'),
('a09572d1-81a5-4847-9117-ce9413fe4613','Laravel\\Sanctum\\PersonalAccessToken'),
('a09572d1-820b-4bcc-b6cd-afa16fb6c042','Auth:52'),
('a09572d1-823b-43ea-b911-ee61b83b39b1','Auth:52'),
('a09572d1-8278-4972-8a8e-49ff0ece564f','App\\Models\\User'),
('a09572d1-834b-460e-b92b-9412c94fc3f0','Laravel\\Sanctum\\PersonalAccessToken:427'),
('a09572d1-83f6-4819-8695-d3c55a163a99','Auth:52'),
('a09572d1-8412-4ebb-b9f4-d8b6cf8c3442','App\\Models\\Banner'),
('a09572d1-8412-4ebb-b9f4-d8b6cf8c3442','Auth:52'),
('a09572d1-84a5-4352-af1b-48b6a740db26','Auth:52'),
('a09572d1-84b9-4637-97f0-aa679dc5fcc4','App\\Models\\JobApplication'),
('a09572d1-84b9-4637-97f0-aa679dc5fcc4','Auth:52'),
('a09572d1-8539-4075-b12a-5996b1c6e4cd','Auth:52'),
('a09572d1-854c-4a9a-b56d-7f40fe36703b','App\\Models\\Category'),
('a09572d1-854c-4a9a-b56d-7f40fe36703b','Auth:52'),
('a09572d1-85db-4a2f-aa11-9f262e2cf3e4','Auth:52'),
('a09572d1-864b-45fc-a596-757861243e1a','Auth:52'),
('a09572d1-8806-44e6-88b0-f9bff4aa2af6','Auth:52'),
('a09572d1-881c-49e2-b4c3-806e92763e5b','App\\Models\\Country'),
('a09572d1-881c-49e2-b4c3-806e92763e5b','Auth:52'),
('a09572d1-886c-4253-be93-39bae8abbb26','Auth:52'),
('a09572d1-887e-4db2-a6b8-8f6e91f2c305','App\\Models\\City'),
('a09572d1-887e-4db2-a6b8-8f6e91f2c305','Auth:52'),
('a09572d1-88c4-452b-949d-9e9ab4f65c0e','Auth:52'),
('a09572d1-88d6-4909-8ce4-9d857480d7d0','App\\Models\\Advert'),
('a09572d1-88d6-4909-8ce4-9d857480d7d0','Auth:52'),
('a09572d1-8911-48ae-9a86-8e8b3c96aaf2','Auth:52'),
('a09572d1-8941-4649-a773-1eaae4c1d8bc','Auth:52'),
('a09572d1-8985-444f-aba4-1ded98143b25','Auth:52'),
('a09572d1-89d8-4463-81c3-acf4c24985bb','Auth:52'),
('a09572d1-8a18-4321-aa8c-3f40af76f33a','Auth:52'),
('a09572d1-8a63-4540-9867-50478ddf3ad2','Auth:52'),
('a09572d1-8aaf-4336-9303-bf624d718f2b','Auth:52'),
('a09572d1-8aeb-4c3e-ad9c-96713d419562','Auth:52'),
('a09572d1-8b1d-4977-a9a9-dca9b576c4ed','Auth:52'),
('a09572d1-8b61-425d-aaad-b8c797db70e5','Auth:52'),
('a09572d1-8b98-4513-bede-6ec4586ce40b','Auth:52'),
('a09572d1-8bc4-42cb-970d-5487b7c5b119','Auth:52'),
('a09572d1-8c01-4fa1-b156-6f223a1a0e1a','Auth:52'),
('a09572d1-8c3e-4109-9bf7-2807849daa16','Auth:52'),
('a09572d1-8c79-4a1b-b6fc-894cc947de4c','Auth:52'),
('a09572d1-8cb4-4493-9f98-7ce0f0e1a0f4','Auth:52'),
('a09572d1-8ced-43e6-9729-1a3e48711928','Auth:52'),
('a09572d1-8d26-4de9-81f0-a0b9df8d2d24','Auth:52'),
('a09572d1-8d58-422f-a8e7-8ee6366b76ff','Auth:52'),
('a09572d1-8d80-4be8-a8b2-77ad54973b06','Auth:52'),
('a095f75b-da5f-40af-a261-c914fa9990cd','slow');

--
-- Table structure for table `telescope_monitoring`
--

CREATE TABLE `telescope_monitoring` (
  `tag` varchar(191) NOT NULL,
  PRIMARY KEY (`tag`)
) ENGINE=InnoDB DEFAULT CHARSET=utf8mb4 COLLATE=utf8mb4_unicode_ci;

--
-- Dumping data for table `telescope_monitoring`
--


--
-- Table structure for table `user_reports`
--

CREATE TABLE `user_reports` (
  `id` bigint(20) unsigned NOT NULL AUTO_INCREMENT,
  `reporter_id` bigint(20) unsigned NOT NULL,
  `reported_type` varchar(191) NOT NULL,
  `reported_id` bigint(20) unsigned NOT NULL,
  `content` text NOT NULL,
  `created_at` timestamp NULL DEFAULT NULL,
  `updated_at` timestamp NULL DEFAULT NULL,
  PRIMARY KEY (`id`),
  KEY `user_reports_reporter_id_foreign` (`reporter_id`),
  KEY `user_reports_reported_type_reported_id_index` (`reported_type`,`reported_id`),
  CONSTRAINT `user_reports_reporter_id_foreign` FOREIGN KEY (`reporter_id`) REFERENCES `users` (`id`) ON DELETE CASCADE
) ENGINE=InnoDB AUTO_INCREMENT=9 DEFAULT CHARSET=utf8mb4 COLLATE=utf8mb4_unicode_ci;

--
-- Dumping data for table `user_reports`
--


--
-- Table structure for table `user_updates`
--



--
-- Dumping data for table `user_updates`
--



--
-- Table structure for table `users`
--

CREATE TABLE `users` (
  `id` bigint(20) unsigned NOT NULL AUTO_INCREMENT,
  `name` varchar(50) NOT NULL,
  `type` tinyint(4) NOT NULL DEFAULT 1 COMMENT 'userType: 1 = Person, 2 = Company, 3 = Marketer',
  `country_code` varchar(5) NOT NULL DEFAULT '966',
  `phone` varchar(15) NOT NULL,
  `email` varchar(50) DEFAULT NULL,
  `avatar` varchar(50) DEFAULT NULL,
  `logo` varchar(50) DEFAULT NULL,
  `cover_image` varchar(50) DEFAULT NULL,
  `password` varchar(100) NOT NULL,
  `country_id` bigint(20) unsigned DEFAULT NULL,
  `city_id` bigint(20) unsigned DEFAULT NULL,
  `lat` decimal(10,8) DEFAULT NULL,
  `lng` decimal(11,8) DEFAULT NULL,
  `map_desc` varchar(255) DEFAULT NULL,
  `code` varchar(10) DEFAULT NULL,
  `code_expire` timestamp NULL DEFAULT NULL,
  `affiliate_code` varchar(10) DEFAULT NULL,
  `referred_by` bigint(20) unsigned DEFAULT NULL,
  `total_commission` decimal(8,2) NOT NULL DEFAULT 0.00,
  `iban` varchar(191) DEFAULT NULL,
  `avg_rating` decimal(8,2) NOT NULL DEFAULT 0.00,
  `is_active` tinyint(1) NOT NULL DEFAULT 0,
  `is_blocked` tinyint(1) NOT NULL DEFAULT 0,
  `marketer_type` tinyint(4) DEFAULT NULL COMMENT 'marketerType: 1 = Person, 2 = Company',
  `deleted_at` timestamp NULL DEFAULT NULL,
  `created_at` timestamp NOT NULL DEFAULT current_timestamp(),
  `updated_at` timestamp NOT NULL DEFAULT current_timestamp() ON UPDATE current_timestamp(),
  `is_notify` tinyint(1) NOT NULL DEFAULT 1,
  PRIMARY KEY (`id`),
  KEY `users_country_id_foreign` (`country_id`),
  KEY `users_city_id_foreign` (`city_id`),
  KEY `users_referred_by_foreign` (`referred_by`),
  CONSTRAINT `users_city_id_foreign` FOREIGN KEY (`city_id`) REFERENCES `cities` (`id`) ON DELETE CASCADE,
  CONSTRAINT `users_country_id_foreign` FOREIGN KEY (`country_id`) REFERENCES `countries` (`id`) ON DELETE CASCADE,
  CONSTRAINT `users_referred_by_foreign` FOREIGN KEY (`referred_by`) REFERENCES `users` (`id`) ON DELETE SET NULL
) ENGINE=InnoDB AUTO_INCREMENT=117 DEFAULT CHARSET=utf8mb4 COLLATE=utf8mb4_unicode_ci;

--
-- Dumping data for table `users`
--

INSERT INTO `users` (`id`, `name`, `type`, `country_code`, `phone`, `email`, `avatar`, `logo`, `cover_image`, `password`, `country_id`, `city_id`, `lat`, `lng`, `map_desc`, `code`, `code_expire`, `affiliate_code`, `referred_by`, `total_commission`, `iban`, `avg_rating`, `is_active`, `is_blocked`, `marketer_type`, `deleted_at`, `created_at`, `updated_at`, `is_notify`) VALUES (1,'Amir Anwar',1,'974','50789123','amir8@amir.com','1748422485_8234.png',NULL,NULL,'$2y$10$b4n575TJYClqk1HkENOjd.M8JmS8q2yPT8sjn4JRpsu6ENRdfaH4e',NULL,NULL,NULL,NULL,NULL,NULL,NULL,NULL,NULL,0.00,NULL,4.00,1,0,NULL,'2025-06-24 11:26:27','2025-05-28 08:54:45','2025-06-24 11:26:27',1),
(2,'Adham_dev',3,'966','566123789','adham_devv@aait.com','1748440375_2861.jpg',NULL,NULL,'$2y$10$TCZXvQkTN5Yslq9w6EKOs.gfOH7nrSLvdfXJUCeIW3h.PTDP19zD2',NULL,NULL,NULL,NULL,NULL,NULL,NULL,'BE1B83EB1C',NULL,480.00,NULL,0.00,1,0,1,NULL,'2025-05-28 09:48:33','2025-11-06 09:12:31',1),
(4,'Amir Anwar',1,'966','500500509','asdas@amir.com','1748434511_6417.png',NULL,NULL,'$2y$10$txl8qPfIUcH5D8Mq8/qNbuqbk3dt2.zLDUciHtykmEL/256FhiOg.',NULL,NULL,NULL,NULL,NULL,NULL,NULL,NULL,NULL,0.00,NULL,0.00,1,0,NULL,NULL,'2025-05-28 12:15:11','2025-11-26 18:36:49',1),
(5,'اللل',1,'966','566369369','dgsjeijs@djd.com','1748434973_4981.jpg',NULL,NULL,'$2y$10$hz/aShWpQFbjdS3sYSw91.wHPJx8aPlIDwlcSIM1Tob9bnGAZ9yD2',NULL,NULL,NULL,NULL,NULL,NULL,NULL,NULL,NULL,0.00,NULL,0.00,1,0,NULL,'2025-06-24 11:26:27','2025-05-28 12:22:53','2025-06-24 11:26:27',1),
(6,'qatar',1,'974','14725836','test@vhh.com','1748437854_8975.jpg',NULL,NULL,'$2y$10$Aglvzks6GxEjlOZe1uIkMua8qYerlIU6YhhfB9V/cLemTkYRQqETi',NULL,NULL,NULL,NULL,NULL,NULL,NULL,NULL,NULL,0.00,NULL,0.00,1,0,NULL,'2025-06-24 11:26:27','2025-05-28 13:03:56','2025-06-24 11:26:27',1),
(7,'مي احمد',1,'966','111111111','as@yahoo.com','1748944473_1732.png',NULL,NULL,'$2y$10$YVFnrzWtJm1RAj6hwj/zk.AQOtjtx0WI7FvAgqDoG5DzlGRCfAB0q',NULL,NULL,NULL,NULL,NULL,NULL,NULL,'4A8B59399A',NULL,0.00,NULL,0.00,1,0,NULL,'2025-06-24 11:26:18','2025-06-03 07:09:40','2025-06-24 11:26:18',0),
(9,'hh',3,'966','591111111','aa@gmail.com','1749648281_9223.jpg',NULL,NULL,'$2y$10$5qY1IxN5XpAXNo8oy/rQx.TYYI1j6AWbX992CZFy5MrLR6lNKjGGy',NULL,NULL,NULL,NULL,NULL,NULL,NULL,'8BDE24A3A9',NULL,0.00,NULL,2.50,1,0,1,'2025-06-24 11:27:35','2025-06-11 09:03:13','2025-06-24 11:27:35',0),
(10,'a7yrr',3,'966','591111112','12@gmail.com',NULL,NULL,NULL,'$2y$10$5qY1IxN5XpAXNo8oy/rQx.TYYI1j6AWbX992CZFy5MrLR6lNKjGGy',NULL,NULL,NULL,NULL,NULL,NULL,NULL,'2300725F98',NULL,0.00,NULL,4.00,1,0,3,'2025-06-24 11:27:35','2025-06-11 10:49:43','2025-06-24 11:27:35',1),
(11,'amir anwar',1,'966','591111113','aash@gmail.com',NULL,NULL,NULL,'$2y$10$3hd3ai/L6rLZuEN.mR4FwuscAY7Kan53GR/bt5X7LCyHatRB5rQe2',NULL,NULL,NULL,NULL,NULL,'1234','2025-06-15 12:21:40',NULL,NULL,0.00,NULL,0.00,1,0,NULL,'2025-06-24 11:26:18','2025-06-11 10:52:29','2025-06-24 11:26:18',1),
(12,'fgh',1,'966','591111115','aghaj@gmail.com',NULL,NULL,NULL,'$2y$10$mbXwpfxypbDlWg7GJMqVcO4zM5Ufz2Msgu4OXFTVuXbo2o.eWAudm',NULL,NULL,NULL,NULL,NULL,'1234','2025-06-11 10:55:07',NULL,NULL,0.00,NULL,0.00,0,0,NULL,'2025-06-24 11:26:18','2025-06-11 10:54:07','2025-06-24 11:26:18',1),
(13,'klam',2,'966','541837668','a@o.com',NULL,'1749731324_6247.jpg','1749731324_8076.jpg','$2y$10$Zp48YG2CdVCZ0I3n6tJdKeOSLmAbUjRri9jZKTxDz2P049vuSrkRy',NULL,NULL,31.04000000,31.38000000,'29RH+99H، المنصورة (قسم 2)، اول المنصورة، محافظة الدقهلية 7650935، مصر','1234','2025-10-13 07:40:03',NULL,NULL,0.00,NULL,0.00,1,0,NULL,NULL,'2025-06-12 12:28:44','2025-10-13 07:39:03',1),
(14,'فرد جديد',3,'966','502111112','q@q.com','1749968596_6173.png',NULL,NULL,'$2y$10$5qY1IxN5XpAXNo8oy/rQx.TYYI1j6AWbX992CZFy5MrLR6lNKjGGy',NULL,NULL,NULL,NULL,NULL,NULL,NULL,'67531BD5F7',NULL,0.00,NULL,0.00,1,0,1,'2025-06-24 11:27:35','2025-06-15 06:23:16','2025-06-24 11:27:35',1),
(15,'test',1,'966','566858585','test@testh.com','1749976429_5188.jpg',NULL,NULL,'$2y$10$U7xwSIi2WS4Qdl3Cu6IqNe1pLxGmYNqqvPJpeFTAPmtSS16xn1gEG',NULL,NULL,NULL,NULL,NULL,NULL,NULL,NULL,NULL,0.00,NULL,0.00,1,0,NULL,'2025-06-24 11:26:18','2025-06-15 08:33:49','2025-06-24 11:26:18',1),
(16,'gggg',1,'966','111111113','sss@sss.com','1749977450_1472.png',NULL,NULL,'$2y$10$wL0ddESGr7alCNwCx2J9a.yobjfBJ54i8S4fY0flenl2uHHQ53niO',NULL,NULL,NULL,NULL,NULL,NULL,NULL,NULL,NULL,0.00,NULL,0.00,1,0,NULL,'2025-06-24 11:26:18','2025-06-15 08:50:50','2025-06-24 11:26:18',1),
(18,'يوزر يوزر',1,'966','111111122','rrr@rr.com','1750058963_2943.png',NULL,NULL,'$2y$10$nVPEToE2F8cCw4va14BhM.w4xWaDwg9ppdfcPSkDT5NdawJduckhy',NULL,NULL,NULL,NULL,NULL,NULL,NULL,'6FA868E2CE',NULL,0.00,NULL,0.00,1,0,NULL,'2025-06-24 11:26:18','2025-06-16 07:29:23','2025-06-24 11:26:18',1),
(19,'يوزر 2',1,'966','111111133','tt@tt.com','1750060343_9392.jpg',NULL,NULL,'$2y$10$YK1FGSBiHZENRhV5DF7OSu5/ifb7vTHIE2zgAWHVp4.PN.7vdAVey',NULL,NULL,NULL,NULL,NULL,NULL,NULL,NULL,NULL,0.00,NULL,0.00,1,0,NULL,'2025-06-24 11:26:18','2025-06-16 07:52:23','2025-06-24 11:26:18',1),
(20,'مي',1,'966','159159159','vvv@vv.com','1750153157_8531.png',NULL,NULL,'$2y$10$2SKtHXfnkkGe2TwKMTxUsuQ6la9F0uXdxOVqiLJD0txkmwAxfGMSm',NULL,NULL,NULL,NULL,NULL,NULL,NULL,NULL,NULL,0.00,NULL,0.00,1,0,NULL,'2025-06-24 11:26:18','2025-06-16 13:02:14','2025-06-24 11:26:18',1),
(21,'فرد نيو',1,'966','111111114','aaa@aaaa.com','1750141757_5324.jpg',NULL,NULL,'$2y$10$JI0CnCooEOlBvk/.Qm8Aje.5Sv9uBB3thXvq1AVia4h5rF.Qx3ATW',NULL,NULL,NULL,NULL,NULL,NULL,NULL,'1963394E87',NULL,0.00,NULL,0.00,1,0,NULL,'2025-06-24 11:26:18','2025-06-17 06:29:17','2025-06-24 11:26:18',1),
(23,'الكثيرى للسيارات',2,'966','8003044442','info@alkathirimotors.com',NULL,'1750160607_3481.jpg','1750160607_3794.jpg','$2y$10$balULL4UBgpqvLEzUq8mP.5Ge4pLGntzJPWkzyRfV6ArasRikuQKO',1,3,NULL,NULL,'RLMB2982',NULL,NULL,NULL,NULL,0.00,NULL,1.00,1,0,NULL,NULL,'2025-06-17 11:43:27','2025-06-18 13:08:48',1),
(24,'Yehia Ahmed',3,'966','584937206','yehiaahmed@gmail.com','1750162288_9176.png',NULL,NULL,'$2y$10$bgwCZ/j6ZdmkLy17VWPXgekW79oow8t2emYJE3tyE2YI5BTj1QTYi',NULL,NULL,NULL,NULL,NULL,NULL,NULL,'6905',NULL,400.00,NULL,0.00,1,0,1,NULL,'2025-06-17 12:11:28','2025-06-18 09:54:37',1),
(25,'Mohammed Zaki',3,'966','580584032','mohammedzaki@gmail.com','1750162614_5051.png',NULL,NULL,'$2y$10$X4cE0tcBvM1adXX/XfFHMux2vVwFYtnS4J/2MOHhelivuxQzTYl5W',NULL,NULL,NULL,NULL,NULL,NULL,NULL,'8068',NULL,400.00,NULL,0.00,1,0,1,NULL,'2025-06-17 12:16:54','2025-06-18 09:40:09',1),
(26,'عبدالله الحربى',3,'966','578046387','abdallaalharby@gmail.com','1750166769_5343.png',NULL,NULL,'$2y$10$Vk1PBZ0P3DCmr5j5tW8FPuy.VV9Vxkteyj9PjFZrBy4.V1M1k98fW',NULL,NULL,NULL,NULL,NULL,NULL,NULL,'5y89',NULL,600.00,NULL,0.00,1,0,1,NULL,'2025-06-17 13:26:09','2025-06-18 11:28:31',1),
(27,'Yousef Ahmed',3,'966','580685904','yousifahmed@gmail.com','1750227995_4631.png',NULL,NULL,'$2y$10$yzmLqwcTQui/iEvVQf81B.reEkYGgF8Pwo.NANsyiClO.McMFeQ5.',NULL,NULL,NULL,NULL,NULL,NULL,NULL,'7r63',NULL,600.00,NULL,0.00,1,0,1,NULL,'2025-06-18 06:26:35','2025-06-18 11:15:18',1),
(28,'سيارة بلس',2,'966','920017550','info@syarahplus.com',NULL,'1750237088_4759.png','1750237088_7206.jpg','$2y$10$OTRCF2f2VBurogmldE4oUex4dgrcF5QVqDQEEtR7dQeBWGeRUSzJq',1,18,21.59000000,39.15000000,'JESA2956، 2956 مناره المسعي، 7419، حي السلامة، جدة 23436',NULL,NULL,NULL,NULL,0.00,NULL,1.00,1,0,NULL,NULL,'2025-06-18 08:58:08','2025-06-19 13:05:31',1),
(29,'Fahd AlAnzy',3,'966','596385274','fahdalanzy@gmail.com','1750240928_6680.jpg',NULL,NULL,'$2y$10$MYoQQOEsbta.LXae1DLWK.GkQOb/l39lluc60l5VXiO2lOzc3MdSe',NULL,NULL,NULL,NULL,NULL,NULL,NULL,'43785956EF',NULL,0.00,NULL,0.00,1,0,1,NULL,'2025-06-18 10:02:08','2025-06-24 11:42:37',1),
(30,'أرجوانى',3,'966','591328224','info@orgwani.com',NULL,'1750242255_3188.jpg','1750242255_4087.jpg','$2y$10$/XEE4RByXdTBfaxtPNSGNOkf9kyUDl9IbeCkR6APHgS06xK7yDCsm',NULL,NULL,NULL,NULL,NULL,NULL,NULL,'9573',NULL,200.00,NULL,0.00,1,0,2,NULL,'2025-06-18 10:24:15','2025-06-18 10:52:00',1),
(31,'ريتست ريتست',1,'966','222222221','gg@gg.com',NULL,NULL,NULL,'$2y$10$MsXKfxqnt3.gx1.cE2RDgOBG9gNFqAUlfSV0dqRSBv2IUdZ0u28H2',NULL,NULL,NULL,NULL,NULL,NULL,NULL,NULL,NULL,0.00,NULL,5.00,1,0,NULL,'2025-06-24 11:26:18','2025-06-18 12:01:56','2025-06-24 11:26:18',1),
(32,'ريتست نيو نبو',3,'966','222222224','weee@yyuu.com',NULL,NULL,NULL,'$2y$10$Lsg.jKDrfuK030jAefDwUuc9dgCu7251GUoASs0Poq7B8q82MeHBS',NULL,NULL,NULL,NULL,NULL,NULL,NULL,'A7972E718D',NULL,0.00,NULL,0.00,1,0,1,'2025-06-24 11:27:35','2025-06-18 12:05:32','2025-06-24 11:27:35',1),
(34,'يوزر ريتست ٢',3,'966','3333333334','yyy@uuu.com',NULL,NULL,NULL,'$2y$10$/imOaA3518looEBGZlPkOe/K9TqdxRvmZJqBIMne8osE3oGG65CjO',NULL,NULL,NULL,NULL,NULL,NULL,NULL,'3BCC582D76',NULL,0.00,NULL,0.00,1,0,1,'2025-06-24 11:27:35','2025-06-19 06:40:40','2025-06-24 11:27:35',1),
(35,'ريتست يوزر ٣',3,'966','333333335','ere@err.com','1750316818_5476.jpg',NULL,NULL,'$2y$10$iu9XPdnmE4Kq3MPpjtUQauABgLlvCuvnWEB9VvAqZeBVDqVWUGuWG',NULL,NULL,NULL,NULL,NULL,NULL,NULL,'5E971D1A64',NULL,0.00,NULL,0.00,1,0,1,'2025-06-24 11:27:35','2025-06-19 07:06:58','2025-06-24 11:27:35',1),
(36,'يوزر ٤',1,'966','333333336','ggg@uuu.com','1750318358_8966.png',NULL,NULL,'$2y$10$8vj9S8DI9Mqyw6GbYSAKkOxap22sAKYmiCrpurljdNEqWMPjMJ1Ia',NULL,NULL,NULL,NULL,NULL,NULL,NULL,NULL,NULL,0.00,NULL,1.00,1,0,NULL,'2025-06-24 11:26:18','2025-06-19 07:32:38','2025-06-24 11:26:18',1),
(37,'يوزر ٥٥٤٤',3,'966','333333337','ttty@ii.com','1750320670_9941.jpg',NULL,NULL,'$2y$10$chZhnOTU6h2o6DV5AsaVeuvMGJCYQaFfYEGRHysaYyk6bXj5cJ9fq',NULL,NULL,NULL,NULL,NULL,NULL,NULL,'1490AAAE65',NULL,0.00,NULL,0.00,1,0,1,'2025-06-19 08:39:18','2025-06-19 07:49:12','2025-06-19 08:39:18',1),
(40,'نيو نيووو',3,'966','444444441','ggg@ggg.com','1750336129_2213.jpg',NULL,NULL,'$2y$10$Izw3JkaUZ1qihakGLqnlOu1UE6Q8h5RL8Q7BnPOLU3KILcHHVC2Ze',NULL,NULL,NULL,NULL,NULL,NULL,NULL,'5B3F023F60',NULL,0.00,NULL,0.00,1,0,1,'2025-06-24 11:27:35','2025-06-19 08:47:06','2025-06-24 11:27:35',1),
(41,'مستخدم ٥٥٥',1,'966','555555551','rrrtrt@yyyy.com','1750325200_9189.png',NULL,NULL,'$2y$10$sRD8zkQLQinxG65e6rU0ROs7PfRLki4WlbU3EaTe5vGrNcZNgo8fe',NULL,NULL,NULL,NULL,NULL,NULL,NULL,NULL,NULL,0.00,NULL,0.00,1,0,NULL,'2025-06-24 11:26:18','2025-06-19 09:26:40','2025-06-24 11:26:18',1),
(42,'مستخدم 66',1,'966','666666661','rtr@ttr.com',NULL,NULL,NULL,'$2y$10$TvTsRZbf5yHTpcNM60lfv.TBphbTtutTbNgqQ6Qlt1Uo5KTj/vCt6',NULL,NULL,NULL,NULL,NULL,NULL,NULL,NULL,NULL,0.00,NULL,3.00,1,0,NULL,'2025-06-24 11:26:18','2025-06-19 09:41:49','2025-06-24 11:26:18',1),
(44,'فرد فرد فرد',1,'966','555555556','tttt@tttt.com',NULL,NULL,NULL,'$2y$10$jbWLsfHBPP9ybY3YCQkLyOD19KmPM1Pj/I.UI/OGGuI5I1FDaz8IG',NULL,NULL,NULL,NULL,NULL,NULL,NULL,'0F98A6DD40',NULL,0.00,NULL,4.00,1,0,NULL,'2025-06-24 11:26:18','2025-06-19 13:08:18','2025-06-24 11:26:18',0),
(45,'الاحد',3,'966','542222222','ssss@dddd.com',NULL,NULL,NULL,'$2y$10$38weu9MEz6SREqWDjV83puYvUpZcSpJvnz/nj1UgqokmdMv2qWyMS',NULL,NULL,NULL,NULL,NULL,NULL,NULL,'5F07FD0CFA',NULL,0.00,NULL,0.00,1,0,1,'2025-06-24 11:27:35','2025-06-22 08:03:36','2025-06-24 11:27:35',1),
(47,'نوت',1,'966','547777777','ttt@tt.com',NULL,NULL,NULL,'$2y$10$dBipNuL//52e2VZza97Q3e.XDD1ayTcZgEr5MZ5wK.1hH8mxjvHqG',NULL,NULL,NULL,NULL,NULL,NULL,NULL,'547725BFEA',NULL,0.00,NULL,4.00,1,0,NULL,'2025-06-24 11:26:18','2025-06-22 12:21:01','2025-06-24 11:26:18',1),
(48,'الاثنين',1,'966','549999999','yyyy@uuuu.com',NULL,NULL,NULL,'$2y$10$4N0gIaQMYc4EBB9GuA0BNOIi39dwmBZ4bm.qhqganRVU3m1XZP1kq',NULL,NULL,NULL,NULL,NULL,NULL,NULL,NULL,NULL,0.00,NULL,0.00,1,0,NULL,'2025-06-24 11:26:18','2025-06-23 07:44:07','2025-06-24 11:26:18',1),
(49,'فاينال ريتست',1,'966','548888888','hhhh@uuj.com',NULL,NULL,NULL,'$2y$10$gBSuttiEykz4AiCAod/x3uYaajxl4lKcgEWbDNE37bqLnjfF3fhJS',NULL,NULL,NULL,NULL,NULL,NULL,NULL,NULL,NULL,0.00,NULL,0.00,1,0,NULL,'2025-06-24 11:26:18','2025-06-23 07:55:35','2025-06-24 11:26:18',1),
(50,'فاينال ريتست فرد',1,'966','548888889','ddd@rrr.com','1750684980_4149.jpg',NULL,NULL,'$2y$10$Uqf.oc1qxd1DefyLhUMML.od7Yn94fGsI9V2kqrlSNgp0l30gNhg.',NULL,NULL,NULL,NULL,NULL,NULL,NULL,NULL,NULL,0.00,NULL,0.00,1,0,NULL,'2025-06-24 11:26:18','2025-06-23 13:23:00','2025-06-24 11:26:18',1),
(51,'الثلاثاء فرد',1,'966','548989898','uuuu@uuuu.com',NULL,NULL,NULL,'$2y$10$gEimwWwE44JY1c.b8wkrX.9r0HnQYN/n2YPpKb0D8UWJHK0QSvGdS',NULL,NULL,NULL,NULL,NULL,NULL,NULL,NULL,NULL,0.00,NULL,0.00,1,0,NULL,'2025-06-24 11:26:18','2025-06-24 06:21:48','2025-06-24 11:26:18',1),
(52,'salmam',3,'966','504460004','salman60004@gmail.com',NULL,NULL,NULL,'$2y$10$0yhtJwS6mDncL5DoM3GfLOEzX0JIgQiAr/rNdPFflSRo02OP7dJEm',NULL,NULL,NULL,NULL,NULL,NULL,NULL,'70C4689FC8',NULL,48.80,NULL,0.00,1,0,1,NULL,'2025-06-24 18:57:18','2025-12-13 14:17:54',1),
(53,'محمود',1,'966','546196863','mnagy6480@gmail.com',NULL,NULL,NULL,'$2y$10$K4KCqn1/mH3hjgFrrPc7su6MramUh0ZXNZ0ghXO/8ZlZ475YB3Eyq',NULL,NULL,NULL,NULL,NULL,NULL,NULL,NULL,NULL,0.00,NULL,0.00,1,0,NULL,'2025-06-25 09:58:40','2025-06-25 09:57:39','2025-06-25 09:58:40',1),
(54,'محمود',1,'966','546196863','mnagy6480@gmail.com',NULL,NULL,NULL,'$2a$12$WUX460.2pvpdhnZHoDJjk.Xcjb1lcLTveZD8SHmAbd.IvHLNGJMPi',NULL,NULL,NULL,NULL,NULL,NULL,NULL,NULL,NULL,0.00,NULL,0.00,1,0,NULL,'2025-07-16 11:00:12','2025-06-25 10:00:19','2025-07-16 11:00:12',1),
(55,'test',1,'966','566147147','adhuf@gmail.com','1751976158_6372.jpg',NULL,NULL,'$2y$10$GZtOv6dHhzBezwoQxJlOOuI.JXRlDkCY8eOQcPzm2.w9I4cTUM6f6',NULL,NULL,NULL,NULL,NULL,NULL,NULL,NULL,NULL,0.00,NULL,0.00,1,0,NULL,NULL,'2025-07-08 12:02:38','2025-07-09 09:16:23',1),
(56,'tes',1,'966','566789789','twhsh@thh.com',NULL,NULL,NULL,'$2y$10$FvNwNBb7CsQDEUWLvQ4B1uNtSjlqnv.BjFhOQByF7nxQ46C4f7qAm',NULL,NULL,NULL,NULL,NULL,NULL,NULL,NULL,NULL,0.00,NULL,0.00,1,0,NULL,NULL,'2025-07-09 09:41:52','2025-07-13 13:02:04',1),
(57,'fygg',1,'966','566258369','test@xxxx.com',NULL,NULL,NULL,'$2y$10$AUM4DqUL.sWzrsL5DGxdRePd49.rra7kFi6hvmS790QdVhhh65XpG',NULL,NULL,NULL,NULL,NULL,NULL,NULL,NULL,NULL,0.00,NULL,0.00,1,0,NULL,NULL,'2025-07-09 09:43:38','2025-07-09 09:43:40',1),
(58,'Amir Anwar',2,'966','511111115',NULL,NULL,'1752055047_6124.png','1752055047_4824.png','$2y$10$U3M7RHAM.WIO3FjlpsyamO43GUb5dC81L5u5Wza5rw5aagddMDDA6',1,18,31.03000000,31.40000000,'Mogama Al Mahakm, Mansoura Qism 2, El Mansoura 2, Dakahlia Governorate 7661032','1234','2025-07-09 09:58:27',NULL,NULL,0.00,NULL,0.00,0,0,NULL,NULL,'2025-07-09 09:57:27','2025-07-09 09:57:27',1),
(59,'ggg',1,'966','566686868',NULL,NULL,NULL,NULL,'$2y$10$oCIoODDtgW7YtJ5WHgENF.aDYXC55xedVXaAlzC7Q/fa5Hpok3T2a',NULL,NULL,NULL,NULL,NULL,NULL,NULL,NULL,NULL,0.00,NULL,0.00,1,0,NULL,NULL,'2025-07-09 09:57:59','2025-07-09 13:16:59',1),
(60,'Amir Anwa',2,'966','511111114',NULL,NULL,'1752055559_6955.png','1752055559_8986.png','$2y$10$I/DJ4fUNF8R.nd4C4FHT7uZ/JQppREikpZwn/GKXl.QN1VWxO/8Je',1,18,31.03000000,31.40000000,'Mogama Al Mahakm, Mansoura Qism 2, El Mansoura 2, Dakahlia Governorate 7661032','1234','2025-07-09 10:07:09',NULL,NULL,0.00,NULL,0.00,0,0,NULL,NULL,'2025-07-09 10:05:59','2025-07-09 10:06:09',1),
(61,'fff',2,'966','566880000',NULL,NULL,'1752056850_2497.jpg','1752056850_7700.jpg','$2y$10$C1K50FigftMdHgu40iurE.snNEJk0omVQ4TP2mOsSPRcLk9.Z7OXS',1,3,31.03000000,31.40000000,'29JW+WHH، المنصورة (قسم 2)، ثان المنصورة، محافظة الدقهلية 7661016، مصر','1234','2025-07-09 10:28:30',NULL,NULL,0.00,NULL,0.00,0,0,NULL,NULL,'2025-07-09 10:27:30','2025-07-09 10:27:30',1),
(62,'Amir Anw',2,'966','511111112',NULL,NULL,'1752056930_2544.png','1752056930_9006.png','$2y$10$EA3Fif0itB3fZENa0.f1Jeml0qrg07eEz3HOiby5wmGOAAoBxB.I.',1,18,31.03000000,31.40000000,'Mogama Al Mahakm, Mansoura Qism 2, El Mansoura 2, Dakahlia Governorate 7661032','1234','2025-07-09 10:48:12',NULL,NULL,0.00,NULL,0.00,0,0,NULL,NULL,'2025-07-09 10:28:50','2025-07-09 10:47:12',1),
(63,'Amir Ane',2,'966','511111111',NULL,NULL,'1752057748_6275.png','1752057748_1758.png','$2y$10$..obfac.6MmdNV.967/1p.rpUZrHP480oenigwJkqpGu.XMHEzf8a',1,18,31.03000000,31.40000000,'Mogama Al Mahakm, Mansoura Qism 2, El Mansoura 2, Dakahlia Governorate 7661032','1234','2025-07-09 10:43:28',NULL,NULL,0.00,NULL,0.00,0,0,NULL,NULL,'2025-07-09 10:42:28','2025-07-09 10:42:28',1),
(64,'Amir And',2,'966','511111119',NULL,NULL,'1752057813_6976.png','1752057813_1230.png','$2y$10$sehPKxGHUeDjwoI3dMRCIOYI7zm95w/hNcoE4eSdtE3EDRuIDg/hq',1,18,31.03000000,31.40000000,'Mogama Al Mahakm, Mansoura Qism 2, El Mansoura 2, Dakahlia Governorate 7661032','1234','2025-07-09 10:52:37',NULL,NULL,0.00,NULL,0.00,0,0,NULL,NULL,'2025-07-09 10:43:33','2025-07-09 10:51:37',1),
(65,'Amir Anef',2,'966','511111121','amiranwar20@gmail.com',NULL,'1752058081_8815.png','1752058081_8179.png','$2y$10$I120.GgXy2woQxw5mEGU..rUdu0501arwYUE17/.Ywt.QAZBX/o4K',1,18,31.03000000,31.40000000,'Mogama Al Mahakm, Mansoura Qism 2, El Mansoura 2, Dakahlia Governorate 7661032',NULL,NULL,NULL,NULL,0.00,NULL,0.00,1,0,NULL,NULL,'2025-07-09 10:48:02','2025-07-09 12:58:48',1),
(66,'Amir Anefd',1,'966','511111129',NULL,'1752065125_4665.jpg',NULL,NULL,'$2y$10$Wg/iMMvk89wKOfoZoenLq.hctO46sclrpMBLxc5747VJitacg44uW',NULL,NULL,NULL,NULL,NULL,'1234','2025-07-09 12:46:25',NULL,NULL,0.00,NULL,0.00,0,0,NULL,NULL,'2025-07-09 12:45:25','2025-07-09 12:45:25',1),
(67,'fgugg',2,'966','566357357','adham_dev@aait.com',NULL,'1752067233_6026.jpg','1752067233_8702.jpg','$2y$10$IfxPMsIOhzL1tzRMnAJ9X.5f4pllOJVAinsuuv11JEPD0Y0zMCL5u',1,18,31.03000000,31.40000000,'29JW+WHH، المنصورة (قسم 2)، ثان المنصورة، محافظة الدقهلية 7661016، مصر',NULL,NULL,NULL,NULL,0.00,NULL,0.00,1,0,NULL,NULL,'2025-07-09 13:20:33','2025-07-09 13:23:32',1),
(68,'تيست ملاحظات',1,'966','111111111',NULL,NULL,NULL,NULL,'$2y$10$1T9USkvbA0fpRUKlyhFj/..XoZjKuOFaV8m9nA4l246Myf.AmRglK',NULL,NULL,NULL,NULL,NULL,NULL,NULL,NULL,NULL,0.00,NULL,0.00,1,0,NULL,NULL,'2025-07-13 07:09:12','2025-07-13 07:09:17',1),
(69,'معرض تيست نوت',2,'966','542222222',NULL,NULL,'1752396120_9226.jpg','1752396120_9213.png','$2y$10$FBpP4IbIRL/eNC0pdPKuRuNyGXAGe2WT6OMvzqJOSIj0YOBMO4qcS',1,18,31.03000000,31.40000000,'29JW+PPP، أحمد الطبجي، المنصورة (قسم 2)، المنصورة، محافظة الدقهلية، مصر',NULL,NULL,NULL,NULL,0.00,NULL,0.00,1,0,NULL,NULL,'2025-07-13 08:42:00','2025-07-13 08:42:03',1),
(70,'تيست 2',1,'966','543333333',NULL,NULL,NULL,NULL,'$2y$10$WyuwtfvRGnI7uRai9kmdu.ENVWMHpRZy4j.Hl8hjcntsA0PiWOO0W',NULL,NULL,NULL,NULL,NULL,NULL,NULL,NULL,NULL,0.00,NULL,0.00,1,0,NULL,NULL,'2025-07-13 09:46:50','2025-07-13 09:46:52',1),
(71,'معرض تيست ٢',2,'966','543333555',NULL,NULL,'1752400114_8750.jpg','1752400114_3833.png','$2y$10$YZrmCOh59duFAEAcxyWk0ez8U8PgwEck3BUPfuvWQKrrvy2mLrvxq',1,3,31.03000000,31.40000000,'29JW+PPP، أحمد الطبجي، المنصورة (قسم 2)، المنصورة، محافظة الدقهلية، مصر',NULL,NULL,NULL,NULL,0.00,NULL,0.00,1,0,NULL,NULL,'2025-07-13 09:48:34','2025-07-13 09:48:35',1),
(72,'hiiuuuuu',2,'966','566353535','gghg@fhh.com',NULL,'1752408911_7505.jpg','1752408911_4836.jpg','$2y$10$cnIceC87dJKuj/gl2meMmuBGvFSdAHahjxrEQuV1WlEBptTJ1SE.y',1,18,31.08000000,31.40000000,'3CH2+2FM، ميت عنتر، مركز طلخا، محافظة الدقهلية 7625634، مصر',NULL,NULL,NULL,NULL,0.00,NULL,0.00,1,0,NULL,NULL,'2025-07-13 12:15:11','2025-07-13 12:15:16',1),
(73,'تيست شركة',2,'966','542222223',NULL,NULL,'1752413375_4223.png','1752413375_1189.png','$2y$10$YeLhn9kLApP5mnXB5Btu3Oj/bYP63.a8lIity1T12POGzLlgDkYuy',1,18,31.03000000,31.40000000,'29JW+PPP، أحمد الطبجي، المنصورة (قسم 2)، المنصورة، محافظة الدقهلية، مصر',NULL,NULL,NULL,NULL,0.00,NULL,0.00,1,0,NULL,NULL,'2025-07-13 13:29:35','2025-07-13 13:29:37',1),
(74,'ddddd',1,'966','542222221',NULL,NULL,NULL,NULL,'$2y$10$Qqh2iddqReAfhD3bm9aDVeYVXxmUlCxwjA0xUn5F6WWDBcq3I3TGC',NULL,NULL,NULL,NULL,NULL,NULL,NULL,NULL,NULL,0.00,NULL,0.00,1,0,NULL,NULL,'2025-07-13 13:34:42','2025-07-13 13:34:47',1),
(75,'معرض شركة تيست',2,'966','547777774',NULL,NULL,'1752414228_5823.png','1752414228_7552.jpg','$2y$10$DOsshZBJRt7qxZroF9bxt.yV7jDTvmdyN17xSHnlazF1v8ZKN3tIm',1,18,31.03000000,31.39000000,'42 شارع الجيش، المنصورة (قسم 2)، اول المنصورة، محافظة الدقهلية 7651457، مصر',NULL,NULL,NULL,NULL,0.00,NULL,0.00,1,0,NULL,NULL,'2025-07-13 13:43:48','2025-07-13 13:49:28',1),
(76,'hamada',2,'966','566789987',NULL,NULL,'1752572984_5745.jpg','1752572984_8227.jpg','$2y$10$j12yiYORXTXx2pq1/R9rTu4CxA1EjCsw0HtiWB4oDEGndc1MuHfL.',1,18,31.08000000,31.40000000,'3CH2+76W، ميت عنتر، مركز طلخا، محافظة الدقهلية 7625653، مصر',NULL,NULL,NULL,NULL,0.00,NULL,0.00,1,0,NULL,NULL,'2025-07-15 09:49:44','2025-07-15 09:49:47',1),
(77,'Amir Anwarrrr',2,'966','511111105','company05@gmail.com',NULL,'1752575128_4039.png','1752575128_5523.png','$2y$10$88rRUuIiA9o2X.zyy7QlROI4jUG61.OSoZQ0C2Tw8tSUyA/2iJmVu',1,18,31.03000000,31.40000000,'Mogama Al Mahakm, Mansoura Qism 2, El Mansoura 2, Dakahlia Governorate 7661032','1234','2025-07-15 10:26:28',NULL,NULL,0.00,NULL,0.00,0,0,NULL,NULL,'2025-07-15 10:25:28','2025-07-15 10:25:28',1),
(79,'Amir Anwarrrrrrr',2,'966','511111109','company10@gmail.com',NULL,'1752575686_6026.png','1752575686_9806.png','$2a$12$w2JmAnmssxRZ8zRNjN8/fepXbZY3HX2mUMHxzQesh/X2wuK5LyOIO',1,18,31.03286223,31.39730823,'Mogama Al Mahakm, Mansoura Qism 2, El Mansoura 2, Dakahlia Governorate 7661032','1234','2025-10-02 17:07:32',NULL,NULL,0.00,NULL,0.00,1,0,NULL,NULL,'2025-07-15 10:34:46','2025-10-02 17:06:40',1),
(80,'yyyy',1,'966','542222225',NULL,NULL,NULL,NULL,'$2y$10$bYlkkmkBmzD/jw6UvmNy1.1qrnMMIJfV97mZmrj0UM4bVsOFDtNTS',NULL,NULL,NULL,NULL,NULL,NULL,NULL,NULL,NULL,0.00,NULL,0.00,1,0,NULL,NULL,'2025-07-16 07:10:17','2025-07-16 07:50:24',1),
(81,'tttt',1,'966','541616161',NULL,NULL,NULL,NULL,'$2y$10$rg/MZEXhL6VrObo6pARzYeRdhIsUfXfD2k/r/1Lg30jIohvFjGSQK',NULL,NULL,NULL,NULL,NULL,NULL,NULL,NULL,NULL,0.00,NULL,0.00,1,0,NULL,NULL,'2025-07-16 10:15:48','2025-07-16 10:15:50',1),
(82,'rrrr',2,'966','548888887',NULL,NULL,'1752661156_1484.png','1752661156_9478.jpg','$2y$10$5.la0yZngMpMY7obzwOfL.t.NCrVpjuDbJ7NG1etWo.z6.hChRQui',1,18,31.03202890,31.39675000,'29JW+PPP، أحمد الطبجي، المنصورة (قسم 2)، المنصورة، محافظة الدقهلية، مصر',NULL,NULL,NULL,NULL,0.00,NULL,0.00,1,0,NULL,NULL,'2025-07-16 10:19:16','2025-07-16 10:19:18',1),
(83,'محمود',1,'966','555555555','mahmoudnhgay@gmail.com',NULL,NULL,NULL,'$2y$10$ukCWnt7A23obm/EJbOwTXejo3.7Vbf8meYJjBojyrR1rDK.YVPRTK',NULL,NULL,NULL,NULL,NULL,NULL,NULL,NULL,NULL,0.00,NULL,0.00,1,0,NULL,'2025-10-16 09:07:46','2025-07-16 11:13:31','2025-10-16 09:07:46',0),
(84,'sssss',2,'966','504460000',NULL,NULL,'1753021824_9085.png','1753021824_2404.png','$2y$10$uRrGf0MrtkqyDB6qVI9OjuehiGU4wDnMhK8ROXcc6XdGI3qEfeWSq',1,3,24.88929541,46.69665881,'2229 - مطار الملك خالد, 13418 - 8441',NULL,NULL,NULL,NULL,0.00,NULL,0.00,1,0,NULL,NULL,'2025-07-20 14:30:25','2025-07-20 14:31:58',1),
(85,'aqaq',1,'966','504460001',NULL,NULL,NULL,NULL,'$2y$10$iK131pLafE9DIBLOgxtE6.sEmRzEp/sR9PoIWT1qkjWWW8xkFh/Ce',NULL,NULL,NULL,NULL,NULL,NULL,NULL,NULL,NULL,0.00,NULL,0.00,1,0,NULL,NULL,'2025-07-21 10:30:17','2025-07-21 10:30:25',1),
(86,'Teszzzt',2,'966','566123456','asghjjff@reest.com',NULL,'1753176454_9452.jpg','1753176456_4482.jpg','$2y$10$KKU54SQQ47BXJ5Sw8KdsHuL.H3LLKfIv889vSKr0nf8UYpde0zcLm',1,18,31.11761671,31.35533184,'دميره - كفر دميره الجديد، دميرة، مركز طلخا، محافظة الدقهلية، مصر',NULL,NULL,NULL,NULL,0.00,NULL,0.00,1,0,NULL,NULL,'2025-07-22 08:49:58','2025-07-22 09:30:25',1),
(87,'llllnnnn',1,'966','541231231','testttt@gmail.com',NULL,NULL,NULL,'$2y$10$u7dx3BNK6SpV5ugClY3cA.p/Zkeide2X48Yd4WnwzYmSgITE6/Sg.',NULL,NULL,NULL,NULL,NULL,NULL,NULL,NULL,NULL,0.00,NULL,0.00,1,0,NULL,NULL,'2025-07-22 13:38:55','2025-07-22 13:38:57',1),
(88,'للبلل',1,'966','566353526',NULL,NULL,NULL,NULL,'$2y$10$/F7EcZfhqXen00vKAwIJtu01Lf7hWu9HRzHHABUjUc3S5T93.q0HG',NULL,NULL,NULL,NULL,NULL,NULL,NULL,NULL,NULL,0.00,NULL,0.00,1,0,NULL,'2025-07-29 09:52:20','2025-07-23 13:18:15','2025-07-29 09:52:20',1),
(89,'محمد تست',3,'966','546196863','mohamedawamer2023@gmail.com','1753354991_5421.png',NULL,NULL,'$2y$10$VZyWXwUmvvyIDPhP9fiumOBB.tUPewytpxvgq9swMUm/EhNPyA.9K',NULL,NULL,NULL,NULL,NULL,NULL,NULL,'12131415',NULL,0.00,NULL,0.00,1,0,1,NULL,'2025-07-24 11:03:13','2025-07-24 11:03:13',1),
(90,'Amir Anwar',1,'966','500500500',NULL,NULL,NULL,NULL,'$2a$12$jR4hEew3muyJGLSSO3qPAeihbX3OjyiiNt/kC.dizHp./rbjXHG7m',NULL,NULL,NULL,NULL,NULL,NULL,NULL,NULL,NULL,0.00,NULL,0.00,1,0,NULL,NULL,'2025-08-05 11:45:44','2025-10-07 17:19:39',1),
(91,'Bakr',1,'966','505050123',NULL,NULL,NULL,NULL,'$2y$10$goyij0LIFtak7MBG2lNfdOtgHUrsFSuyjo4HWKNOUclm1JGgDxgDe',NULL,NULL,NULL,NULL,NULL,NULL,NULL,NULL,NULL,0.00,NULL,0.00,1,0,NULL,NULL,'2025-09-29 11:04:40','2025-10-13 08:23:05',1),
(92,'Baakr',3,'966','505050121','bb@b.com',NULL,NULL,NULL,'$2y$10$SlBdYJs2DV6/1ZzvE230teRS8nQxayMoC0j1gur1W6bHRTkE1/12S',NULL,NULL,NULL,NULL,NULL,NULL,NULL,'123321',NULL,44.00,NULL,0.00,1,0,1,NULL,'2025-09-30 08:59:58','2025-11-04 10:52:46',1),
(93,'سياراتكو',3,'966','505050111','b@b.com',NULL,'1759312363_2182.jpg','1759312363_9223.jpg','$2y$10$TQFvibnV3/RhGp0taf5iI./d1XE5SLj0YMP0hNRremaXJkWnpBFni',1,3,NULL,NULL,'29JW+WHH',NULL,NULL,'123456',NULL,400.00,NULL,0.00,1,0,2,NULL,'2025-10-01 09:52:43','2025-11-04 10:57:09',1),
(94,'ttt',2,'966','505050222',NULL,NULL,'1759821662_5350.jpg','1759821662_3323.jpg','$2y$10$pMO24hb8jeGXHjxRY4fYI.OMVqISsx6agwZo5H00Ut1yx.tbJhPnS',1,3,31.03220180,31.39666880,'29JW+WHH',NULL,NULL,NULL,NULL,0.00,NULL,0.00,1,0,NULL,NULL,'2025-10-07 07:21:02','2025-10-10 17:44:31',0),
(95,'تيست فرد اكتوبر',1,'966','541591591',NULL,NULL,NULL,NULL,'$2y$10$kq6WyumxhZ6PWFGPzhRWfu28hhqJfrMY1NtIqVU9uSzb70gacIY3O',NULL,NULL,NULL,NULL,NULL,NULL,NULL,NULL,NULL,0.00,NULL,0.00,1,0,NULL,NULL,'2025-10-09 07:05:52','2025-10-09 07:05:55',1),
(96,'جديد جديد',1,'966','546666666',NULL,NULL,NULL,NULL,'$2y$10$unRg696FOogGsQULlhQATeWTZV/N.P2e6n1F7MXIQ8v0Lim6KVumW',NULL,NULL,NULL,NULL,NULL,NULL,NULL,NULL,NULL,0.00,NULL,0.00,1,0,NULL,NULL,'2025-10-09 07:49:10','2025-10-09 07:49:13',1),
(97,'معرض الخميس',2,'966','547777777',NULL,NULL,'1759996982_1618.png','1759996982_5923.jpg','$2y$10$uK8KWefu96OBlL7cJ39NHuhUGB3YYbowNUeR0wwe6Qvgp5qazwZPy',1,3,35.04154606,33.31937805,'28V9+7V2، نيقوسيا 2647، قبرص',NULL,NULL,NULL,NULL,0.00,NULL,0.00,1,0,NULL,NULL,'2025-10-09 08:03:02','2025-10-09 08:06:10',1),
(98,'شركة شركة ١٢',2,'966','541414141',NULL,NULL,'1759999179_7925.jpg','1759999179_3514.jpg','$2y$10$aDEjY05aCA53S9N.wdxjrOLasccOgpYG9RqvJ1zVWv/gxv1TEN1Me',1,3,35.17284610,38.64680372,'السخنة، سوريا',NULL,NULL,NULL,NULL,0.00,NULL,0.00,1,0,NULL,NULL,'2025-10-09 08:39:39','2025-10-09 08:39:41',1),
(99,'تيست مسوق',3,'966','546666665','dd@dd.com','1760001058_4239.png',NULL,NULL,'$2y$10$7UAITlLLBQlp9Rtw3uLrEe4bA2rl7icqyq1.hvXV32dGFFoNq3ycu',NULL,NULL,NULL,NULL,NULL,NULL,NULL,'123',NULL,80.10,NULL,0.00,1,0,1,NULL,'2025-10-09 09:10:59','2025-11-26 15:52:04',1),
(100,'مسوق مسوق',3,'966','549999990','sds@ee.com',NULL,NULL,'1760007874_5498.png','$2y$10$HmWwnimDw6C/wCmMQHGTfOKeSLbzp09FSBN6Jzrb18ZAzKH9ZLqZC',NULL,NULL,NULL,NULL,NULL,NULL,NULL,'2345',NULL,40.00,NULL,0.00,1,0,2,NULL,'2025-10-09 11:04:35','2025-10-14 09:09:55',1),
(101,'ttttt',1,'966','545555554',NULL,NULL,NULL,NULL,'$2y$10$1z.NVgFZ9St2l.VJA6MkaedO1CuEtun0j/mjCRmwvuQluT/HXFkHG',NULL,NULL,NULL,NULL,NULL,NULL,NULL,NULL,NULL,0.00,NULL,0.00,1,0,NULL,NULL,'2025-10-09 11:10:33','2025-10-09 11:10:39',1),
(102,'الاحد ريتست',1,'966','541111112','aait@info.com','1760342378_2346.jpg',NULL,NULL,'$2y$10$yuJB4R9dQ2KqY5J7TgMn8.sIFf4y9bzf6RpygoUZbOb9LYzcoM7OK',NULL,NULL,NULL,NULL,NULL,NULL,NULL,NULL,NULL,0.00,NULL,0.00,1,0,NULL,NULL,'2025-10-12 06:39:01','2025-10-13 07:59:39',1),
(103,'مسوق الاحد',3,'966','543333334','ww@ww.com','1760257867_3691.png',NULL,NULL,'$2y$10$H8a5QBtwzXzAZAQoV1eVkOcxtJDj6LD90h.cCYOd.amlhuZNl8rCG',NULL,NULL,NULL,NULL,NULL,NULL,NULL,'111',NULL,8.20,NULL,0.00,1,0,1,'2025-10-21 15:11:18','2025-10-12 08:31:14','2025-10-21 15:11:18',1),
(104,'ss',1,'966','505050505',NULL,NULL,NULL,NULL,'$2y$10$ygZN2i9c2Nw/4y3mFjuuMeRNDkYteubl4ipHN.UH3KqQZLVQ6q0xq',NULL,NULL,NULL,NULL,NULL,NULL,NULL,NULL,NULL,0.00,NULL,0.00,1,0,NULL,NULL,'2025-10-12 16:32:18','2025-10-12 16:32:21',1),
(105,'ريتست الاثنين',2,'966','541111113','dd@gmail.com',NULL,'1760343333_2692.jpg','1760343333_4554.png','$2y$10$Ico1xyvs5n0fe5XyqcQpq.d2YjfTFcTIblms.6/WOMMg4E4VzZHDC',1,3,31.03204810,31.39672760,'29JW+PPP، أحمد الطبجي، المنصورة (قسم 2)، المنصورة، محافظة الدقهلية، مصر',NULL,NULL,NULL,NULL,0.00,NULL,0.00,1,0,NULL,NULL,'2025-10-13 08:15:33','2025-10-13 08:15:35',1),
(106,'wewe',1,'966','541111114',NULL,'1760352342_2904.png',NULL,NULL,'$2a$12$DGMUqZKRiC2//yLbrwmP1Oy6JShoP5SFvfkC7lcsRE8keh1ujlYay',NULL,NULL,NULL,NULL,NULL,NULL,NULL,NULL,NULL,0.00,NULL,0.00,1,0,NULL,NULL,'2025-10-13 08:27:59','2025-10-13 10:45:42',1),
(107,'sdsdd',3,'966','547771777',NULL,NULL,'1760344649_7964.jpg','1760344649_3230.png','$2a$12$C0yOXBHGqbN3G7zGw7ai..TYbhlm7RyBADun5EmvJ97WBLYNS1gUe',1,3,31.03205430,31.39674130,'29JW+PPP، أحمد الطبجي، المنصورة (قسم 2)، المنصورة، محافظة الدقهلية، مصر',NULL,NULL,'0B7E3B54DC',NULL,0.00,NULL,0.00,1,0,3,NULL,'2025-10-13 08:37:29','2025-10-26 10:02:38',1),
(108,'ريتست الثلاثاء',1,'966','541111116',NULL,NULL,NULL,NULL,'$2y$10$EvEZ/iQgExzgERRZAEbPSub65quSED7uvhp8QKQmex8nVB/02.AbG',NULL,NULL,NULL,NULL,NULL,NULL,NULL,NULL,NULL,0.00,NULL,0.00,1,0,NULL,NULL,'2025-10-14 06:29:38','2025-10-14 06:29:43',1),
(109,'ssss',1,'966','505050506',NULL,NULL,NULL,NULL,'$2y$10$06QaQxEs4mgU25Ty042P6unZTe9f868B4hwjBKhvYbkHRcymMGrg6',NULL,NULL,NULL,NULL,NULL,NULL,NULL,NULL,NULL,0.00,NULL,0.00,1,0,NULL,NULL,'2025-10-15 09:06:03','2025-10-15 09:07:28',1),
(110,'salmann',3,'966','504460005',NULL,NULL,NULL,NULL,'$2y$10$z8gJWgV4ikHryDK7A3Tx1eti2cjag6DPrD3LDVCv3m6ODRArLZVuK',NULL,NULL,NULL,NULL,NULL,NULL,NULL,'87B8AF7EA4',NULL,0.00,NULL,0.00,1,0,1,NULL,'2025-10-15 19:24:10','2025-10-15 19:27:16',1),
(111,'salmannn',3,'966','504460002','hhhhhh@gmail.com',NULL,NULL,NULL,'$2y$10$QLRhdTiBnRy1FCdEZOH6l.Wf.Evw5c.sROl5lscEmuRXwACo9pTxS',NULL,NULL,NULL,NULL,NULL,NULL,NULL,'999',NULL,192.80,NULL,0.00,1,0,1,NULL,'2025-10-19 08:16:01','2025-12-07 15:40:39',1),
(112,'معرض الرائد',2,'966','544600088',NULL,NULL,'1760873786_3116.jpg','1760873786_7803.jpg','$2y$10$XOm/mDT2KbDaBIbTDOK.0Ooe/GjdoaMuiC5LHvti4bshVexTD4nhi',1,3,24.85640382,46.64703513,'7637 Abi Bakr Al Siddiq Road - حي النرجس',NULL,NULL,NULL,NULL,0.00,NULL,0.00,1,0,NULL,NULL,'2025-10-19 11:36:26','2025-10-19 11:36:32',1),
(113,'gggt',3,'966','505050500','chghy@hurf.com','1761056144_5916.jpg',NULL,NULL,'$2y$10$lthQbeEnx8tmEynUne7Xh.BeJpuM7O4VeDdkWgkI6EVJ1CbDar86G',NULL,NULL,NULL,NULL,NULL,NULL,NULL,'F09173280E',NULL,200.00,NULL,0.00,1,0,1,NULL,'2025-10-21 14:15:44','2025-10-27 12:55:16',1),
(114,'ففف',3,'966','505050122','ff@ff.com',NULL,NULL,NULL,'$2y$10$cvvUuBkfEH7VFBECptRBVO0PZMqDE/l1HQlYVMtKh65FiCLYhZQBe',NULL,NULL,NULL,NULL,NULL,NULL,NULL,'1599',NULL,0.00,NULL,0.00,1,0,1,NULL,'2025-11-04 11:51:09','2025-11-26 15:57:19',1),
(115,'salman10',3,'966','555555789','salman6090004@gmail.com',NULL,NULL,NULL,'$2y$10$bSBVFmvJfmX8nsoK/IUHkubPNQgnelAugwWGidjnFbG.P1Mt0YnLC',NULL,NULL,NULL,NULL,NULL,NULL,NULL,'z8',NULL,0.00,NULL,0.00,1,0,1,NULL,'2025-11-16 07:38:50','2025-11-16 07:41:51',1),
(116,'Amir Anwarrrrrrrr',2,'966','511111103','company100@gmail.com',NULL,'1765443047_6406.png','1765443047_8202.png','$2y$10$9NUcR7V/ucz8kITM2gJvzOgC3djGg3gK/OdugLTctpvt95evoOWDy',1,18,31.03286223,31.39730823,'Mogama Al Mahakm, Mansoura Qism 2, El Mansoura 2, Dakahlia Governorate 7661032','1234','2025-12-11 08:51:47',NULL,NULL,0.00,NULL,0.00,0,0,NULL,NULL,'2025-12-11 08:50:47','2025-12-11 08:50:47',1);

--
-- Table structure for table `wallet_transactions`
--

CREATE TABLE `wallet_transactions` (
  `id` bigint(20) unsigned NOT NULL AUTO_INCREMENT,
  `wallet_id` bigint(20) unsigned NOT NULL,
  `type` varchar(191) CHARACTER SET utf8mb3 COLLATE utf8mb3_unicode_ci NOT NULL DEFAULT 'charge',
  `amount` decimal(15,2) NOT NULL DEFAULT 0.00,
  `amount_before` decimal(15,2) NOT NULL DEFAULT 0.00,
  `amount_after` decimal(15,2) NOT NULL DEFAULT 0.00,
  `transactionable_id` int(10) unsigned DEFAULT NULL,
  `transactionable_type` varchar(50) DEFAULT NULL,
  `created_at` timestamp NOT NULL DEFAULT current_timestamp(),
  `updated_at` timestamp NOT NULL DEFAULT current_timestamp() ON UPDATE current_timestamp(),
  PRIMARY KEY (`id`),
  KEY `wallet_transactions_wallet_id_index` (`wallet_id`),
  CONSTRAINT `wallet_transactions_wallet_id_foreign` FOREIGN KEY (`wallet_id`) REFERENCES `wallets` (`id`) ON DELETE CASCADE
) ENGINE=InnoDB AUTO_INCREMENT=228 DEFAULT CHARSET=utf8mb4 COLLATE=utf8mb4_unicode_ci;

--
-- Dumping data for table `wallet_transactions`
--

INSERT INTO `wallet_transactions` (`id`, `wallet_id`, `type`, `amount`, `amount_before`, `amount_after`, `transactionable_id`, `transactionable_type`, `created_at`, `updated_at`) VALUES (1,14,'1',48.00,0.00,-48.00,NULL,NULL,'2025-05-28 12:19:14','2025-05-28 12:19:14'),
(2,25,'1',48.00,0.00,-48.00,NULL,NULL,'2025-06-15 07:36:15','2025-06-15 07:36:15'),
(3,25,'1',48.00,-48.00,-96.00,NULL,NULL,'2025-06-15 07:48:41','2025-06-15 07:48:41'),
(4,27,'1',48.00,0.00,-48.00,NULL,NULL,'2025-06-15 09:30:06','2025-06-15 09:30:06'),
(5,26,'1',48.00,0.00,-48.00,NULL,NULL,'2025-06-15 10:57:30','2025-06-15 10:57:30'),
(6,26,'1',48.00,-48.00,-96.00,NULL,NULL,'2025-06-15 12:24:33','2025-06-15 12:24:33'),
(7,26,'1',48.00,-96.00,-144.00,NULL,NULL,'2025-06-15 12:31:16','2025-06-15 12:31:16'),
(8,26,'1',48.00,-144.00,-192.00,NULL,NULL,'2025-06-15 12:40:11','2025-06-15 12:40:11'),
(9,26,'1',48.00,-192.00,-240.00,NULL,NULL,'2025-06-15 12:44:38','2025-06-15 12:44:38'),
(10,26,'1',48.00,-240.00,-288.00,NULL,NULL,'2025-06-15 12:53:58','2025-06-15 12:53:58'),
(11,26,'1',48.00,-288.00,-336.00,NULL,NULL,'2025-06-15 12:57:39','2025-06-15 12:57:39'),
(12,29,'0',1000.00,0.00,1000.00,NULL,NULL,'2025-06-16 07:41:32','2025-06-16 07:41:32'),
(13,20,'0',60000.00,0.00,60000.00,NULL,NULL,'2025-06-16 09:09:34','2025-06-16 09:09:34'),
(14,31,'1',48.00,0.00,-48.00,NULL,NULL,'2025-06-17 08:33:50','2025-06-17 08:33:50'),
(15,31,'1',48.00,-48.00,-96.00,NULL,NULL,'2025-06-17 09:53:53','2025-06-17 09:53:53'),
(16,34,'0',1000.00,0.00,1000.00,NULL,NULL,'2025-06-17 12:12:58','2025-06-17 12:12:58'),
(17,21,'0',200000.00,0.00,200000.00,NULL,NULL,'2025-06-17 13:16:13','2025-06-17 13:16:13'),
(18,39,'0',1000.00,0.00,1000.00,NULL,NULL,'2025-06-18 08:59:34','2025-06-18 08:59:34'),
(19,39,'1',48.00,1000.00,952.00,NULL,NULL,'2025-06-18 09:55:59','2025-06-18 09:55:59'),
(20,34,'1',48.00,1000.00,952.00,NULL,NULL,'2025-06-18 10:00:02','2025-06-18 10:00:02'),
(21,40,'0',1000.00,0.00,1000.00,NULL,NULL,'2025-06-18 10:28:55','2025-06-18 10:28:55'),
(22,42,'0',1000.00,0.00,1000.00,NULL,NULL,'2025-06-18 12:25:11','2025-06-18 12:25:11'),
(23,40,'1',48.00,1000.00,952.00,NULL,NULL,'2025-06-18 13:07:34','2025-06-18 13:07:34'),
(24,40,'1',48.00,952.00,904.00,NULL,NULL,'2025-06-18 13:07:38','2025-06-18 13:07:38'),
(25,18,'1',100.00,0.00,-100.00,NULL,NULL,'2025-06-18 13:08:43','2025-06-18 13:08:43'),
(26,34,'1',48.00,952.00,904.00,NULL,NULL,'2025-06-18 13:08:58','2025-06-18 13:08:58'),
(27,21,'1',199720.00,200000.00,280.00,NULL,NULL,'2025-06-19 04:05:17','2025-06-19 04:05:17'),
(28,21,'0',1000.00,280.00,1280.00,NULL,NULL,'2025-06-19 05:16:40','2025-06-19 05:16:40'),
(29,21,'1',200.00,1280.00,1080.00,NULL,NULL,'2025-06-19 05:16:48','2025-06-19 05:16:48'),
(30,46,'0',1000.00,0.00,1000.00,NULL,NULL,'2025-06-19 07:36:40','2025-06-19 07:36:40'),
(31,46,'1',500.00,1000.00,500.00,NULL,NULL,'2025-06-19 07:37:06','2025-06-19 07:37:06'),
(32,46,'0',500.00,500.00,1000.00,NULL,NULL,'2025-06-19 07:40:07','2025-06-19 07:40:07'),
(33,51,'0',200.00,0.00,200.00,NULL,NULL,'2025-06-19 13:34:02','2025-06-19 13:34:02'),
(34,55,'0',1000.00,0.00,1000.00,NULL,NULL,'2025-06-22 06:32:24','2025-06-22 06:32:24'),
(35,55,'1',500.00,1000.00,500.00,NULL,NULL,'2025-06-22 06:32:38','2025-06-22 06:32:38'),
(36,55,'1',500.00,500.00,0.00,NULL,NULL,'2025-06-22 06:46:58','2025-06-22 06:46:58'),
(37,20,'0',200.00,0.00,200.00,NULL,NULL,'2025-06-22 09:11:27','2025-06-22 09:11:27'),
(38,20,'0',2000.00,200.00,2200.00,NULL,NULL,'2025-06-22 09:18:49','2025-06-22 09:18:49'),
(39,20,'0',2000.00,2200.00,4200.00,NULL,NULL,'2025-06-22 09:19:59','2025-06-22 09:19:59'),
(40,20,'0',200.00,4200.00,4400.00,NULL,NULL,'2025-06-22 09:20:09','2025-06-22 09:20:09'),
(41,20,'0',200.00,4400.00,4600.00,NULL,NULL,'2025-06-22 09:26:17','2025-06-22 09:26:17'),
(42,20,'0',1000.00,4600.00,5600.00,NULL,NULL,'2025-06-22 09:26:30','2025-06-22 09:26:30'),
(43,20,'0',100.00,5600.00,5700.00,NULL,NULL,'2025-06-22 09:34:36','2025-06-22 09:34:36'),
(44,20,'0',100.00,5700.00,5800.00,NULL,NULL,'2025-06-22 09:53:32','2025-06-22 09:53:32'),
(45,20,'0',100.00,5800.00,5900.00,NULL,NULL,'2025-06-22 09:54:06','2025-06-22 09:54:06'),
(46,20,'0',100.00,5900.00,6000.00,NULL,NULL,'2025-06-22 09:56:10','2025-06-22 09:56:10'),
(47,20,'0',100.00,6000.00,6100.00,NULL,NULL,'2025-06-22 09:58:09','2025-06-22 09:58:09'),
(48,20,'0',100.00,6100.00,6200.00,NULL,NULL,'2025-06-22 10:05:07','2025-06-22 10:05:07'),
(49,58,'0',1000.00,0.00,1000.00,NULL,NULL,'2025-06-23 06:33:58','2025-06-23 06:33:58'),
(50,58,'1',1000.00,1000.00,0.00,NULL,NULL,'2025-06-23 06:34:14','2025-06-23 06:34:14'),
(51,20,'0',100.00,6200.00,6300.00,NULL,NULL,'2025-06-23 11:08:19','2025-06-23 11:08:19'),
(52,20,'0',99.60,6300.00,6399.60,NULL,NULL,'2025-06-23 11:09:13','2025-06-23 11:09:13'),
(53,20,'0',100.00,6399.60,6499.60,NULL,NULL,'2025-06-23 11:09:47','2025-06-23 11:09:47'),
(54,20,'0',100.00,6499.60,6599.60,NULL,NULL,'2025-06-23 11:15:27','2025-06-23 11:15:27'),
(55,20,'0',100.00,6599.60,6699.60,NULL,NULL,'2025-06-23 11:15:41','2025-06-23 11:15:41'),
(56,20,'0',100.00,6699.60,6799.60,NULL,NULL,'2025-06-23 11:15:56','2025-06-23 11:15:56'),
(57,20,'0',100.00,6799.60,6899.60,NULL,NULL,'2025-06-23 11:16:38','2025-06-23 11:16:38'),
(58,20,'0',100.00,6899.60,6999.60,NULL,NULL,'2025-06-23 11:16:56','2025-06-23 11:16:56'),
(59,20,'0',100.00,6999.60,7099.60,NULL,NULL,'2025-06-23 11:17:18','2025-06-23 11:17:18'),
(60,20,'0',100.00,7099.60,7199.60,NULL,NULL,'2025-06-23 11:18:28','2025-06-23 11:18:28'),
(61,20,'0',100.00,7199.60,7299.60,NULL,NULL,'2025-06-23 11:21:53','2025-06-23 11:21:53'),
(62,20,'0',100.00,7299.60,7399.60,NULL,NULL,'2025-06-23 11:22:41','2025-06-23 11:22:41'),
(63,20,'0',100.00,7399.60,7499.60,NULL,NULL,'2025-06-23 11:22:58','2025-06-23 11:22:58'),
(64,20,'0',100.00,7499.60,7599.60,NULL,NULL,'2025-06-23 11:26:29','2025-06-23 11:26:29'),
(65,20,'0',100.00,7599.60,7699.60,NULL,NULL,'2025-06-23 11:34:20','2025-06-23 11:34:20'),
(66,20,'0',100.00,7699.60,7799.60,NULL,NULL,'2025-06-23 11:34:54','2025-06-23 11:34:54'),
(67,20,'0',100.00,7799.60,7899.60,NULL,NULL,'2025-06-23 11:35:53','2025-06-23 11:35:53'),
(68,20,'0',100.00,7899.60,7999.60,NULL,NULL,'2025-06-23 11:36:55','2025-06-23 11:36:55'),
(69,20,'0',100.00,7999.60,8099.60,NULL,NULL,'2025-06-23 11:37:28','2025-06-23 11:37:28'),
(70,20,'0',100.00,8099.60,8199.60,NULL,NULL,'2025-06-23 11:38:20','2025-06-23 11:38:20'),
(71,20,'0',100.00,8199.60,8299.60,NULL,NULL,'2025-06-23 11:38:37','2025-06-23 11:38:37'),
(72,20,'0',100.00,8299.60,8399.60,NULL,NULL,'2025-06-23 11:38:48','2025-06-23 11:38:48'),
(73,20,'0',100.00,8399.60,8499.60,NULL,NULL,'2025-06-23 11:41:24','2025-06-23 11:41:24'),
(74,20,'0',100.00,8499.60,8599.60,NULL,NULL,'2025-06-23 11:41:44','2025-06-23 11:41:44'),
(75,20,'0',100.00,8599.60,8699.60,NULL,NULL,'2025-06-23 11:41:53','2025-06-23 11:41:53'),
(76,20,'0',100.00,8699.60,8799.60,NULL,NULL,'2025-06-23 11:43:11','2025-06-23 11:43:11'),
(77,20,'0',100.00,8799.60,8899.60,NULL,NULL,'2025-06-23 11:43:24','2025-06-23 11:43:24'),
(78,20,'0',100.00,8899.60,8999.60,NULL,NULL,'2025-06-23 11:44:34','2025-06-23 11:44:34'),
(79,20,'0',100.00,8999.60,9099.60,NULL,NULL,'2025-06-23 11:45:14','2025-06-23 11:45:14'),
(80,20,'0',100.00,9099.60,9199.60,NULL,NULL,'2025-06-23 11:46:38','2025-06-23 11:46:38'),
(81,20,'0',100.00,9199.60,9299.60,NULL,NULL,'2025-06-23 11:47:46','2025-06-23 11:47:46'),
(82,20,'0',100.00,9299.60,9399.60,NULL,NULL,'2025-06-23 11:49:16','2025-06-23 11:49:16'),
(83,20,'0',100.00,9399.60,9499.60,NULL,NULL,'2025-06-23 11:49:53','2025-06-23 11:49:53'),
(84,20,'0',190.00,9499.60,9689.60,NULL,NULL,'2025-06-23 11:51:25','2025-06-23 11:51:25'),
(85,20,'0',100.00,9689.60,9789.60,NULL,NULL,'2025-06-23 11:51:40','2025-06-23 11:51:40'),
(86,20,'0',100.00,9789.60,9889.60,NULL,NULL,'2025-06-23 11:55:10','2025-06-23 11:55:10'),
(87,20,'0',100.00,9889.60,9989.60,NULL,NULL,'2025-06-23 11:55:37','2025-06-23 11:55:37'),
(88,20,'0',100.00,9989.60,10089.60,NULL,NULL,'2025-06-23 11:55:56','2025-06-23 11:55:56'),
(89,20,'0',100.00,10089.60,10189.60,NULL,NULL,'2025-06-23 12:05:22','2025-06-23 12:05:22'),
(90,20,'0',100.00,10189.60,10289.60,NULL,NULL,'2025-06-23 12:05:45','2025-06-23 12:05:45'),
(91,20,'0',100.00,10289.60,10389.60,NULL,NULL,'2025-06-23 12:07:36','2025-06-23 12:07:36'),
(92,20,'0',100.00,10389.60,10489.60,NULL,NULL,'2025-06-23 12:07:53','2025-06-23 12:07:53'),
(93,20,'0',100.00,10489.60,10589.60,NULL,NULL,'2025-06-23 12:17:16','2025-06-23 12:17:16'),
(94,20,'0',100.00,10589.60,10689.60,NULL,NULL,'2025-06-23 12:17:32','2025-06-23 12:17:32'),
(95,20,'0',199.00,10689.60,10888.60,NULL,NULL,'2025-06-23 12:22:59','2025-06-23 12:22:59'),
(96,20,'0',100.00,10888.60,10988.60,NULL,NULL,'2025-06-23 12:23:09','2025-06-23 12:23:09'),
(97,20,'0',100.00,10988.60,11088.60,NULL,NULL,'2025-06-23 12:23:26','2025-06-23 12:23:26'),
(98,20,'0',100.00,11088.60,11188.60,NULL,NULL,'2025-06-23 12:23:57','2025-06-23 12:23:57'),
(99,20,'0',100.00,11188.60,11288.60,NULL,NULL,'2025-06-23 12:24:17','2025-06-23 12:24:17'),
(100,20,'0',190.00,11288.60,11478.60,NULL,NULL,'2025-06-23 12:26:37','2025-06-23 12:26:37'),
(101,20,'0',100.00,11478.60,11578.60,NULL,NULL,'2025-06-23 12:47:00','2025-06-23 12:47:00'),
(102,20,'0',100.00,11578.60,11678.60,NULL,NULL,'2025-06-23 12:47:29','2025-06-23 12:47:29'),
(103,20,'0',100.00,11678.60,11778.60,NULL,NULL,'2025-06-23 12:47:44','2025-06-23 12:47:44'),
(104,20,'0',100.00,11778.60,11878.60,NULL,NULL,'2025-06-23 12:48:16','2025-06-23 12:48:16'),
(105,20,'0',100.00,11878.60,11978.60,NULL,NULL,'2025-06-23 12:48:32','2025-06-23 12:48:32'),
(106,20,'0',100.00,11978.60,12078.60,NULL,NULL,'2025-06-23 12:48:51','2025-06-23 12:48:51'),
(107,61,'0',1000.00,0.00,1000.00,NULL,NULL,'2025-06-23 13:58:31','2025-06-23 13:58:31'),
(108,20,'0',100000.00,12078.60,112078.60,NULL,NULL,'2025-06-24 07:59:16','2025-06-24 07:59:16'),
(109,62,'0',1000.00,0.00,1000.00,NULL,NULL,'2025-06-24 08:10:38','2025-06-24 08:10:38'),
(110,67,'1',48.00,0.00,-48.00,NULL,NULL,'2025-07-30 07:30:38','2025-07-30 07:30:38'),
(111,67,'1',48.00,-48.00,-96.00,NULL,NULL,'2025-07-30 07:30:44','2025-07-30 07:30:44'),
(112,106,'advert_payment',115.00,0.00,-115.00,95,'App\\Models\\User','2025-10-09 07:31:18','2025-10-09 07:31:18'),
(113,106,'advert_payment',115.00,-115.00,-230.00,95,'App\\Models\\User','2025-10-09 07:31:24','2025-10-09 07:31:24'),
(114,106,'advert_payment',115.00,-230.00,-345.00,95,'App\\Models\\User','2025-10-09 07:33:23','2025-10-09 07:33:23'),
(115,106,'advert_payment',115.00,-345.00,-460.00,95,'App\\Models\\User','2025-10-09 07:33:28','2025-10-09 07:33:28'),
(116,106,'advert_payment',115.00,-460.00,-575.00,95,'App\\Models\\User','2025-10-09 07:33:57','2025-10-09 07:33:57'),
(117,106,'advert_payment',115.00,-575.00,-690.00,95,'App\\Models\\User','2025-10-09 07:34:02','2025-10-09 07:34:02'),
(118,106,'advert_payment',115.00,-690.00,-805.00,95,'App\\Models\\User','2025-10-09 07:34:13','2025-10-09 07:34:13'),
(119,106,'advert_payment',115.00,-805.00,-920.00,95,'App\\Models\\User','2025-10-09 07:39:30','2025-10-09 07:39:30'),
(120,106,'advert_payment',115.00,-920.00,-1035.00,95,'App\\Models\\User','2025-10-09 07:46:50','2025-10-09 07:46:50'),
(121,107,'0',3000.00,0.00,3000.00,NULL,NULL,'2025-10-09 07:53:40','2025-10-09 07:53:40'),
(122,107,'advert_payment',575.00,3000.00,2425.00,96,'App\\Models\\User','2025-10-09 07:53:48','2025-10-09 07:53:48'),
(123,108,'0',4000.00,0.00,4000.00,NULL,NULL,'2025-10-09 08:05:00','2025-10-09 08:05:00'),
(124,108,'advert_payment',575.00,4000.00,3425.00,97,'App\\Models\\User','2025-10-09 08:05:03','2025-10-09 08:05:03'),
(125,110,'0',1000.00,0.00,1000.00,NULL,NULL,'2025-10-09 09:13:31','2025-10-09 09:13:31'),
(126,106,'banner_payment',55.20,-1035.00,-1090.20,95,'App\\Models\\User','2025-10-09 10:20:57','2025-10-09 10:20:57'),
(127,106,'advert_payment',1.15,-1090.20,-1091.35,95,'App\\Models\\User','2025-10-09 10:58:57','2025-10-09 10:58:57'),
(128,107,'advert_payment',92.00,2425.00,2333.00,96,'App\\Models\\User','2025-10-09 11:06:18','2025-10-09 11:06:18'),
(129,112,'0',1000.00,0.00,1000.00,NULL,NULL,'2025-10-09 11:12:35','2025-10-09 11:12:35'),
(130,112,'advert_payment',460.00,1000.00,540.00,101,'App\\Models\\User','2025-10-09 11:12:36','2025-10-09 11:12:36'),
(131,106,'advert_payment',8.05,-1091.35,-1099.40,95,'App\\Models\\User','2025-10-09 11:30:22','2025-10-09 11:30:22'),
(132,103,'advert_payment',575.00,0.00,-575.00,92,'App\\Models\\User','2025-10-10 19:48:52','2025-10-10 19:48:52'),
(133,103,'advert_payment',575.00,-575.00,-1150.00,92,'App\\Models\\User','2025-10-10 19:53:44','2025-10-10 19:53:44'),
(134,103,'advert_payment',575.00,-1150.00,-1725.00,92,'App\\Models\\User','2025-10-10 19:54:08','2025-10-10 19:54:08'),
(135,103,'banner_payment',55.20,-1725.00,-1780.20,92,'App\\Models\\User','2025-10-10 20:10:10','2025-10-10 20:10:10'),
(136,103,'banner_payment',55.20,-1780.20,-1835.40,92,'App\\Models\\User','2025-10-10 20:10:43','2025-10-10 20:10:43'),
(137,103,'banner_payment',55.20,-1835.40,-1890.60,92,'App\\Models\\User','2025-10-10 20:14:09','2025-10-10 20:14:09'),
(138,103,'banner_payment',55.20,-1890.60,-1945.80,92,'App\\Models\\User','2025-10-10 20:15:29','2025-10-10 20:15:29'),
(139,103,'banner_payment',55.20,-1945.80,-2001.00,92,'App\\Models\\User','2025-10-10 20:18:36','2025-10-10 20:18:36'),
(140,103,'advert_payment',115.00,-2001.00,-2116.00,92,'App\\Models\\User','2025-10-11 14:28:32','2025-10-11 14:28:32'),
(141,113,'0',1000.00,0.00,1000.00,NULL,NULL,'2025-10-12 06:45:02','2025-10-12 06:45:02'),
(142,113,'advert_payment',8.05,1000.00,991.95,102,'App\\Models\\User','2025-10-12 06:45:17','2025-10-12 06:45:17'),
(143,113,'advert_payment',575.00,991.95,416.95,102,'App\\Models\\User','2025-10-12 06:48:43','2025-10-12 06:48:43'),
(144,113,'0',2000.00,416.95,2416.95,NULL,NULL,'2025-10-12 06:53:14','2025-10-12 06:53:14'),
(145,113,'advert_payment',575.00,2416.95,1841.95,102,'App\\Models\\User','2025-10-12 06:53:31','2025-10-12 06:53:31'),
(146,113,'advert_payment',8.05,1841.95,1833.90,102,'App\\Models\\User','2025-10-12 06:54:54','2025-10-12 06:54:54'),
(147,113,'banner_payment',55.20,1833.90,1778.70,102,'App\\Models\\User','2025-10-12 06:59:25','2025-10-12 06:59:25'),
(148,103,'banner_payment',55.20,-2116.00,-2171.20,92,'App\\Models\\User','2025-10-12 07:00:21','2025-10-12 07:00:21'),
(149,113,'advert_payment',8.05,1778.70,1770.65,102,'App\\Models\\User','2025-10-12 07:08:59','2025-10-12 07:08:59'),
(150,113,'advert_payment',575.00,1770.65,1195.65,102,'App\\Models\\User','2025-10-12 07:12:47','2025-10-12 07:12:47'),
(151,113,'advert_payment',1.05,1195.65,1194.60,102,'App\\Models\\User','2025-10-12 08:33:18','2025-10-12 08:33:18'),
(152,107,'advert_payment',84.00,2333.00,2249.00,96,'App\\Models\\User','2025-10-12 08:38:55','2025-10-12 08:38:55'),
(153,106,'advert_payment',1.05,-1099.40,-1100.45,95,'App\\Models\\User','2025-10-12 09:38:35','2025-10-12 09:38:35'),
(154,113,'advert_payment',84.00,1194.60,1110.60,102,'App\\Models\\User','2025-10-12 10:05:24','2025-10-12 10:05:24'),
(155,103,'advert_payment',105.00,-2171.20,-2276.20,92,'App\\Models\\User','2025-10-12 18:17:36','2025-10-12 18:17:36'),
(156,103,'advert_payment',525.00,-2276.20,-2801.20,92,'App\\Models\\User','2025-10-12 18:18:46','2025-10-12 18:18:46'),
(157,113,'advert_payment',7.35,1110.60,1103.25,102,'App\\Models\\User','2025-10-13 07:40:05','2025-10-13 07:40:05'),
(158,113,'advert_payment',7.35,1103.25,1095.90,102,'App\\Models\\User','2025-10-13 07:42:39','2025-10-13 07:42:39'),
(159,116,'advert_payment',7.35,0.00,-7.35,105,'App\\Models\\User','2025-10-13 08:19:44','2025-10-13 08:19:44'),
(160,116,'advert_payment',420.00,-7.35,-427.35,105,'App\\Models\\User','2025-10-13 08:24:37','2025-10-13 08:24:37'),
(161,117,'advert_payment',1.05,0.00,-1.05,106,'App\\Models\\User','2025-10-13 08:29:12','2025-10-13 08:29:12'),
(162,117,'advert_payment',105.00,-1.05,-106.05,106,'App\\Models\\User','2025-10-13 09:04:53','2025-10-13 09:04:53'),
(163,117,'advert_payment',105.00,-106.05,-211.05,106,'App\\Models\\User','2025-10-13 09:21:08','2025-10-13 09:21:08'),
(164,117,'advert_payment',7.35,-211.05,-218.40,106,'App\\Models\\User','2025-10-13 10:44:21','2025-10-13 10:44:21'),
(165,104,'advert_payment',105.00,0.00,-105.00,93,'App\\Models\\User','2025-10-13 12:47:39','2025-10-13 12:47:39'),
(166,104,'advert_payment',105.00,-105.00,-210.00,93,'App\\Models\\User','2025-10-13 12:53:50','2025-10-13 12:53:50'),
(167,106,'advert_payment',7.35,-1100.45,-1107.80,95,'App\\Models\\User','2025-10-13 13:49:51','2025-10-13 13:49:51'),
(168,111,'charge',14821.00,0.00,14821.00,100,'App\\Models\\User','2025-10-13 16:22:38','2025-10-13 16:22:38'),
(169,119,'0',5000.00,0.00,5000.00,NULL,NULL,'2025-10-14 06:35:34','2025-10-14 06:35:34'),
(170,119,'advert_payment',105.00,5000.00,4895.00,108,'App\\Models\\User','2025-10-14 06:45:11','2025-10-14 06:45:11'),
(171,103,'charge',5000.00,-2801.20,2198.80,92,'App\\Models\\User','2025-10-14 08:01:36','2025-10-14 08:01:36'),
(172,103,'banner_payment',42.00,2198.80,2156.80,92,'App\\Models\\User','2025-10-14 08:17:47','2025-10-14 08:17:47'),
(173,103,'advert_payment',84.00,2156.80,2072.80,92,'App\\Models\\User','2025-10-14 08:23:31','2025-10-14 08:23:31'),
(174,111,'charge',5000.00,14821.00,19821.00,100,'App\\Models\\User','2025-10-14 08:26:44','2025-10-14 08:26:44'),
(175,119,'advert_payment',105.00,4895.00,4790.00,108,'App\\Models\\User','2025-10-14 08:59:15','2025-10-14 08:59:15'),
(176,103,'advert_payment',105.00,2072.80,1967.80,92,'App\\Models\\User','2025-10-15 10:19:18','2025-10-15 10:19:18'),
(177,118,'charge',0.10,0.00,0.10,107,'App\\Models\\User','2025-10-19 07:11:52','2025-10-19 07:11:52'),
(178,121,'0',100000.00,0.00,100000.00,NULL,NULL,'2025-10-19 07:21:28','2025-10-19 07:21:28'),
(179,63,'0',100000.00,0.00,100000.00,NULL,NULL,'2025-10-19 07:22:48','2025-10-19 07:22:48'),
(180,63,'advert_payment',92.00,100000.00,99908.00,52,'App\\Models\\User','2025-10-19 08:23:20','2025-10-19 08:23:20'),
(181,63,'banner_payment',47.15,99908.00,99860.85,52,'App\\Models\\User','2025-10-19 11:52:48','2025-10-19 11:52:48'),
(182,122,'0',1000.00,0.00,1000.00,NULL,NULL,'2025-10-19 12:00:02','2025-10-19 12:00:02'),
(183,123,'0',10000.00,0.00,10000.00,NULL,NULL,'2025-10-19 12:01:45','2025-10-19 12:01:45'),
(184,123,'advert_payment',103.50,10000.00,9896.50,112,'App\\Models\\User','2025-10-19 12:05:49','2025-10-19 12:05:49'),
(185,123,'advert_payment',460.00,9896.50,9436.50,112,'App\\Models\\User','2025-10-19 12:12:50','2025-10-19 12:12:50'),
(186,103,'advert_payment',103.50,1967.80,1864.30,92,'App\\Models\\User','2025-10-19 14:33:30','2025-10-19 14:33:30'),
(187,103,'banner_payment',47.15,1864.30,1817.15,92,'App\\Models\\User','2025-10-19 14:42:53','2025-10-19 14:42:53'),
(188,63,'advert_payment',92.00,99860.85,99768.85,52,'App\\Models\\User','2025-10-20 17:31:06','2025-10-20 17:31:06'),
(189,63,'advert_payment',103.50,99768.85,99665.35,52,'App\\Models\\User','2025-10-21 15:03:02','2025-10-21 15:03:02'),
(190,103,'advert_payment',92.00,1817.15,1725.15,92,'App\\Models\\User','2025-11-04 10:02:56','2025-11-04 10:02:56'),
(191,103,'advert_payment',92.00,1725.15,1633.15,92,'App\\Models\\User','2025-11-04 10:03:02','2025-11-04 10:03:02'),
(192,103,'advert_payment',92.00,1633.15,1541.15,92,'App\\Models\\User','2025-11-04 10:03:15','2025-11-04 10:03:15'),
(193,103,'advert_payment',92.00,1541.15,1449.15,92,'App\\Models\\User','2025-11-04 10:03:19','2025-11-04 10:03:19'),
(194,103,'advert_payment',92.00,1449.15,1357.15,92,'App\\Models\\User','2025-11-04 10:03:24','2025-11-04 10:03:24'),
(195,103,'advert_payment',92.00,1357.15,1265.15,92,'App\\Models\\User','2025-11-04 10:11:14','2025-11-04 10:11:14'),
(196,103,'advert_payment',92.00,1265.15,1173.15,92,'App\\Models\\User','2025-11-04 10:15:18','2025-11-04 10:15:18'),
(197,103,'advert_payment',92.00,1173.15,1081.15,92,'App\\Models\\User','2025-11-04 10:27:36','2025-11-04 10:27:36'),
(198,103,'advert_payment',92.00,1081.15,989.15,92,'App\\Models\\User','2025-11-04 10:57:09','2025-11-04 10:57:09'),
(199,118,'advert_payment',92.00,1000000.00,999908.00,107,'App\\Models\\User','2025-11-06 08:52:06','2025-11-06 08:52:06'),
(200,118,'advert_payment',103.50,999908.00,999804.50,107,'App\\Models\\User','2025-11-06 08:52:28','2025-11-06 08:52:28'),
(201,118,'advert_payment',92.00,999804.50,999712.50,107,'App\\Models\\User','2025-11-06 09:12:31','2025-11-06 09:12:31'),
(202,63,'advert_payment',103.50,99665.35,99561.85,52,'App\\Models\\User','2025-11-10 15:34:34','2025-11-10 15:34:34'),
(203,63,'banner_payment',3450.00,99561.85,96111.85,52,'App\\Models\\User','2025-11-12 20:23:08','2025-11-12 20:23:08'),
(204,63,'advert_payment',575.00,96111.85,95536.85,52,'App\\Models\\User','2025-11-16 06:45:13','2025-11-16 06:45:13'),
(205,103,'banner_payment',3450.00,989.15,-2460.85,92,'App\\Models\\User','2025-11-17 09:13:07','2025-11-17 09:13:07'),
(206,63,'advert_payment',92.00,95536.85,95444.85,52,'App\\Models\\User','2025-11-18 06:37:13','2025-11-18 06:37:13'),
(207,103,'advert_payment',92.00,-2460.85,-2552.85,92,'App\\Models\\User','2025-11-24 10:21:41','2025-11-24 10:21:41'),
(208,103,'charge',500.00,-2552.85,-2052.85,92,'App\\Models\\User','2025-11-24 10:26:53','2025-11-24 10:26:53'),
(209,103,'charge',14000.00,-2052.85,11947.15,92,'App\\Models\\User','2025-11-26 10:29:38','2025-11-26 10:29:38'),
(210,103,'banner_payment',3450.00,11947.15,8497.15,92,'App\\Models\\User','2025-11-26 10:29:49','2025-11-26 10:29:49'),
(211,103,'charge',14000.00,8497.15,22497.15,92,'App\\Models\\User','2025-11-26 11:00:38','2025-11-26 11:00:38'),
(212,103,'charge',200.00,22497.15,22697.15,92,'App\\Models\\User','2025-11-26 11:11:52','2025-11-26 11:11:52'),
(213,103,'charge',500.00,22697.15,23197.15,92,'App\\Models\\User','2025-11-26 11:17:24','2025-11-26 11:17:24'),
(214,103,'charge',1000.00,23197.15,24197.15,92,'App\\Models\\User','2025-11-26 11:21:52','2025-11-26 11:21:52'),
(215,103,'charge',10000.00,24197.15,34197.15,92,'App\\Models\\User','2025-11-26 11:26:23','2025-11-26 11:26:23'),
(216,103,'charge',10000.00,34197.15,44197.15,92,'App\\Models\\User','2025-11-26 11:41:39','2025-11-26 11:41:39'),
(217,103,'charge',100.00,44197.15,44297.15,92,'App\\Models\\User','2025-11-26 15:19:44','2025-11-26 15:19:44'),
(218,103,'charge',1000.00,44297.15,45297.15,92,'App\\Models\\User','2025-11-26 15:26:01','2025-11-26 15:26:01'),
(219,103,'charge',203.00,45297.15,45500.15,92,'App\\Models\\User','2025-11-26 15:27:01','2025-11-26 15:27:01'),
(220,63,'advert_payment',92.00,95444.85,95352.85,52,'App\\Models\\User','2025-12-07 15:16:41','2025-12-07 15:16:41'),
(221,63,'advert_payment',92.00,95352.85,95260.85,52,'App\\Models\\User','2025-12-07 15:19:30','2025-12-07 15:19:30'),
(222,122,'advert_payment',517.50,1000.00,482.50,111,'App\\Models\\User','2025-12-07 15:29:43','2025-12-07 15:29:43'),
(223,63,'advert_payment',517.50,95260.85,94743.35,52,'App\\Models\\User','2025-12-07 15:40:39','2025-12-07 15:40:39'),
(224,103,'banner_payment',3450.00,45500.15,42050.15,92,'App\\Models\\User','2025-12-08 10:54:52','2025-12-08 10:54:52'),
(225,63,'banner_payment',3450.00,94743.35,91293.35,52,'App\\Models\\User','2025-12-13 10:34:46','2025-12-13 10:34:46'),
(226,63,'advert_payment',92.00,91293.35,91201.35,52,'App\\Models\\User','2025-12-13 14:17:54','2025-12-13 14:17:54'),
(227,63,'banner_payment',3450.00,91201.35,87751.35,52,'App\\Models\\User','2025-12-13 14:49:09','2025-12-13 14:49:09');

--
-- Table structure for table `wallets`
--

CREATE TABLE `wallets` (
  `id` bigint(20) unsigned NOT NULL AUTO_INCREMENT,
  `walletable_id` int(10) unsigned NOT NULL,
  `walletable_type` varchar(50) NOT NULL,
  `balance` decimal(15,2) NOT NULL DEFAULT 0.00,
  `available_balance` decimal(15,2) NOT NULL DEFAULT 0.00,
  `debt_balance` decimal(15,2) NOT NULL DEFAULT 0.00,
  `created_at` timestamp NOT NULL DEFAULT current_timestamp(),
  `updated_at` timestamp NOT NULL DEFAULT current_timestamp() ON UPDATE current_timestamp(),
  PRIMARY KEY (`id`)
) ENGINE=InnoDB AUTO_INCREMENT=128 DEFAULT CHARSET=utf8mb4 COLLATE=utf8mb4_unicode_ci;

--
-- Dumping data for table `wallets`
--

INSERT INTO `wallets` (`id`, `walletable_id`, `walletable_type`, `balance`, `available_balance`, `debt_balance`, `created_at`, `updated_at`) VALUES (1,1,'App\\Models\\Admin',0.00,0.00,0.00,'2025-05-28 08:23:57','2025-05-28 08:23:57'),
(2,2,'App\\Models\\Admin',0.00,0.00,0.00,'2025-05-28 08:23:58','2025-05-28 08:23:58'),
(3,3,'App\\Models\\Admin',0.00,0.00,0.00,'2025-05-28 08:23:58','2025-05-28 08:23:58'),
(4,4,'App\\Models\\Admin',0.00,0.00,0.00,'2025-05-28 08:23:58','2025-05-28 08:23:58'),
(5,5,'App\\Models\\Admin',0.00,0.00,0.00,'2025-05-28 08:23:58','2025-05-28 08:23:58'),
(6,6,'App\\Models\\Admin',0.00,0.00,0.00,'2025-05-28 08:23:58','2025-05-28 08:23:58'),
(7,7,'App\\Models\\Admin',0.00,0.00,0.00,'2025-05-28 08:23:58','2025-05-28 08:23:58'),
(8,8,'App\\Models\\Admin',0.00,0.00,0.00,'2025-05-28 08:23:58','2025-05-28 08:23:58'),
(9,9,'App\\Models\\Admin',0.00,0.00,0.00,'2025-05-28 08:23:58','2025-05-28 08:23:58'),
(10,10,'App\\Models\\Admin',0.00,0.00,0.00,'2025-05-28 08:23:58','2025-05-28 08:23:58'),
(11,11,'App\\Models\\Admin',0.00,0.00,0.00,'2025-05-28 08:23:58','2025-05-28 08:23:58'),
(12,1,'App\\Models\\User',0.00,0.00,0.00,'2025-05-28 08:54:45','2025-05-28 08:54:45'),
(13,2,'App\\Models\\User',0.00,600.00,0.00,'2025-05-28 09:48:33','2025-05-28 12:10:17'),
(14,3,'App\\Models\\User',-48.00,452.00,0.00,'2025-05-28 09:51:21','2025-05-28 12:19:14'),
(15,4,'App\\Models\\User',0.00,0.00,0.00,'2025-05-28 12:15:11','2025-05-28 12:15:11'),
(16,5,'App\\Models\\User',0.00,0.00,0.00,'2025-05-28 12:22:53','2025-05-28 12:22:53'),
(17,6,'App\\Models\\User',0.00,0.00,0.00,'2025-05-28 13:03:56','2025-05-28 13:03:56'),
(18,7,'App\\Models\\User',-100.00,70.50,0.00,'2025-06-03 07:09:40','2025-06-18 13:08:43'),
(19,8,'App\\Models\\User',0.00,0.00,0.00,'2025-06-03 08:18:31','2025-06-03 08:18:31'),
(20,9,'App\\Models\\User',112078.60,112078.60,0.00,'2025-06-11 09:03:13','2025-06-24 07:59:16'),
(21,10,'App\\Models\\User',1080.00,960.00,0.00,'2025-06-11 10:49:43','2025-06-24 08:35:26'),
(22,11,'App\\Models\\User',0.00,40000.00,0.00,'2025-06-11 10:52:29','2025-06-15 12:22:04'),
(23,12,'App\\Models\\User',0.00,0.00,0.00,'2025-06-11 10:54:07','2025-06-11 10:54:07'),
(24,13,'App\\Models\\User',0.00,0.00,0.00,'2025-06-12 12:28:44','2025-06-12 12:28:44'),
(25,14,'App\\Models\\User',-96.00,904.50,0.00,'2025-06-15 06:23:16','2025-06-15 07:48:41'),
(26,15,'App\\Models\\User',-336.00,1464.00,0.00,'2025-06-15 08:33:49','2025-06-15 12:57:39'),
(27,16,'App\\Models\\User',-48.00,12.00,0.00,'2025-06-15 08:50:50','2025-06-15 09:45:27'),
(28,17,'App\\Models\\User',0.00,0.00,0.00,'2025-06-16 06:38:02','2025-06-16 06:38:02'),
(29,18,'App\\Models\\User',1000.00,960.00,0.00,'2025-06-16 07:29:23','2025-06-16 07:42:00'),
(30,19,'App\\Models\\User',0.00,920.00,0.00,'2025-06-16 07:52:23','2025-06-18 10:25:09'),
(31,20,'App\\Models\\User',-96.00,864.00,0.00,'2025-06-16 13:02:14','2025-06-17 09:53:53'),
(32,21,'App\\Models\\User',0.00,0.00,0.00,'2025-06-17 06:29:17','2025-06-17 06:29:17'),
(33,22,'App\\Models\\User',0.00,0.00,0.00,'2025-06-17 08:28:24','2025-06-17 08:28:24'),
(34,23,'App\\Models\\User',904.00,544.00,0.00,'2025-06-17 11:43:27','2025-06-18 13:08:58'),
(35,24,'App\\Models\\User',0.00,0.00,0.00,'2025-06-17 12:11:28','2025-06-17 12:11:28'),
(36,25,'App\\Models\\User',0.00,0.00,0.00,'2025-06-17 12:16:54','2025-06-17 12:16:54'),
(37,26,'App\\Models\\User',0.00,0.00,0.00,'2025-06-17 13:26:09','2025-06-17 13:26:09'),
(38,27,'App\\Models\\User',0.00,0.00,0.00,'2025-06-18 06:26:35','2025-06-18 06:26:35'),
(39,28,'App\\Models\\User',952.00,792.00,0.00,'2025-06-18 08:58:08','2025-06-18 09:55:59'),
(40,29,'App\\Models\\User',904.00,784.00,0.00,'2025-06-18 10:02:08','2025-06-18 13:07:38'),
(41,30,'App\\Models\\User',0.00,0.00,0.00,'2025-06-18 10:24:15','2025-06-18 10:24:15'),
(42,31,'App\\Models\\User',1000.00,960.00,0.00,'2025-06-18 12:01:56','2025-06-18 12:27:50'),
(43,32,'App\\Models\\User',0.00,0.00,0.00,'2025-06-18 12:05:32','2025-06-18 12:05:32'),
(44,33,'App\\Models\\User',0.00,0.00,0.00,'2025-06-18 13:19:05','2025-06-18 13:19:05'),
(45,34,'App\\Models\\User',0.00,0.00,0.00,'2025-06-19 06:40:40','2025-06-19 06:40:40'),
(46,35,'App\\Models\\User',1000.00,1000.00,0.00,'2025-06-19 07:06:58','2025-06-19 07:40:07'),
(47,36,'App\\Models\\User',0.00,0.00,0.00,'2025-06-19 07:32:38','2025-06-19 07:32:38'),
(48,37,'App\\Models\\User',0.00,2000.00,0.00,'2025-06-19 07:49:12','2025-06-19 08:38:54'),
(49,38,'App\\Models\\User',0.00,0.00,0.00,'2025-06-19 08:04:47','2025-06-19 08:04:47'),
(50,39,'App\\Models\\User',0.00,2000.00,0.00,'2025-06-19 08:41:16','2025-06-19 08:41:28'),
(51,40,'App\\Models\\User',200.00,200.00,0.00,'2025-06-19 08:47:06','2025-06-19 13:34:02'),
(52,41,'App\\Models\\User',0.00,100.00,0.00,'2025-06-19 09:26:40','2025-06-19 09:33:45'),
(53,42,'App\\Models\\User',0.00,100.00,0.00,'2025-06-19 09:41:49','2025-06-19 09:48:38'),
(54,43,'App\\Models\\User',0.00,0.00,0.00,'2025-06-19 12:37:12','2025-06-19 12:37:12'),
(55,44,'App\\Models\\User',0.00,2000.00,0.00,'2025-06-19 13:08:18','2025-06-22 07:03:42'),
(56,45,'App\\Models\\User',0.00,0.00,0.00,'2025-06-22 08:03:36','2025-06-22 08:03:36'),
(57,46,'App\\Models\\User',0.00,1000.00,0.00,'2025-06-22 08:20:07','2025-06-22 08:21:03'),
(58,47,'App\\Models\\User',0.00,0.00,0.00,'2025-06-22 12:21:01','2025-06-23 06:34:14'),
(59,48,'App\\Models\\User',0.00,0.00,0.00,'2025-06-23 07:44:07','2025-06-23 07:44:07'),
(60,49,'App\\Models\\User',0.00,0.00,0.00,'2025-06-23 07:55:35','2025-06-23 07:55:35'),
(61,50,'App\\Models\\User',1000.00,1000.00,0.00,'2025-06-23 13:23:00','2025-06-23 13:58:31'),
(62,51,'App\\Models\\User',1000.00,1000.00,0.00,'2025-06-24 06:21:48','2025-06-24 08:10:38'),
(63,52,'App\\Models\\User',87751.35,87761.35,0.00,'2025-06-24 18:57:18','2025-12-13 14:49:09'),
(64,53,'App\\Models\\User',0.00,0.00,0.00,'2025-06-25 09:57:39','2025-06-25 09:57:39'),
(65,54,'App\\Models\\User',0.00,0.00,0.00,'2025-06-25 10:00:19','2025-06-25 10:00:19'),
(66,55,'App\\Models\\User',0.00,0.00,0.00,'2025-07-08 12:02:38','2025-07-08 12:02:38'),
(67,56,'App\\Models\\User',-96.00,4904.00,0.00,'2025-07-09 09:41:52','2025-07-30 07:30:44'),
(68,57,'App\\Models\\User',0.00,0.00,0.00,'2025-07-09 09:43:38','2025-07-09 09:43:38'),
(69,58,'App\\Models\\User',0.00,0.00,0.00,'2025-07-09 09:57:27','2025-07-09 09:57:27'),
(70,59,'App\\Models\\User',0.00,0.00,0.00,'2025-07-09 09:57:59','2025-07-09 09:57:59'),
(71,60,'App\\Models\\User',0.00,0.00,0.00,'2025-07-09 10:05:59','2025-07-09 10:05:59'),
(72,61,'App\\Models\\User',0.00,0.00,0.00,'2025-07-09 10:27:30','2025-07-09 10:27:30'),
(73,62,'App\\Models\\User',0.00,0.00,0.00,'2025-07-09 10:28:50','2025-07-09 10:28:50'),
(74,63,'App\\Models\\User',0.00,0.00,0.00,'2025-07-09 10:42:28','2025-07-09 10:42:28'),
(75,64,'App\\Models\\User',0.00,0.00,0.00,'2025-07-09 10:43:33','2025-07-09 10:43:33'),
(76,65,'App\\Models\\User',0.00,0.00,0.00,'2025-07-09 10:48:02','2025-07-09 10:48:02'),
(77,66,'App\\Models\\User',0.00,0.00,0.00,'2025-07-09 12:45:25','2025-07-09 12:45:25'),
(78,67,'App\\Models\\User',0.00,0.00,0.00,'2025-07-09 13:20:33','2025-07-09 13:20:33'),
(79,68,'App\\Models\\User',0.00,0.00,0.00,'2025-07-13 07:09:12','2025-07-13 07:09:12'),
(80,69,'App\\Models\\User',0.00,0.00,0.00,'2025-07-13 08:42:00','2025-07-13 08:42:00'),
(81,70,'App\\Models\\User',0.00,0.00,0.00,'2025-07-13 09:46:50','2025-07-13 09:46:50'),
(82,71,'App\\Models\\User',0.00,0.00,0.00,'2025-07-13 09:48:34','2025-07-13 09:48:34'),
(83,72,'App\\Models\\User',0.00,0.00,0.00,'2025-07-13 12:15:11','2025-07-13 12:15:11'),
(84,73,'App\\Models\\User',0.00,0.00,0.00,'2025-07-13 13:29:35','2025-07-13 13:29:35'),
(85,74,'App\\Models\\User',0.00,0.00,0.00,'2025-07-13 13:34:42','2025-07-13 13:34:42'),
(86,75,'App\\Models\\User',0.00,0.00,0.00,'2025-07-13 13:43:48','2025-07-13 13:43:48'),
(87,76,'App\\Models\\User',0.00,0.00,0.00,'2025-07-15 09:49:44','2025-07-15 09:49:44'),
(88,77,'App\\Models\\User',0.00,0.00,0.00,'2025-07-15 10:25:28','2025-07-15 10:25:28'),
(90,79,'App\\Models\\User',0.00,0.00,0.00,'2025-07-15 10:34:46','2025-07-15 10:34:46'),
(91,80,'App\\Models\\User',0.00,0.00,0.00,'2025-07-16 07:10:17','2025-07-16 07:10:17'),
(92,81,'App\\Models\\User',0.00,0.00,0.00,'2025-07-16 10:15:48','2025-07-16 10:15:48'),
(93,82,'App\\Models\\User',0.00,0.00,0.00,'2025-07-16 10:19:16','2025-07-16 10:19:16'),
(94,83,'App\\Models\\User',0.00,0.00,0.00,'2025-07-16 11:13:31','2025-07-16 11:13:31'),
(95,84,'App\\Models\\User',0.00,0.00,0.00,'2025-07-20 14:30:25','2025-07-20 14:30:25'),
(96,85,'App\\Models\\User',0.00,0.00,0.00,'2025-07-21 10:30:17','2025-07-21 10:30:17'),
(97,86,'App\\Models\\User',0.00,0.00,0.00,'2025-07-22 08:49:58','2025-07-22 08:49:58'),
(98,87,'App\\Models\\User',0.00,0.00,0.00,'2025-07-22 13:38:55','2025-07-22 13:38:55'),
(99,88,'App\\Models\\User',0.00,0.00,0.00,'2025-07-23 13:18:15','2025-07-23 13:18:15'),
(100,89,'App\\Models\\User',0.00,0.00,0.00,'2025-07-24 11:03:13','2025-07-24 11:03:13'),
(101,90,'App\\Models\\User',0.00,0.00,0.00,'2025-08-05 11:45:44','2025-08-05 11:45:44'),
(102,91,'App\\Models\\User',0.00,0.00,0.00,'2025-09-29 11:04:40','2025-09-29 11:04:40'),
(103,92,'App\\Models\\User',42050.15,47550.15,0.00,'2025-09-30 08:59:58','2025-12-08 10:54:52'),
(104,93,'App\\Models\\User',-210.00,4790.00,0.00,'2025-10-01 09:52:43','2025-10-13 12:53:50'),
(105,94,'App\\Models\\User',0.00,0.00,0.00,'2025-10-07 07:21:02','2025-10-07 07:21:02'),
(106,95,'App\\Models\\User',-1107.80,892.20,0.00,'2025-10-09 07:05:52','2025-10-13 13:49:51'),
(107,96,'App\\Models\\User',2249.00,2249.00,0.00,'2025-10-09 07:49:10','2025-10-12 08:38:55'),
(108,97,'App\\Models\\User',3425.00,3425.00,0.00,'2025-10-09 08:03:02','2025-10-09 08:05:03'),
(109,98,'App\\Models\\User',0.00,0.00,0.00,'2025-10-09 08:39:39','2025-10-09 08:39:39'),
(110,99,'App\\Models\\User',1000.00,1000.00,0.00,'2025-10-09 09:10:59','2025-10-09 09:13:31'),
(111,100,'App\\Models\\User',19821.00,19821.00,0.00,'2025-10-09 11:04:35','2025-10-14 08:26:44'),
(112,101,'App\\Models\\User',540.00,540.00,0.00,'2025-10-09 11:10:33','2025-10-09 11:12:36'),
(113,102,'App\\Models\\User',1095.90,1095.90,0.00,'2025-10-12 06:39:01','2025-10-13 07:42:39'),
(114,103,'App\\Models\\User',0.00,0.00,0.00,'2025-10-12 08:31:14','2025-10-12 08:31:14'),
(115,104,'App\\Models\\User',0.00,0.00,0.00,'2025-10-12 16:32:18','2025-10-12 16:32:18'),
(116,105,'App\\Models\\User',-427.35,9572.65,0.00,'2025-10-13 08:15:33','2025-10-13 08:24:37'),
(117,106,'App\\Models\\User',-218.40,600000781.60,0.00,'2025-10-13 08:27:59','2025-10-13 13:06:30'),
(118,107,'App\\Models\\User',999712.50,999712.50,0.00,'2025-10-13 08:37:29','2025-11-06 09:12:31'),
(119,108,'App\\Models\\User',4790.00,4790.00,0.00,'2025-10-14 06:29:38','2025-10-14 08:59:15'),
(120,109,'App\\Models\\User',0.00,0.00,0.00,'2025-10-15 09:06:03','2025-10-15 09:06:03'),
(121,110,'App\\Models\\User',100000.00,100000.00,0.00,'2025-10-15 19:24:10','2025-10-19 07:21:28'),
(122,111,'App\\Models\\User',482.50,482.50,0.00,'2025-10-19 08:16:01','2025-12-07 15:29:43'),
(123,112,'App\\Models\\User',9436.50,9436.50,0.00,'2025-10-19 11:36:26','2025-10-19 12:12:50'),
(124,113,'App\\Models\\User',0.00,0.00,0.00,'2025-10-21 14:15:44','2025-10-21 14:15:44'),
(125,114,'App\\Models\\User',0.00,0.00,0.00,'2025-11-04 11:51:09','2025-11-04 11:51:09'),
(126,115,'App\\Models\\User',0.00,0.00,0.00,'2025-11-16 07:38:50','2025-11-16 07:38:50'),
(127,116,'App\\Models\\User',0.00,0.00,0.00,'2025-12-11 08:50:47','2025-12-11 08:50:47');

--
-- Table structure for table `work_times`
--

CREATE TABLE `work_times` (
  `id` bigint(20) unsigned NOT NULL AUTO_INCREMENT,
  `day_name` varchar(191) NOT NULL,
  `description` text NOT NULL,
  `note` text DEFAULT NULL,
  `day_order` int(11) NOT NULL DEFAULT 0,
  `is_holiday` tinyint(1) NOT NULL DEFAULT 0,
  `deleted_at` timestamp NULL DEFAULT NULL,
  `created_at` timestamp NOT NULL DEFAULT current_timestamp(),
  `updated_at` timestamp NOT NULL DEFAULT current_timestamp() ON UPDATE current_timestamp(),
  PRIMARY KEY (`id`),
  KEY `work_times_day_order_index` (`day_order`)
) ENGINE=InnoDB AUTO_INCREMENT=8 DEFAULT CHARSET=utf8mb4 COLLATE=utf8mb4_unicode_ci;

--
-- Dumping data for table `work_times`
--

INSERT INTO `work_times` (`id`, `day_name`, `description`, `note`, `day_order`, `is_holiday`, `deleted_at`, `created_at`, `updated_at`) VALUES (1,'{\"ar\":\"السبت\",\"en\":\"Saturday\"}','{\"ar\":\"من الساعة 9 صباحا حتى الساعة 4 مساء\",\"en\":\"From 9 AM to 4 PM\"}','{\"ar\":null,\"en\":null}',1,0,NULL,'2025-10-07 17:41:10','2025-10-19 16:19:09'),
(2,'{\"en\":\"Sunday\",\"ar\":\"الأحد\"}','{\"en\":\"From 9 AM to 4 PM\",\"ar\":\"من الساعة 9 صباحا حتى الساعة 4 مساء\"}',NULL,2,0,NULL,'2025-10-07 17:41:10','2025-10-07 17:41:10'),
(3,'{\"ar\":\"الإثنين\",\"en\":\"Monday\"}','{\"ar\":\"من الساعة 9 صباحا حتى الساعة 4 مساء\",\"en\":\"From 9 AM to 4 PM\"}','{\"ar\":null,\"en\":null}',3,0,NULL,'2025-10-07 17:41:10','2025-10-19 16:20:34'),
(4,'{\"en\":\"Tuesday\",\"ar\":\"الثلاثاء\"}','{\"en\":\"From 9 AM to 4 PM\",\"ar\":\"من الساعة 9 صباحا حتى الساعة 4 مساء\"}',NULL,4,0,NULL,'2025-10-07 17:41:10','2025-10-07 17:41:10'),
(5,'{\"en\":\"Wednesday\",\"ar\":\"الأربعاء\"}','{\"en\":\"From 9 AM to 4 PM\",\"ar\":\"من الساعة 9 صباحا حتى الساعة 4 مساء\"}',NULL,5,0,NULL,'2025-10-07 17:41:10','2025-10-07 17:41:10'),
(6,'{\"en\":\"Thursday\",\"ar\":\"الخميس\"}','{\"en\":\"From 9 AM to 4 PM\",\"ar\":\"من الساعة 9 صباحا حتى الساعة 4 مساء\"}',NULL,6,0,NULL,'2025-10-07 17:41:10','2025-10-07 17:41:10'),
(7,'{\"en\":\"Friday\",\"ar\":\"الجمعة\"}','{\"en\":\"Official holiday\",\"ar\":\"عطلة رسمية\"}',NULL,7,1,NULL,'2025-10-07 17:41:10','2025-10-07 17:41:10');

--
-- Dumping events for database 'ocarnet_cars'
--

--
-- Dumping routines for database 'ocarnet_cars'
--


